NOAA-Style Climate Reports


Report for 2024 April

Daily noaa report








                            MONTHLY CLIMATOLOGICAL SUMMARY for APR. 2024

NAME: Woodbridge   CITY: Sachse STATE: Texas
ELEV: 502 LAT: 032:60:00 LONG: 0096:57:00

                            TEMPERATURE ( °F), RAIN (in.), WIND SPEED (mph)

                                               HEAT     COOL           AVG
      MEAN                                     DEG      DEG            WIND                       DOM
DAY   TEMP    HIGH   TIME     LOW    TIME      DAYS     DAYS    RAIN   SPEED    HIGH    TIME      DIR
--------------------------------------------------------------------------------------------------------
01    73.4   079.7   15:09    67.9   23:48     00.0     08.4   00.16   06.6     19.6    16:57      S 
02    60.0   068.1   00:10    50.7   23:47     04.9     00.0   00.01   06.4     25.3    12:31      NW
03    58.1   071.5   16:13    47.7   02:31     06.9     00.0   00.00   04.7     23.0    17:39      NW
04    63.3   081.7   16:41    43.1   07:21     01.6     00.0   00.00   01.5     12.7    13:56     SSW
05    69.0   083.8   16:44    57.6   07:49     00.0     04.0   00.00   04.0     14.9    16:06      SE
06    69.7   076.9   17:55    62.2   07:12     00.0     04.8   00.00   08.8     26.4    19:37      S 
07    70.1   078.5   16:21    61.1   00:00     00.0     05.2   00.00   04.6     18.4    10:42      SW
08    67.6   080.9   17:36    52.0   06:43     00.0     02.6   00.19   03.8     27.6    20:22     SSE
09    63.5   067.6   01:03    60.3   07:20     01.5     00.0   01.03   05.8     20.7    02:44     ENE
10    59.8   063.6   11:25    55.2   14:16     05.2     00.0   01.92   06.0     28.8    17:32     NNW
11    61.1   072.5   16:10    49.6   06:40     03.9     00.0   00.00   05.2     20.7    13:09      NW
12    64.3   079.5   15:23    46.5   07:17     00.7     00.0   00.00   03.5     17.3    15:10      S 
13    70.3   081.1   16:21    59.2   07:41     00.0     05.3   00.00   07.6     26.4    17:30      S 
14    71.1   078.9   15:55    64.1   05:46     00.0     06.1   00.00   07.4     20.7    00:17      S 
15    71.8   077.5   17:30    67.7   05:33     00.0     06.9   00.00   06.8     26.4    22:31     SSE
16    73.8   080.7   17:00    68.6   07:10     00.0     08.8   00.07   06.8     21.9    00:24      S 
17    75.6   083.8   16:17    69.3   07:10     00.0     10.7   00.00   04.8     19.6    15:10     SSE
--------------------------------------------------------------------------------------------------------
67.2 (67.3)   83.8  day 17     43.1  day 04   024.6    062.8   03.38   05.5     28.8   day 10      S 
Min <  86: 17
Max Rain: 1.92 ON 10-04-24
Days of Rain: 6 (> .008in) 4 (> .08in) 2 (> 0.8in)