NOAA-Style Climate Reports
Select a Year or Month report
2024: Jan Feb Mar Apr May Jun Jul Aug Sep Oct Nov Dec
2023: Jan Feb Mar Apr May Jun Jul Aug Sep Oct Nov Dec
2022: Jan Feb Mar Apr May Jun Jul Aug Sep Oct Nov Dec
2021: Jan Feb Mar Apr May Jun Jul Aug Sep Oct Nov Dec
2020: Jan Feb Mar Apr May Jun Jul Aug Sep Oct Nov Dec
2019: Jan Feb Mar Apr May Jun Jul Aug Sep Oct Nov Dec
2018: Jan Feb Mar Apr May Jun Jul Aug Sep Oct Nov Dec
2017: Jan Feb Mar Apr May Jun Jul Aug Sep Oct Nov Dec
2016: Jan Feb Mar Apr May Jun Jul Aug Sep Oct Nov Dec
2015: Jan Feb Mar Apr May Jun Jul Aug Sep Oct Nov Dec
2014: Jan Feb Mar Apr May Jun Jul Aug Sep Oct Nov Dec
2013: Jan Feb Mar Apr May Jun Jul Aug Sep Oct Nov Dec
2012: Jan Feb Mar Apr May Jun Jul Aug Sep Oct Nov Dec
2011: Jan Feb Mar Apr May Jun Jul Aug Sep Oct Nov Dec
2010: Jan Feb Mar Apr May Jun Jul Aug Sep Oct Nov Dec
2009: Jan Feb Mar Apr May Jun Jul Aug Sep Oct Nov Dec
2008: Jan Feb Mar Apr May Jun Jul Aug Sep Oct Nov Dec
2007: Jan Feb Mar Apr May Jun Jul Aug Sep Oct Nov Dec
2006: Jan Feb Mar Apr May Jun Jul Aug Sep Oct Nov Dec
2005: Jan Feb Mar Apr May Jun Jul Aug Sep Oct Nov Dec
2024: Jan Feb Mar Apr May Jun Jul Aug Sep Oct Nov Dec
2023: Jan Feb Mar Apr May Jun Jul Aug Sep Oct Nov Dec
2022: Jan Feb Mar Apr May Jun Jul Aug Sep Oct Nov Dec
2021: Jan Feb Mar Apr May Jun Jul Aug Sep Oct Nov Dec
2020: Jan Feb Mar Apr May Jun Jul Aug Sep Oct Nov Dec
2019: Jan Feb Mar Apr May Jun Jul Aug Sep Oct Nov Dec
2018: Jan Feb Mar Apr May Jun Jul Aug Sep Oct Nov Dec
2017: Jan Feb Mar Apr May Jun Jul Aug Sep Oct Nov Dec
2016: Jan Feb Mar Apr May Jun Jul Aug Sep Oct Nov Dec
2015: Jan Feb Mar Apr May Jun Jul Aug Sep Oct Nov Dec
2014: Jan Feb Mar Apr May Jun Jul Aug Sep Oct Nov Dec
2013: Jan Feb Mar Apr May Jun Jul Aug Sep Oct Nov Dec
2012: Jan Feb Mar Apr May Jun Jul Aug Sep Oct Nov Dec
2011: Jan Feb Mar Apr May Jun Jul Aug Sep Oct Nov Dec
2010: Jan Feb Mar Apr May Jun Jul Aug Sep Oct Nov Dec
2009: Jan Feb Mar Apr May Jun Jul Aug Sep Oct Nov Dec
2008: Jan Feb Mar Apr May Jun Jul Aug Sep Oct Nov Dec
2007: Jan Feb Mar Apr May Jun Jul Aug Sep Oct Nov Dec
2006: Jan Feb Mar Apr May Jun Jul Aug Sep Oct Nov Dec
2005: Jan Feb Mar Apr May Jun Jul Aug Sep Oct Nov Dec
Report for 2019
Daily noaa report YEARLY CLIMATOLOGICAL SUMMARY for Jun 2019 NAME: Woodbridge CITY: Sachse STATE: Texas ELEV: 502 LAT: 032:60:00 LONG: 0096:57:00 TEMPERATURE ( °F), RAIN (in.), WIND SPEED (mph) HEAT COOL AVG MEAN DEG DEG WIND DOM MTH TEMP HIGH TIME LOW TIME DAYS DAYS RAIN SPEED HIGH TIME DIR -------------------------------------------------------------------------------------------------------- 01 45.6 075.6 13:31 25.7 07:37 0582.5 0000.0 00.00 04.4 36.8 10:16 WNW 02 45.4 069.4 14:07 31.1 07:23 0239.7 0000.0 00.00 04.1 36.8 01:47 NNW 03 59.5 082.5 16:15 26.0 05:38 0148.6 0016.6 00.00 04.6 52.9 10:09 SW 04 65.6 089.0 15:43 40.3 05:22 0063.4 0083.0 00.00 04.1 33.4 19:40 SSW 05 73.7 089.8 17:25 51.4 05:05 0014.8 0278.3 00.00 03.3 46.0 10:29 SSW 06 80.1 095.2 16:08 32.0 21:30 0000.0 0272.9 06.59 03.4 34.5 21:11 SSW 07 83.7 100.1 14:29 65.9 07:19 0000.0 0370.6 00.36 03.2 19.6 12:16 S 08 86.5 102.0 16:42 71.3 10:02 0000.0 0657.6 01.77 02.3 29.9 07:44 S 09 83.9 098.9 15:46 72.0 07:30 0000.0 0548.7 00.79 02.6 27.6 12:01 S 10 65.5 097.4 15:32 31.2 08:26 0116.7 0160.4 04.67 03.4 43.7 02:44 S 11 53.1 080.4 14:34 22.8 07:13 0366.9 0008.1 02.60 03.2 32.2 19:37 S 12 50.1 074.4 14:06 27.5 08:13 0431.7 0000.0 01.38 03.4 27.6 13:25 S -------------------------------------------------------------------------------------------------------- 66.0 102.0 22.8 1964.4 2396.3 18.16 3.5 52.9 S Max > 90.0: 114 Max < 32.0: 0 Min < 32.0: 313 Min < 0.0: 0 Max > 90.0: 114 Max < 32.0: 0 Min < 32.0: 313 Min < 0.0: 0 Max < 23.0: 0 Min < 23.0: 2 Max < 14.0: 0 Min < 14.0: 0 Max < 5.0: 0 Min < 0.0: 0 Max < -4.0: 0 Min < -4.0: 0 Max < -13.0: 0 Min < -13.0: 0 Max Rain: 0.00 ON 31-01-21 Days of Rain: 79 (> .008in) 52 (> .08in) 15 (> 0.8in)