NOAA-Style Climate Reports
Select a Year or Month report
2024: Jan Feb Mar Apr May Jun Jul Aug Sep Oct Nov Dec
2023: Jan Feb Mar Apr May Jun Jul Aug Sep Oct Nov Dec
2022: Jan Feb Mar Apr May Jun Jul Aug Sep Oct Nov Dec
2021: Jan Feb Mar Apr May Jun Jul Aug Sep Oct Nov Dec
2020: Jan Feb Mar Apr May Jun Jul Aug Sep Oct Nov Dec
2019: Jan Feb Mar Apr May Jun Jul Aug Sep Oct Nov Dec
2018: Jan Feb Mar Apr May Jun Jul Aug Sep Oct Nov Dec
2017: Jan Feb Mar Apr May Jun Jul Aug Sep Oct Nov Dec
2016: Jan Feb Mar Apr May Jun Jul Aug Sep Oct Nov Dec
2015: Jan Feb Mar Apr May Jun Jul Aug Sep Oct Nov Dec
2014: Jan Feb Mar Apr May Jun Jul Aug Sep Oct Nov Dec
2013: Jan Feb Mar Apr May Jun Jul Aug Sep Oct Nov Dec
2012: Jan Feb Mar Apr May Jun Jul Aug Sep Oct Nov Dec
2011: Jan Feb Mar Apr May Jun Jul Aug Sep Oct Nov Dec
2010: Jan Feb Mar Apr May Jun Jul Aug Sep Oct Nov Dec
2009: Jan Feb Mar Apr May Jun Jul Aug Sep Oct Nov Dec
2008: Jan Feb Mar Apr May Jun Jul Aug Sep Oct Nov Dec
2007: Jan Feb Mar Apr May Jun Jul Aug Sep Oct Nov Dec
2006: Jan Feb Mar Apr May Jun Jul Aug Sep Oct Nov Dec
2005: Jan Feb Mar Apr May Jun Jul Aug Sep Oct Nov Dec
2024: Jan Feb Mar Apr May Jun Jul Aug Sep Oct Nov Dec
2023: Jan Feb Mar Apr May Jun Jul Aug Sep Oct Nov Dec
2022: Jan Feb Mar Apr May Jun Jul Aug Sep Oct Nov Dec
2021: Jan Feb Mar Apr May Jun Jul Aug Sep Oct Nov Dec
2020: Jan Feb Mar Apr May Jun Jul Aug Sep Oct Nov Dec
2019: Jan Feb Mar Apr May Jun Jul Aug Sep Oct Nov Dec
2018: Jan Feb Mar Apr May Jun Jul Aug Sep Oct Nov Dec
2017: Jan Feb Mar Apr May Jun Jul Aug Sep Oct Nov Dec
2016: Jan Feb Mar Apr May Jun Jul Aug Sep Oct Nov Dec
2015: Jan Feb Mar Apr May Jun Jul Aug Sep Oct Nov Dec
2014: Jan Feb Mar Apr May Jun Jul Aug Sep Oct Nov Dec
2013: Jan Feb Mar Apr May Jun Jul Aug Sep Oct Nov Dec
2012: Jan Feb Mar Apr May Jun Jul Aug Sep Oct Nov Dec
2011: Jan Feb Mar Apr May Jun Jul Aug Sep Oct Nov Dec
2010: Jan Feb Mar Apr May Jun Jul Aug Sep Oct Nov Dec
2009: Jan Feb Mar Apr May Jun Jul Aug Sep Oct Nov Dec
2008: Jan Feb Mar Apr May Jun Jul Aug Sep Oct Nov Dec
2007: Jan Feb Mar Apr May Jun Jul Aug Sep Oct Nov Dec
2006: Jan Feb Mar Apr May Jun Jul Aug Sep Oct Nov Dec
2005: Jan Feb Mar Apr May Jun Jul Aug Sep Oct Nov Dec
Report for 2011
Daily noaa report YEARLY CLIMATOLOGICAL SUMMARY for Jun 2011 NAME: Woodbridge CITY: Sachse STATE: Texas ELEV: 502 LAT: 032:60:00 LONG: 0096:57:00 TEMPERATURE ( °F), RAIN (in.), WIND SPEED (mph) HEAT COOL AVG MEAN DEG DEG WIND DOM MTH TEMP HIGH TIME LOW TIME DAYS DAYS RAIN SPEED HIGH TIME DIR -------------------------------------------------------------------------------------------------------- 01 43.1 075.7 14:29 21.5 08:36 0677.2 0000.0 00.00 03.4 27.6 23:56 NW 02 47.7 082.0 14:47 14.1 05:27 0477.3 0016.1 00.00 05.8 40.3 23:56 WSW 03 60.5 087.4 13:12 32.6 06:02 0184.0 0050.0 00.00 05.6 40.3 23:57 SSW 04 70.2 090.0 15:56 38.9 07:57 0020.0 0176.2 00.00 06.6 56.4 23:56 S 05 72.2 095.6 16:14 32.0 07:48 0040.9 0281.8 00.00 05.7 41.4 23:56 S 06 86.1 102.7 16:30 68.3 06:59 0000.0 0631.9 00.00 05.4 42.5 23:51 S 07 91.1 105.5 16:14 32.0 13:32 0000.0 0639.0 00.00 03.8 24.1 23:59 S 08 92.3 110.2 16:01 74.7 07:15 0000.0 0847.2 00.00 03.3 55.2 02:53 S 09 79.1 107.3 15:43 56.9 07:12 0000.0 0421.3 00.00 03.6 51.8 23:51 S 10 69.6 089.7 16:59 41.0 08:01 0030.9 0142.8 00.00 03.9 34.5 02:09 S 11 57.5 082.5 14:23 30.6 07:30 0265.6 0038.1 00.00 05.3 40.3 23:56 S 12 47.4 072.4 15:04 24.4 07:53 0532.4 0000.0 00.00 04.0 31.1 22:02 S -------------------------------------------------------------------------------------------------------- 67.6 110.2 14.1 2228.3 3244.5 00.00 4.7 56.4 S Max > 90.0: 144 Max < 32.0: 5 Min < 32.0: 349 Min < 0.0: 0 Max > 90.0: 144 Max < 32.0: 5 Min < 32.0: 349 Min < 0.0: 0 Max < 23.0: 0 Min < 23.0: 12 Max < 14.0: 0 Min < 14.0: 0 Max < 5.0: 0 Min < 0.0: 0 Max < -4.0: 0 Min < -4.0: 0 Max < -13.0: 0 Min < -13.0: 0 Max Rain: 0.00 ON 21-01-21 Days of Rain: 81 (> .008in) 50 (> .08in) 12 (> 0.8in)