NOAA-Style Climate Reports
Select a Year or Month report
2024: Jan Feb Mar Apr May Jun Jul Aug Sep Oct Nov Dec
2023: Jan Feb Mar Apr May Jun Jul Aug Sep Oct Nov Dec
2022: Jan Feb Mar Apr May Jun Jul Aug Sep Oct Nov Dec
2021: Jan Feb Mar Apr May Jun Jul Aug Sep Oct Nov Dec
2020: Jan Feb Mar Apr May Jun Jul Aug Sep Oct Nov Dec
2019: Jan Feb Mar Apr May Jun Jul Aug Sep Oct Nov Dec
2018: Jan Feb Mar Apr May Jun Jul Aug Sep Oct Nov Dec
2017: Jan Feb Mar Apr May Jun Jul Aug Sep Oct Nov Dec
2016: Jan Feb Mar Apr May Jun Jul Aug Sep Oct Nov Dec
2015: Jan Feb Mar Apr May Jun Jul Aug Sep Oct Nov Dec
2014: Jan Feb Mar Apr May Jun Jul Aug Sep Oct Nov Dec
2013: Jan Feb Mar Apr May Jun Jul Aug Sep Oct Nov Dec
2012: Jan Feb Mar Apr May Jun Jul Aug Sep Oct Nov Dec
2011: Jan Feb Mar Apr May Jun Jul Aug Sep Oct Nov Dec
2010: Jan Feb Mar Apr May Jun Jul Aug Sep Oct Nov Dec
2009: Jan Feb Mar Apr May Jun Jul Aug Sep Oct Nov Dec
2008: Jan Feb Mar Apr May Jun Jul Aug Sep Oct Nov Dec
2007: Jan Feb Mar Apr May Jun Jul Aug Sep Oct Nov Dec
2006: Jan Feb Mar Apr May Jun Jul Aug Sep Oct Nov Dec
2005: Jan Feb Mar Apr May Jun Jul Aug Sep Oct Nov Dec
2024: Jan Feb Mar Apr May Jun Jul Aug Sep Oct Nov Dec
2023: Jan Feb Mar Apr May Jun Jul Aug Sep Oct Nov Dec
2022: Jan Feb Mar Apr May Jun Jul Aug Sep Oct Nov Dec
2021: Jan Feb Mar Apr May Jun Jul Aug Sep Oct Nov Dec
2020: Jan Feb Mar Apr May Jun Jul Aug Sep Oct Nov Dec
2019: Jan Feb Mar Apr May Jun Jul Aug Sep Oct Nov Dec
2018: Jan Feb Mar Apr May Jun Jul Aug Sep Oct Nov Dec
2017: Jan Feb Mar Apr May Jun Jul Aug Sep Oct Nov Dec
2016: Jan Feb Mar Apr May Jun Jul Aug Sep Oct Nov Dec
2015: Jan Feb Mar Apr May Jun Jul Aug Sep Oct Nov Dec
2014: Jan Feb Mar Apr May Jun Jul Aug Sep Oct Nov Dec
2013: Jan Feb Mar Apr May Jun Jul Aug Sep Oct Nov Dec
2012: Jan Feb Mar Apr May Jun Jul Aug Sep Oct Nov Dec
2011: Jan Feb Mar Apr May Jun Jul Aug Sep Oct Nov Dec
2010: Jan Feb Mar Apr May Jun Jul Aug Sep Oct Nov Dec
2009: Jan Feb Mar Apr May Jun Jul Aug Sep Oct Nov Dec
2008: Jan Feb Mar Apr May Jun Jul Aug Sep Oct Nov Dec
2007: Jan Feb Mar Apr May Jun Jul Aug Sep Oct Nov Dec
2006: Jan Feb Mar Apr May Jun Jul Aug Sep Oct Nov Dec
2005: Jan Feb Mar Apr May Jun Jul Aug Sep Oct Nov Dec
Report for 2007
Daily noaa report YEARLY CLIMATOLOGICAL SUMMARY for Feb 2007 NAME: Woodbridge CITY: Sachse STATE: Texas ELEV: 502 LAT: 032:60:00 LONG: 0096:57:00 TEMPERATURE ( °F), RAIN (in.), WIND SPEED (mph) HEAT COOL AVG MEAN DEG DEG WIND DOM MTH TEMP HIGH TIME LOW TIME DAYS DAYS RAIN SPEED HIGH TIME DIR -------------------------------------------------------------------------------------------------------- 01 41.5 068.2 14:29 24.4 10:12 0725.2 0000.0 00.00 04.3 35.6 23:56 N 02 48.1 082.9 14:30 15.3 07:08 0473.6 0002.4 00.00 05.5 47.1 23:52 WNW 03 62.7 083.9 14:39 29.3 06:32 0123.4 0054.6 00.00 04.9 34.5 23:58 SSW 04 62.7 085.6 15:48 38.9 06:54 0116.2 0049.8 00.00 04.8 33.4 23:52 SSW 05 72.7 091.8 15:07 58.4 07:05 0000.0 0239.8 00.00 03.7 57.5 23:51 S 06 78.5 094.2 15:30 63.8 07:03 0000.0 0405.6 00.00 04.1 33.4 23:51 S 07 80.0 094.6 16:15 67.5 06:57 0000.0 0465.7 00.00 02.7 38.0 23:57 S 08 84.3 102.0 15:15 71.6 07:01 0000.0 0594.1 00.00 03.2 26.4 23:57 S 09 78.2 093.9 14:32 63.0 06:24 0000.0 0412.4 00.00 03.0 25.3 23:55 S 10 68.6 092.8 15:23 38.7 07:56 0075.5 0188.2 00.00 03.7 33.4 23:52 S 11 58.1 083.2 12:15 34.1 06:18 0241.3 0035.0 00.00 04.3 28.8 23:51 S 12 47.2 080.7 14:34 21.9 07:24 0555.3 0005.9 00.00 04.4 39.1 23:53 S -------------------------------------------------------------------------------------------------------- 65.3 102.0 15.3 2310.5 2453.4 00.00 4.0 57.5 S Max > 90.0: 124 Max < 32.0: 3 Min < 32.0: 359 Min < 0.0: 0 Max > 90.0: 124 Max < 32.0: 3 Min < 32.0: 359 Min < 0.0: 0 Max < 23.0: 0 Min < 23.0: 3 Max < 14.0: 0 Min < 14.0: 0 Max < 5.0: 0 Min < 0.0: 0 Max < -4.0: 0 Min < -4.0: 0 Max < -13.0: 0 Min < -13.0: 0 Max Rain: 0.00 ON 1-01-21 Days of Rain: 103 (> .008in) 64 (> .08in) 23 (> 0.8in)