NOAA-Style Climate Reports
Select a Year or Month report
2024: Jan Feb Mar Apr May Jun Jul Aug Sep Oct Nov Dec
2023: Jan Feb Mar Apr May Jun Jul Aug Sep Oct Nov Dec
2022: Jan Feb Mar Apr May Jun Jul Aug Sep Oct Nov Dec
2021: Jan Feb Mar Apr May Jun Jul Aug Sep Oct Nov Dec
2020: Jan Feb Mar Apr May Jun Jul Aug Sep Oct Nov Dec
2019: Jan Feb Mar Apr May Jun Jul Aug Sep Oct Nov Dec
2018: Jan Feb Mar Apr May Jun Jul Aug Sep Oct Nov Dec
2017: Jan Feb Mar Apr May Jun Jul Aug Sep Oct Nov Dec
2016: Jan Feb Mar Apr May Jun Jul Aug Sep Oct Nov Dec
2015: Jan Feb Mar Apr May Jun Jul Aug Sep Oct Nov Dec
2014: Jan Feb Mar Apr May Jun Jul Aug Sep Oct Nov Dec
2013: Jan Feb Mar Apr May Jun Jul Aug Sep Oct Nov Dec
2012: Jan Feb Mar Apr May Jun Jul Aug Sep Oct Nov Dec
2011: Jan Feb Mar Apr May Jun Jul Aug Sep Oct Nov Dec
2010: Jan Feb Mar Apr May Jun Jul Aug Sep Oct Nov Dec
2009: Jan Feb Mar Apr May Jun Jul Aug Sep Oct Nov Dec
2008: Jan Feb Mar Apr May Jun Jul Aug Sep Oct Nov Dec
2007: Jan Feb Mar Apr May Jun Jul Aug Sep Oct Nov Dec
2006: Jan Feb Mar Apr May Jun Jul Aug Sep Oct Nov Dec
2005: Jan Feb Mar Apr May Jun Jul Aug Sep Oct Nov Dec
2024: Jan Feb Mar Apr May Jun Jul Aug Sep Oct Nov Dec
2023: Jan Feb Mar Apr May Jun Jul Aug Sep Oct Nov Dec
2022: Jan Feb Mar Apr May Jun Jul Aug Sep Oct Nov Dec
2021: Jan Feb Mar Apr May Jun Jul Aug Sep Oct Nov Dec
2020: Jan Feb Mar Apr May Jun Jul Aug Sep Oct Nov Dec
2019: Jan Feb Mar Apr May Jun Jul Aug Sep Oct Nov Dec
2018: Jan Feb Mar Apr May Jun Jul Aug Sep Oct Nov Dec
2017: Jan Feb Mar Apr May Jun Jul Aug Sep Oct Nov Dec
2016: Jan Feb Mar Apr May Jun Jul Aug Sep Oct Nov Dec
2015: Jan Feb Mar Apr May Jun Jul Aug Sep Oct Nov Dec
2014: Jan Feb Mar Apr May Jun Jul Aug Sep Oct Nov Dec
2013: Jan Feb Mar Apr May Jun Jul Aug Sep Oct Nov Dec
2012: Jan Feb Mar Apr May Jun Jul Aug Sep Oct Nov Dec
2011: Jan Feb Mar Apr May Jun Jul Aug Sep Oct Nov Dec
2010: Jan Feb Mar Apr May Jun Jul Aug Sep Oct Nov Dec
2009: Jan Feb Mar Apr May Jun Jul Aug Sep Oct Nov Dec
2008: Jan Feb Mar Apr May Jun Jul Aug Sep Oct Nov Dec
2007: Jan Feb Mar Apr May Jun Jul Aug Sep Oct Nov Dec
2006: Jan Feb Mar Apr May Jun Jul Aug Sep Oct Nov Dec
2005: Jan Feb Mar Apr May Jun Jul Aug Sep Oct Nov Dec
Report for 2017
Daily noaa report YEARLY CLIMATOLOGICAL SUMMARY for Jun 2017 NAME: Woodbridge CITY: Sachse STATE: Texas ELEV: 502 LAT: 032:60:00 LONG: 0096:57:00 TEMPERATURE ( °F), RAIN (in.), WIND SPEED (mph) HEAT COOL AVG MEAN DEG DEG WIND DOM MTH TEMP HIGH TIME LOW TIME DAYS DAYS RAIN SPEED HIGH TIME DIR -------------------------------------------------------------------------------------------------------- 01 50.2 079.1 13:46 14.5 08:10 0459.7 0003.7 00.00 03.8 49.5 23:53 WNW 02 59.3 088.1 13:48 33.2 08:00 0201.5 0044.5 00.00 04.1 32.2 23:52 WSW 03 63.8 090.7 16:03 36.2 08:09 0114.1 0083.0 00.00 04.4 34.5 23:57 SW 04 68.1 088.7 15:45 45.3 07:25 0032.2 0127.2 00.00 04.5 42.5 23:56 SW 05 73.9 093.7 16:15 44.8 07:11 0002.0 0242.7 00.00 04.1 35.6 16:25 SW 06 79.8 096.5 16:29 65.7 09:54 0000.0 0388.2 00.00 03.0 27.6 23:57 SSW 07 84.4 102.9 14:47 32.0 22:18 0000.0 0604.2 00.00 02.5 36.8 23:57 SSW 08 82.5 101.9 15:13 68.8 08:00 0000.0 0543.4 00.00 02.7 27.6 23:57 SSW 09 78.7 097.7 15:08 56.5 07:45 0000.0 0411.8 00.00 02.3 25.3 23:57 S 10 68.2 094.9 15:23 33.4 07:45 0077.0 0180.9 00.00 03.0 34.5 23:57 S 11 61.7 092.2 16:16 37.4 06:48 0153.8 0056.9 00.00 03.3 35.6 23:57 S 12 48.5 079.5 14:41 21.0 22:58 0513.8 0005.4 00.00 03.3 26.4 23:57 S -------------------------------------------------------------------------------------------------------- 67.9 102.9 14.5 1554.1 2691.8 00.00 3.4 49.5 S Max > 90.0: 137 Max < 32.0: 1 Min < 32.0: 358 Min < 0.0: 0 Max > 90.0: 137 Max < 32.0: 1 Min < 32.0: 358 Min < 0.0: 0 Max < 23.0: 0 Min < 23.0: 4 Max < 14.0: 0 Min < 14.0: 0 Max < 5.0: 0 Min < 0.0: 0 Max < -4.0: 0 Min < -4.0: 0 Max < -13.0: 0 Min < -13.0: 0 Max Rain: 0.00 ON 2-01-21 Days of Rain: 82 (> .008in) 55 (> .08in) 14 (> 0.8in)