NOAA-Style Climate Reports
Select a Year or Month report
2024: Jan Feb Mar Apr May Jun Jul Aug Sep Oct Nov Dec
2023: Jan Feb Mar Apr May Jun Jul Aug Sep Oct Nov Dec
2022: Jan Feb Mar Apr May Jun Jul Aug Sep Oct Nov Dec
2021: Jan Feb Mar Apr May Jun Jul Aug Sep Oct Nov Dec
2020: Jan Feb Mar Apr May Jun Jul Aug Sep Oct Nov Dec
2019: Jan Feb Mar Apr May Jun Jul Aug Sep Oct Nov Dec
2018: Jan Feb Mar Apr May Jun Jul Aug Sep Oct Nov Dec
2017: Jan Feb Mar Apr May Jun Jul Aug Sep Oct Nov Dec
2016: Jan Feb Mar Apr May Jun Jul Aug Sep Oct Nov Dec
2015: Jan Feb Mar Apr May Jun Jul Aug Sep Oct Nov Dec
2014: Jan Feb Mar Apr May Jun Jul Aug Sep Oct Nov Dec
2013: Jan Feb Mar Apr May Jun Jul Aug Sep Oct Nov Dec
2012: Jan Feb Mar Apr May Jun Jul Aug Sep Oct Nov Dec
2011: Jan Feb Mar Apr May Jun Jul Aug Sep Oct Nov Dec
2010: Jan Feb Mar Apr May Jun Jul Aug Sep Oct Nov Dec
2009: Jan Feb Mar Apr May Jun Jul Aug Sep Oct Nov Dec
2008: Jan Feb Mar Apr May Jun Jul Aug Sep Oct Nov Dec
2007: Jan Feb Mar Apr May Jun Jul Aug Sep Oct Nov Dec
2006: Jan Feb Mar Apr May Jun Jul Aug Sep Oct Nov Dec
2005: Jan Feb Mar Apr May Jun Jul Aug Sep Oct Nov Dec
2024: Jan Feb Mar Apr May Jun Jul Aug Sep Oct Nov Dec
2023: Jan Feb Mar Apr May Jun Jul Aug Sep Oct Nov Dec
2022: Jan Feb Mar Apr May Jun Jul Aug Sep Oct Nov Dec
2021: Jan Feb Mar Apr May Jun Jul Aug Sep Oct Nov Dec
2020: Jan Feb Mar Apr May Jun Jul Aug Sep Oct Nov Dec
2019: Jan Feb Mar Apr May Jun Jul Aug Sep Oct Nov Dec
2018: Jan Feb Mar Apr May Jun Jul Aug Sep Oct Nov Dec
2017: Jan Feb Mar Apr May Jun Jul Aug Sep Oct Nov Dec
2016: Jan Feb Mar Apr May Jun Jul Aug Sep Oct Nov Dec
2015: Jan Feb Mar Apr May Jun Jul Aug Sep Oct Nov Dec
2014: Jan Feb Mar Apr May Jun Jul Aug Sep Oct Nov Dec
2013: Jan Feb Mar Apr May Jun Jul Aug Sep Oct Nov Dec
2012: Jan Feb Mar Apr May Jun Jul Aug Sep Oct Nov Dec
2011: Jan Feb Mar Apr May Jun Jul Aug Sep Oct Nov Dec
2010: Jan Feb Mar Apr May Jun Jul Aug Sep Oct Nov Dec
2009: Jan Feb Mar Apr May Jun Jul Aug Sep Oct Nov Dec
2008: Jan Feb Mar Apr May Jun Jul Aug Sep Oct Nov Dec
2007: Jan Feb Mar Apr May Jun Jul Aug Sep Oct Nov Dec
2006: Jan Feb Mar Apr May Jun Jul Aug Sep Oct Nov Dec
2005: Jan Feb Mar Apr May Jun Jul Aug Sep Oct Nov Dec
Report for 2015
Daily noaa report YEARLY CLIMATOLOGICAL SUMMARY for Jun 2015 NAME: Woodbridge CITY: Sachse STATE: Texas ELEV: 502 LAT: 032:60:00 LONG: 0096:57:00 TEMPERATURE ( °F), RAIN (in.), WIND SPEED (mph) HEAT COOL AVG MEAN DEG DEG WIND DOM MTH TEMP HIGH TIME LOW TIME DAYS DAYS RAIN SPEED HIGH TIME DIR -------------------------------------------------------------------------------------------------------- 01 44.6 081.2 13:56 16.6 07:57 0631.7 0000.0 00.00 03.1 33.4 23:56 NNE 02 45.2 079.9 15:15 24.7 08:04 0553.2 0000.0 00.00 04.1 34.5 23:57 NNE 03 56.5 085.9 15:42 23.8 07:30 0298.7 0035.4 00.00 02.7 29.9 23:51 NE 04 66.9 090.2 15:51 48.8 07:40 0043.4 0102.2 00.00 03.4 36.8 23:57 NE 05 72.7 091.1 15:31 55.9 06:20 0003.9 0237.0 00.00 02.0 43.7 14:11 E 06 82.3 100.7 15:58 60.3 07:00 0000.0 0529.2 00.00 01.5 47.1 23:54 ESE 07 86.0 102.5 17:27 32.0 22:04 0000.0 0644.2 00.00 02.0 31.1 16:28 SSE 08 83.7 103.0 17:02 65.8 04:10 0000.0 0415.2 00.00 01.9 46.0 23:56 SSE 09 81.1 100.2 16:32 60.4 07:53 0000.0 0450.3 00.00 01.6 21.9 23:52 SSE 10 65.3 077.6 15:54 47.5 02:00 0011.3 0010.4 00.00 03.5 35.6 23:57 SE 11 56.9 080.9 14:17 30.1 07:38 0232.3 0017.1 00.00 02.7 42.5 23:57 SE 12 52.6 077.0 12:23 31.3 04:00 0411.8 0012.4 00.00 02.9 34.5 16:37 SSE -------------------------------------------------------------------------------------------------------- 65.9 103.0 16.6 2186.3 2453.5 00.00 2.6 47.2 SSE Max > 90.0: 109 Max < 32.0: 2 Min < 32.0: 335 Min < 0.0: 0 Max > 90.0: 109 Max < 32.0: 2 Min < 32.0: 335 Min < 0.0: 0 Max < 23.0: 0 Min < 23.0: 2 Max < 14.0: 0 Min < 14.0: 0 Max < 5.0: 0 Min < 0.0: 0 Max < -4.0: 0 Min < -4.0: 0 Max < -13.0: 0 Min < -13.0: 0 Max Rain: 0.00 ON 26-01-21 Days of Rain: 110 (> .008in) 74 (> .08in) 28 (> 0.8in)