NOAA-Style Climate Reports
Select a Year or Month report
2024: Jan Feb Mar Apr May Jun Jul Aug Sep Oct Nov Dec
2023: Jan Feb Mar Apr May Jun Jul Aug Sep Oct Nov Dec
2022: Jan Feb Mar Apr May Jun Jul Aug Sep Oct Nov Dec
2021: Jan Feb Mar Apr May Jun Jul Aug Sep Oct Nov Dec
2020: Jan Feb Mar Apr May Jun Jul Aug Sep Oct Nov Dec
2019: Jan Feb Mar Apr May Jun Jul Aug Sep Oct Nov Dec
2018: Jan Feb Mar Apr May Jun Jul Aug Sep Oct Nov Dec
2017: Jan Feb Mar Apr May Jun Jul Aug Sep Oct Nov Dec
2016: Jan Feb Mar Apr May Jun Jul Aug Sep Oct Nov Dec
2015: Jan Feb Mar Apr May Jun Jul Aug Sep Oct Nov Dec
2014: Jan Feb Mar Apr May Jun Jul Aug Sep Oct Nov Dec
2013: Jan Feb Mar Apr May Jun Jul Aug Sep Oct Nov Dec
2012: Jan Feb Mar Apr May Jun Jul Aug Sep Oct Nov Dec
2011: Jan Feb Mar Apr May Jun Jul Aug Sep Oct Nov Dec
2010: Jan Feb Mar Apr May Jun Jul Aug Sep Oct Nov Dec
2009: Jan Feb Mar Apr May Jun Jul Aug Sep Oct Nov Dec
2008: Jan Feb Mar Apr May Jun Jul Aug Sep Oct Nov Dec
2007: Jan Feb Mar Apr May Jun Jul Aug Sep Oct Nov Dec
2006: Jan Feb Mar Apr May Jun Jul Aug Sep Oct Nov Dec
2005: Jan Feb Mar Apr May Jun Jul Aug Sep Oct Nov Dec
2024: Jan Feb Mar Apr May Jun Jul Aug Sep Oct Nov Dec
2023: Jan Feb Mar Apr May Jun Jul Aug Sep Oct Nov Dec
2022: Jan Feb Mar Apr May Jun Jul Aug Sep Oct Nov Dec
2021: Jan Feb Mar Apr May Jun Jul Aug Sep Oct Nov Dec
2020: Jan Feb Mar Apr May Jun Jul Aug Sep Oct Nov Dec
2019: Jan Feb Mar Apr May Jun Jul Aug Sep Oct Nov Dec
2018: Jan Feb Mar Apr May Jun Jul Aug Sep Oct Nov Dec
2017: Jan Feb Mar Apr May Jun Jul Aug Sep Oct Nov Dec
2016: Jan Feb Mar Apr May Jun Jul Aug Sep Oct Nov Dec
2015: Jan Feb Mar Apr May Jun Jul Aug Sep Oct Nov Dec
2014: Jan Feb Mar Apr May Jun Jul Aug Sep Oct Nov Dec
2013: Jan Feb Mar Apr May Jun Jul Aug Sep Oct Nov Dec
2012: Jan Feb Mar Apr May Jun Jul Aug Sep Oct Nov Dec
2011: Jan Feb Mar Apr May Jun Jul Aug Sep Oct Nov Dec
2010: Jan Feb Mar Apr May Jun Jul Aug Sep Oct Nov Dec
2009: Jan Feb Mar Apr May Jun Jul Aug Sep Oct Nov Dec
2008: Jan Feb Mar Apr May Jun Jul Aug Sep Oct Nov Dec
2007: Jan Feb Mar Apr May Jun Jul Aug Sep Oct Nov Dec
2006: Jan Feb Mar Apr May Jun Jul Aug Sep Oct Nov Dec
2005: Jan Feb Mar Apr May Jun Jul Aug Sep Oct Nov Dec
Report for 2005 August
Daily noaa report MONTHLY CLIMATOLOGICAL SUMMARY for AUG. 2005 NAME: Woodbridge CITY: Sachse STATE: Texas ELEV: 502 LAT: 032:60:00 LONG: 0096:57:00 TEMPERATURE ( °F), RAIN (in.), WIND SPEED (mph) HEAT COOL AVG MEAN DEG DEG WIND DOM DAY TEMP HIGH TIME LOW TIME DAYS DAYS RAIN SPEED HIGH TIME DIR -------------------------------------------------------------------------------------------------------- 04 79.5 079.5 23:00 79.5 23:00 00.0 14.6 ----- 05 79.8 081.0 00:00 78.8 23:03 00.0 14.9 00.27 00.9 04.6 23:12 E 06 85.8 097.1 14:37 75.0 10:15 00.0 20.9 00.16 01.1 12.7 15:59 S 07 80.8 096.1 13:55 73.9 07:47 00.0 15.8 00.27 01.2 23.0 16:22 SSE 08 77.4 093.3 15:12 72.9 05:18 00.0 12.5 00.12 01.0 23.0 15:35 SSE 09 79.3 088.9 16:08 72.1 07:03 00.0 14.4 00.02 01.2 10.3 17:00 S 10 79.9 090.7 16:34 71.8 07:06 00.0 15.0 00.00 01.6 13.8 18:58 SSW 11 83.8 096.0 16:56 72.9 07:18 00.0 18.9 00.00 03.6 19.6 14:04 SSW 12 86.2 095.9 18:10 76.1 08:16 00.0 21.2 00.00 04.3 19.6 09:19 SSW 13 86.0 097.0 15:10 76.3 07:38 00.0 21.0 00.00 03.8 18.4 18:07 SSW 14 82.4 092.5 15:04 75.2 00:00 00.0 17.5 00.04 02.6 20.7 18:51 S 15 81.9 095.1 17:17 73.4 03:59 00.0 16.9 00.09 02.6 16.1 19:25 SSW 16 80.9 090.1 15:18 74.5 07:24 00.0 15.9 00.06 01.6 13.8 15:19 SSE 17 85.2 098.2 16:43 73.9 07:22 00.0 20.3 00.00 02.4 13.8 16:27 SSW 18 87.3 098.9 16:32 76.1 07:30 00.0 22.3 00.00 03.7 18.4 19:47 SSW 19 87.3 098.8 15:13 77.3 07:24 00.0 22.3 00.00 04.5 18.4 15:46 SSW 20 87.6 099.9 15:52 76.5 07:26 00.0 22.7 00.00 02.7 14.9 15:45 SSW 21 86.9 098.5 16:43 74.8 07:02 00.0 22.0 00.00 01.0 10.3 11:45 WSW 22 88.5 099.8 17:00 75.7 07:28 00.0 23.6 00.00 01.2 09.2 16:59 W 23 89.9 102.9 16:08 76.6 07:22 00.0 24.9 00.00 01.5 12.7 15:37 SSW 24 89.5 101.0 17:02 77.4 07:38 00.0 24.6 00.00 02.3 14.9 02:28 SSE 25 88.5 100.4 16:23 76.8 07:40 00.0 23.5 00.00 01.6 12.7 13:09 S 26 89.5 100.8 16:02 76.9 07:15 00.0 24.5 00.00 01.3 10.3 12:30 SSW 27 86.8 101.1 15:42 77.9 00:00 00.0 21.8 00.00 02.3 28.8 19:39 E 28 83.0 093.7 16:35 68.3 00:00 00.0 18.1 00.00 01.5 14.9 16:22 ENE 29 83.2 095.1 15:31 71.8 09:47 00.0 18.3 00.02 04.1 19.6 17:35 N 30 79.3 094.6 17:05 69.6 23:04 00.0 14.4 00.00 02.4 13.8 17:00 WNW -------------------------------------------------------------------------------------------------------- 84.3 (85.2) 102.9 day 23 32.0 day 00 000.0 522.9 00.00 02.2 28.8 day 27 SSW Max > 86: 25 Min < 86: 27 Max Rain: 0.27 ON 7-08-21 Days of Rain: 9 (> .008in) 5 (> .08in) 0 (> 0.8in)