NOAA-Style Climate Reports
Select a Year or Month report
2024: Jan Feb Mar Apr May Jun Jul Aug Sep Oct Nov Dec
2023: Jan Feb Mar Apr May Jun Jul Aug Sep Oct Nov Dec
2022: Jan Feb Mar Apr May Jun Jul Aug Sep Oct Nov Dec
2021: Jan Feb Mar Apr May Jun Jul Aug Sep Oct Nov Dec
2020: Jan Feb Mar Apr May Jun Jul Aug Sep Oct Nov Dec
2019: Jan Feb Mar Apr May Jun Jul Aug Sep Oct Nov Dec
2018: Jan Feb Mar Apr May Jun Jul Aug Sep Oct Nov Dec
2017: Jan Feb Mar Apr May Jun Jul Aug Sep Oct Nov Dec
2016: Jan Feb Mar Apr May Jun Jul Aug Sep Oct Nov Dec
2015: Jan Feb Mar Apr May Jun Jul Aug Sep Oct Nov Dec
2014: Jan Feb Mar Apr May Jun Jul Aug Sep Oct Nov Dec
2013: Jan Feb Mar Apr May Jun Jul Aug Sep Oct Nov Dec
2012: Jan Feb Mar Apr May Jun Jul Aug Sep Oct Nov Dec
2011: Jan Feb Mar Apr May Jun Jul Aug Sep Oct Nov Dec
2010: Jan Feb Mar Apr May Jun Jul Aug Sep Oct Nov Dec
2009: Jan Feb Mar Apr May Jun Jul Aug Sep Oct Nov Dec
2008: Jan Feb Mar Apr May Jun Jul Aug Sep Oct Nov Dec
2007: Jan Feb Mar Apr May Jun Jul Aug Sep Oct Nov Dec
2006: Jan Feb Mar Apr May Jun Jul Aug Sep Oct Nov Dec
2005: Jan Feb Mar Apr May Jun Jul Aug Sep Oct Nov Dec
2024: Jan Feb Mar Apr May Jun Jul Aug Sep Oct Nov Dec
2023: Jan Feb Mar Apr May Jun Jul Aug Sep Oct Nov Dec
2022: Jan Feb Mar Apr May Jun Jul Aug Sep Oct Nov Dec
2021: Jan Feb Mar Apr May Jun Jul Aug Sep Oct Nov Dec
2020: Jan Feb Mar Apr May Jun Jul Aug Sep Oct Nov Dec
2019: Jan Feb Mar Apr May Jun Jul Aug Sep Oct Nov Dec
2018: Jan Feb Mar Apr May Jun Jul Aug Sep Oct Nov Dec
2017: Jan Feb Mar Apr May Jun Jul Aug Sep Oct Nov Dec
2016: Jan Feb Mar Apr May Jun Jul Aug Sep Oct Nov Dec
2015: Jan Feb Mar Apr May Jun Jul Aug Sep Oct Nov Dec
2014: Jan Feb Mar Apr May Jun Jul Aug Sep Oct Nov Dec
2013: Jan Feb Mar Apr May Jun Jul Aug Sep Oct Nov Dec
2012: Jan Feb Mar Apr May Jun Jul Aug Sep Oct Nov Dec
2011: Jan Feb Mar Apr May Jun Jul Aug Sep Oct Nov Dec
2010: Jan Feb Mar Apr May Jun Jul Aug Sep Oct Nov Dec
2009: Jan Feb Mar Apr May Jun Jul Aug Sep Oct Nov Dec
2008: Jan Feb Mar Apr May Jun Jul Aug Sep Oct Nov Dec
2007: Jan Feb Mar Apr May Jun Jul Aug Sep Oct Nov Dec
2006: Jan Feb Mar Apr May Jun Jul Aug Sep Oct Nov Dec
2005: Jan Feb Mar Apr May Jun Jul Aug Sep Oct Nov Dec
Report for 2005 September
Daily noaa report MONTHLY CLIMATOLOGICAL SUMMARY for SEP. 2005 NAME: Woodbridge CITY: Sachse STATE: Texas ELEV: 502 LAT: 032:60:00 LONG: 0096:57:00 TEMPERATURE ( °F), RAIN (in.), WIND SPEED (mph) HEAT COOL AVG MEAN DEG DEG WIND DOM DAY TEMP HIGH TIME LOW TIME DAYS DAYS RAIN SPEED HIGH TIME DIR -------------------------------------------------------------------------------------------------------- 01 84.6 100.0 15:55 68.2 07:22 00.0 19.6 00.00 01.1 12.7 22:03 WNW 02 85.2 097.3 14:11 73.0 07:24 00.0 20.2 00.00 01.9 13.8 17:38 E 03 83.7 097.3 14:43 69.6 07:21 00.0 18.7 00.00 01.4 13.8 16:03 SE 04 84.5 095.5 15:23 75.4 07:36 00.0 19.5 00.00 02.7 13.8 17:38 ESE 05 80.8 094.1 15:42 67.3 06:59 00.0 15.9 00.00 02.2 13.8 15:43 E 06 82.8 095.6 15:46 68.5 07:29 00.0 17.9 00.00 01.7 11.5 15:13 SE 07 82.4 094.4 14:34 71.4 07:42 00.0 17.4 00.00 02.0 13.8 18:28 SE 08 79.2 091.9 17:53 66.1 07:22 00.0 14.2 00.00 00.8 11.5 14:29 E 09 80.4 095.2 15:52 64.2 07:41 00.0 15.4 00.00 01.3 12.7 15:24 SE 10 81.4 095.6 16:03 68.5 07:45 00.0 16.5 00.00 02.6 17.3 12:46 S 11 81.7 091.9 15:23 73.6 07:34 00.0 16.7 00.00 02.6 21.9 13:05 SSE 12 81.0 089.7 15:35 71.8 07:35 00.0 16.0 00.00 02.5 17.3 16:33 SSE 13 84.0 095.1 15:44 74.5 07:19 00.0 19.0 00.00 04.3 19.6 16:14 SSW 14 85.8 097.2 16:15 76.3 07:56 00.0 20.8 00.00 04.5 19.6 13:36 SSW 15 80.0 091.9 13:52 73.6 00:00 00.0 15.0 00.31 03.9 28.8 16:37 S 16 74.8 086.2 18:11 66.9 07:44 00.0 09.9 00.04 02.4 12.7 05:47 N 17 79.9 096.1 17:04 64.6 06:47 00.0 15.0 00.00 01.4 13.8 13:31 SSW 18 85.0 097.7 15:59 74.1 07:57 00.0 20.1 00.00 02.8 18.4 13:50 SSW 19 84.4 097.5 15:46 73.0 07:56 00.0 19.5 00.00 02.0 13.8 13:09 SSW 20 84.5 098.5 14:44 71.2 07:56 00.0 19.6 00.00 00.8 09.2 18:18 SSW 21 84.8 098.7 14:48 70.5 07:42 00.0 19.9 00.00 01.0 11.5 14:31 SW 22 83.7 100.2 15:44 70.2 07:37 00.0 18.8 00.00 00.5 09.2 15:02 S 23 85.9 098.2 15:03 74.8 08:18 00.0 21.0 00.00 04.3 18.4 17:01 NE 24 81.1 086.3 13:42 77.9 07:39 00.0 16.1 00.00 08.1 41.4 17:12 NNE 25 84.8 098.8 17:53 73.5 08:04 00.0 19.8 00.00 03.9 14.9 03:37 W 26 85.6 099.7 15:03 73.9 07:47 00.0 20.6 00.00 03.3 14.9 18:03 WSW 27 85.1 097.8 15:54 73.9 07:56 00.0 20.2 00.00 02.9 11.5 04:59 NE 28 84.1 099.0 16:29 66.2 11:07 00.0 19.1 01.26 02.5 24.1 19:44 SE 29 67.1 076.7 20:20 60.2 08:38 00.0 02.1 00.00 04.3 19.6 04:29 NNE 30 70.8 082.9 23:45 60.5 07:35 00.0 05.8 00.00 01.9 12.7 15:41 SE -------------------------------------------------------------------------------------------------------- 82.0 (82.5) 100.2 day 22 60.2 day 29 000.0 510.6 00.00 02.6 41.4 day 24 SSE Max > 86: 28 Min < 86: 30 Max Rain: 1.26 ON 28-09-21 Days of Rain: 3 (> .008in) 2 (> .08in) 1 (> 0.8in)