NOAA-Style Climate Reports
Select a Year or Month report
2024: Jan Feb Mar Apr May Jun Jul Aug Sep Oct Nov Dec
2023: Jan Feb Mar Apr May Jun Jul Aug Sep Oct Nov Dec
2022: Jan Feb Mar Apr May Jun Jul Aug Sep Oct Nov Dec
2021: Jan Feb Mar Apr May Jun Jul Aug Sep Oct Nov Dec
2020: Jan Feb Mar Apr May Jun Jul Aug Sep Oct Nov Dec
2019: Jan Feb Mar Apr May Jun Jul Aug Sep Oct Nov Dec
2018: Jan Feb Mar Apr May Jun Jul Aug Sep Oct Nov Dec
2017: Jan Feb Mar Apr May Jun Jul Aug Sep Oct Nov Dec
2016: Jan Feb Mar Apr May Jun Jul Aug Sep Oct Nov Dec
2015: Jan Feb Mar Apr May Jun Jul Aug Sep Oct Nov Dec
2014: Jan Feb Mar Apr May Jun Jul Aug Sep Oct Nov Dec
2013: Jan Feb Mar Apr May Jun Jul Aug Sep Oct Nov Dec
2012: Jan Feb Mar Apr May Jun Jul Aug Sep Oct Nov Dec
2011: Jan Feb Mar Apr May Jun Jul Aug Sep Oct Nov Dec
2010: Jan Feb Mar Apr May Jun Jul Aug Sep Oct Nov Dec
2009: Jan Feb Mar Apr May Jun Jul Aug Sep Oct Nov Dec
2008: Jan Feb Mar Apr May Jun Jul Aug Sep Oct Nov Dec
2007: Jan Feb Mar Apr May Jun Jul Aug Sep Oct Nov Dec
2006: Jan Feb Mar Apr May Jun Jul Aug Sep Oct Nov Dec
2005: Jan Feb Mar Apr May Jun Jul Aug Sep Oct Nov Dec
2024: Jan Feb Mar Apr May Jun Jul Aug Sep Oct Nov Dec
2023: Jan Feb Mar Apr May Jun Jul Aug Sep Oct Nov Dec
2022: Jan Feb Mar Apr May Jun Jul Aug Sep Oct Nov Dec
2021: Jan Feb Mar Apr May Jun Jul Aug Sep Oct Nov Dec
2020: Jan Feb Mar Apr May Jun Jul Aug Sep Oct Nov Dec
2019: Jan Feb Mar Apr May Jun Jul Aug Sep Oct Nov Dec
2018: Jan Feb Mar Apr May Jun Jul Aug Sep Oct Nov Dec
2017: Jan Feb Mar Apr May Jun Jul Aug Sep Oct Nov Dec
2016: Jan Feb Mar Apr May Jun Jul Aug Sep Oct Nov Dec
2015: Jan Feb Mar Apr May Jun Jul Aug Sep Oct Nov Dec
2014: Jan Feb Mar Apr May Jun Jul Aug Sep Oct Nov Dec
2013: Jan Feb Mar Apr May Jun Jul Aug Sep Oct Nov Dec
2012: Jan Feb Mar Apr May Jun Jul Aug Sep Oct Nov Dec
2011: Jan Feb Mar Apr May Jun Jul Aug Sep Oct Nov Dec
2010: Jan Feb Mar Apr May Jun Jul Aug Sep Oct Nov Dec
2009: Jan Feb Mar Apr May Jun Jul Aug Sep Oct Nov Dec
2008: Jan Feb Mar Apr May Jun Jul Aug Sep Oct Nov Dec
2007: Jan Feb Mar Apr May Jun Jul Aug Sep Oct Nov Dec
2006: Jan Feb Mar Apr May Jun Jul Aug Sep Oct Nov Dec
2005: Jan Feb Mar Apr May Jun Jul Aug Sep Oct Nov Dec
Report for 2006 March
Daily noaa report MONTHLY CLIMATOLOGICAL SUMMARY for MAR. 2006 NAME: Woodbridge CITY: Sachse STATE: Texas ELEV: 502 LAT: 032:60:00 LONG: 0096:57:00 TEMPERATURE ( °F), RAIN (in.), WIND SPEED (mph) HEAT COOL AVG MEAN DEG DEG WIND DOM DAY TEMP HIGH TIME LOW TIME DAYS DAYS RAIN SPEED HIGH TIME DIR -------------------------------------------------------------------------------------------------------- 01 71.8 085.8 16:04 59.1 07:14 00.0 06.8 00.00 06.2 21.9 17:04 SSW 02 68.2 079.6 15:53 57.9 00:00 00.0 03.2 00.00 05.1 24.1 13:40 NE 03 61.8 074.1 15:19 52.9 07:42 03.1 00.0 00.03 03.5 16.1 09:14 NE 04 60.7 070.9 14:22 51.4 07:40 04.3 00.0 00.00 03.1 16.1 12:13 ESE 05 64.9 073.2 17:01 57.9 02:24 00.0 00.0 00.00 03.2 21.9 14:15 S 06 67.9 083.1 15:18 54.3 07:12 00.0 02.9 00.00 02.5 13.8 18:22 ESE 07 67.9 078.6 16:20 58.8 07:43 00.0 02.9 00.00 05.2 24.1 22:27 SSE 08 69.2 073.0 15:51 66.0 06:48 00.0 04.3 00.09 06.6 27.6 23:55 S 09 64.3 068.9 11:27 54.1 00:00 00.7 00.0 00.00 06.8 32.2 04:32 SW 10 66.5 083.5 15:27 49.3 06:52 00.0 01.6 00.00 04.4 27.6 15:57 SSE 11 74.7 084.4 13:53 67.8 01:28 00.0 09.8 00.00 04.3 21.9 03:29 SSE 12 77.0 086.5 15:48 69.6 07:37 00.0 12.1 00.00 07.8 32.2 13:04 S 13 62.0 075.4 00:02 46.0 04:00 02.9 00.0 00.00 06.1 20.7 02:32 WNW 14 56.2 066.4 15:30 42.1 07:12 08.7 00.0 00.00 02.3 13.8 11:09 NE 15 57.8 068.5 13:45 47.5 06:57 07.1 00.0 00.00 04.5 21.9 13:09 SSE 16 66.5 078.4 15:30 56.5 00:00 00.0 01.6 00.00 04.1 19.6 02:27 SW 17 58.1 068.2 13:54 47.8 07:01 06.9 00.0 00.07 04.3 18.4 07:17 NE 18 51.3 054.6 00:02 48.0 00:00 13.6 00.0 00.98 05.9 19.6 16:06 ENE 19 50.2 054.0 14:30 48.0 06:06 14.7 00.0 08.86 06.0 26.4 14:08 E 20 59.5 072.8 15:59 46.2 00:00 05.4 00.0 00.00 05.0 38.0 16:04 WSW 21 47.0 056.4 15:38 39.0 07:11 17.9 00.0 00.00 06.4 24.1 08:03 WNW 22 44.1 050.1 14:02 38.8 03:38 20.8 00.0 00.00 04.1 18.4 07:36 NE 23 39.7 043.8 16:29 35.2 00:00 25.2 00.0 00.03 03.9 19.6 11:04 NNW 24 44.7 057.0 16:52 32.5 06:36 20.2 00.0 00.00 01.6 13.8 11:12 WNW 25 53.3 067.3 15:06 37.6 06:49 11.6 00.0 00.00 00.7 10.3 15:51 SSE 26 59.7 072.3 14:09 46.2 06:48 05.2 00.0 00.00 04.9 28.8 13:45 S 27 63.8 073.3 16:12 57.4 07:19 01.1 00.0 00.00 03.8 23.0 00:06 S 28 62.2 073.2 16:14 52.8 06:48 02.7 00.0 00.00 02.5 17.3 12:54 ENE 29 62.8 072.6 14:55 53.2 05:27 02.2 00.0 00.04 03.2 19.6 12:16 SSE 30 70.9 077.7 14:42 64.8 05:44 00.0 05.9 00.00 07.8 32.2 14:00 S 31 75.5 087.2 15:55 67.8 06:58 00.0 10.5 00.00 04.5 24.1 16:26 SSW -------------------------------------------------------------------------------------------------------- 61.3 (61.6) 87.2 day 31 32.5 day 24 174.5 061.6 00.00 04.5 38.0 day 20 SSE Max > 86: 2 Min < 86: 31 Max Rain: 8.86 ON 19-03-21 Days of Rain: 7 (> .008in) 3 (> .08in) 2 (> 0.8in)