NOAA-Style Climate Reports
Select a Year or Month report
2024: Jan Feb Mar Apr May Jun Jul Aug Sep Oct Nov Dec
2023: Jan Feb Mar Apr May Jun Jul Aug Sep Oct Nov Dec
2022: Jan Feb Mar Apr May Jun Jul Aug Sep Oct Nov Dec
2021: Jan Feb Mar Apr May Jun Jul Aug Sep Oct Nov Dec
2020: Jan Feb Mar Apr May Jun Jul Aug Sep Oct Nov Dec
2019: Jan Feb Mar Apr May Jun Jul Aug Sep Oct Nov Dec
2018: Jan Feb Mar Apr May Jun Jul Aug Sep Oct Nov Dec
2017: Jan Feb Mar Apr May Jun Jul Aug Sep Oct Nov Dec
2016: Jan Feb Mar Apr May Jun Jul Aug Sep Oct Nov Dec
2015: Jan Feb Mar Apr May Jun Jul Aug Sep Oct Nov Dec
2014: Jan Feb Mar Apr May Jun Jul Aug Sep Oct Nov Dec
2013: Jan Feb Mar Apr May Jun Jul Aug Sep Oct Nov Dec
2012: Jan Feb Mar Apr May Jun Jul Aug Sep Oct Nov Dec
2011: Jan Feb Mar Apr May Jun Jul Aug Sep Oct Nov Dec
2010: Jan Feb Mar Apr May Jun Jul Aug Sep Oct Nov Dec
2009: Jan Feb Mar Apr May Jun Jul Aug Sep Oct Nov Dec
2008: Jan Feb Mar Apr May Jun Jul Aug Sep Oct Nov Dec
2007: Jan Feb Mar Apr May Jun Jul Aug Sep Oct Nov Dec
2006: Jan Feb Mar Apr May Jun Jul Aug Sep Oct Nov Dec
2005: Jan Feb Mar Apr May Jun Jul Aug Sep Oct Nov Dec
2024: Jan Feb Mar Apr May Jun Jul Aug Sep Oct Nov Dec
2023: Jan Feb Mar Apr May Jun Jul Aug Sep Oct Nov Dec
2022: Jan Feb Mar Apr May Jun Jul Aug Sep Oct Nov Dec
2021: Jan Feb Mar Apr May Jun Jul Aug Sep Oct Nov Dec
2020: Jan Feb Mar Apr May Jun Jul Aug Sep Oct Nov Dec
2019: Jan Feb Mar Apr May Jun Jul Aug Sep Oct Nov Dec
2018: Jan Feb Mar Apr May Jun Jul Aug Sep Oct Nov Dec
2017: Jan Feb Mar Apr May Jun Jul Aug Sep Oct Nov Dec
2016: Jan Feb Mar Apr May Jun Jul Aug Sep Oct Nov Dec
2015: Jan Feb Mar Apr May Jun Jul Aug Sep Oct Nov Dec
2014: Jan Feb Mar Apr May Jun Jul Aug Sep Oct Nov Dec
2013: Jan Feb Mar Apr May Jun Jul Aug Sep Oct Nov Dec
2012: Jan Feb Mar Apr May Jun Jul Aug Sep Oct Nov Dec
2011: Jan Feb Mar Apr May Jun Jul Aug Sep Oct Nov Dec
2010: Jan Feb Mar Apr May Jun Jul Aug Sep Oct Nov Dec
2009: Jan Feb Mar Apr May Jun Jul Aug Sep Oct Nov Dec
2008: Jan Feb Mar Apr May Jun Jul Aug Sep Oct Nov Dec
2007: Jan Feb Mar Apr May Jun Jul Aug Sep Oct Nov Dec
2006: Jan Feb Mar Apr May Jun Jul Aug Sep Oct Nov Dec
2005: Jan Feb Mar Apr May Jun Jul Aug Sep Oct Nov Dec
Report for 2006 April
Daily noaa report MONTHLY CLIMATOLOGICAL SUMMARY for APR. 2006 NAME: Woodbridge CITY: Sachse STATE: Texas ELEV: 502 LAT: 032:60:00 LONG: 0096:57:00 TEMPERATURE ( °F), RAIN (in.), WIND SPEED (mph) HEAT COOL AVG MEAN DEG DEG WIND DOM DAY TEMP HIGH TIME LOW TIME DAYS DAYS RAIN SPEED HIGH TIME DIR -------------------------------------------------------------------------------------------------------- 01 72.6 079.5 17:55 66.0 05:41 00.0 07.7 00.00 03.5 18.4 12:51 SSE 02 78.0 090.1 16:46 69.1 07:57 00.0 13.0 00.00 04.3 20.7 18:27 SSW 03 70.2 078.6 16:53 60.6 07:54 00.0 05.3 00.00 03.4 17.3 09:23 NNE 04 67.4 079.7 16:00 53.7 07:25 00.0 02.4 00.00 02.0 13.8 11:13 E 05 73.4 084.4 17:01 63.7 06:45 00.0 08.5 00.00 04.7 26.4 13:31 S 06 72.3 080.6 16:25 66.9 08:41 00.0 07.4 00.05 05.9 24.1 18:36 S 07 70.6 086.2 16:00 55.2 00:00 00.0 05.6 00.00 06.7 40.3 16:19 W 08 60.9 071.8 17:17 53.2 02:17 04.0 00.0 00.00 06.1 24.1 06:31 NW 09 63.2 077.7 17:12 46.2 07:19 01.8 00.0 00.00 01.6 10.3 15:32 E 10 67.0 079.9 16:11 54.0 07:18 00.0 02.1 00.00 03.3 20.7 14:51 SSE 11 69.5 080.4 16:20 58.8 07:52 00.0 04.6 00.00 05.9 23.0 13:12 S 12 72.6 083.8 15:55 62.2 07:28 00.0 07.6 00.00 03.7 20.7 17:30 S 13 73.4 084.9 16:36 64.0 06:49 00.0 08.5 00.00 02.9 19.6 17:40 S 14 72.5 084.6 15:51 61.9 07:26 00.0 07.6 00.00 04.6 20.7 18:09 S 15 76.4 086.8 16:07 67.1 05:15 00.0 11.5 00.00 08.0 29.9 15:43 S 16 79.5 093.4 16:51 67.3 07:21 00.0 14.5 00.00 04.2 23.0 01:49 SSW 17 82.0 097.2 16:47 68.7 06:38 00.0 17.0 00.00 04.1 19.6 17:26 S 18 82.9 097.3 15:52 70.2 07:28 00.0 18.0 00.00 03.9 19.6 00:18 S 19 75.6 084.3 17:06 64.4 07:41 00.0 10.6 00.00 03.7 18.4 09:03 NNE 20 66.5 072.6 13:55 60.6 04:00 00.0 01.6 00.82 02.4 26.4 01:39 N 21 70.5 080.8 16:45 61.0 07:51 00.0 05.6 00.17 01.2 12.7 06:57 N 22 73.3 085.8 13:46 60.6 07:24 00.0 08.4 00.00 01.4 16.1 14:28 SSE 23 75.6 088.0 16:01 65.5 07:19 00.0 10.6 00.00 03.0 19.6 14:30 S 24 76.0 084.6 16:09 70.0 07:14 00.0 11.1 00.00 04.0 23.0 14:35 S 25 64.6 074.3 00:02 55.2 00:00 00.4 00.0 00.00 04.5 19.6 13:06 NW 26 60.1 071.2 17:50 51.1 08:28 04.8 00.0 00.00 03.5 16.1 08:05 N 27 65.7 079.9 16:46 50.5 07:08 00.0 00.8 00.00 01.8 12.7 19:29 ESE 28 68.0 072.7 12:59 64.0 07:14 00.0 03.1 00.49 03.1 24.1 13:14 ESE 29 68.6 074.5 11:50 60.6 00:00 00.0 03.7 00.19 04.5 24.1 16:10 WSW 30 70.5 084.7 16:39 55.9 07:28 00.0 05.5 00.00 03.0 18.4 22:36 SW -------------------------------------------------------------------------------------------------------- 71.3 (71.6) 97.3 day 18 46.2 day 09 011.0 202.3 00.00 03.8 40.3 day 07 S Max > 86: 7 Min < 86: 30 Max Rain: 0.82 ON 20-04-21 Days of Rain: 5 (> .008in) 4 (> .08in) 1 (> 0.8in)