NOAA-Style Climate Reports
Select a Year or Month report
2024: Jan Feb Mar Apr May Jun Jul Aug Sep Oct Nov Dec
2023: Jan Feb Mar Apr May Jun Jul Aug Sep Oct Nov Dec
2022: Jan Feb Mar Apr May Jun Jul Aug Sep Oct Nov Dec
2021: Jan Feb Mar Apr May Jun Jul Aug Sep Oct Nov Dec
2020: Jan Feb Mar Apr May Jun Jul Aug Sep Oct Nov Dec
2019: Jan Feb Mar Apr May Jun Jul Aug Sep Oct Nov Dec
2018: Jan Feb Mar Apr May Jun Jul Aug Sep Oct Nov Dec
2017: Jan Feb Mar Apr May Jun Jul Aug Sep Oct Nov Dec
2016: Jan Feb Mar Apr May Jun Jul Aug Sep Oct Nov Dec
2015: Jan Feb Mar Apr May Jun Jul Aug Sep Oct Nov Dec
2014: Jan Feb Mar Apr May Jun Jul Aug Sep Oct Nov Dec
2013: Jan Feb Mar Apr May Jun Jul Aug Sep Oct Nov Dec
2012: Jan Feb Mar Apr May Jun Jul Aug Sep Oct Nov Dec
2011: Jan Feb Mar Apr May Jun Jul Aug Sep Oct Nov Dec
2010: Jan Feb Mar Apr May Jun Jul Aug Sep Oct Nov Dec
2009: Jan Feb Mar Apr May Jun Jul Aug Sep Oct Nov Dec
2008: Jan Feb Mar Apr May Jun Jul Aug Sep Oct Nov Dec
2007: Jan Feb Mar Apr May Jun Jul Aug Sep Oct Nov Dec
2006: Jan Feb Mar Apr May Jun Jul Aug Sep Oct Nov Dec
2005: Jan Feb Mar Apr May Jun Jul Aug Sep Oct Nov Dec
2024: Jan Feb Mar Apr May Jun Jul Aug Sep Oct Nov Dec
2023: Jan Feb Mar Apr May Jun Jul Aug Sep Oct Nov Dec
2022: Jan Feb Mar Apr May Jun Jul Aug Sep Oct Nov Dec
2021: Jan Feb Mar Apr May Jun Jul Aug Sep Oct Nov Dec
2020: Jan Feb Mar Apr May Jun Jul Aug Sep Oct Nov Dec
2019: Jan Feb Mar Apr May Jun Jul Aug Sep Oct Nov Dec
2018: Jan Feb Mar Apr May Jun Jul Aug Sep Oct Nov Dec
2017: Jan Feb Mar Apr May Jun Jul Aug Sep Oct Nov Dec
2016: Jan Feb Mar Apr May Jun Jul Aug Sep Oct Nov Dec
2015: Jan Feb Mar Apr May Jun Jul Aug Sep Oct Nov Dec
2014: Jan Feb Mar Apr May Jun Jul Aug Sep Oct Nov Dec
2013: Jan Feb Mar Apr May Jun Jul Aug Sep Oct Nov Dec
2012: Jan Feb Mar Apr May Jun Jul Aug Sep Oct Nov Dec
2011: Jan Feb Mar Apr May Jun Jul Aug Sep Oct Nov Dec
2010: Jan Feb Mar Apr May Jun Jul Aug Sep Oct Nov Dec
2009: Jan Feb Mar Apr May Jun Jul Aug Sep Oct Nov Dec
2008: Jan Feb Mar Apr May Jun Jul Aug Sep Oct Nov Dec
2007: Jan Feb Mar Apr May Jun Jul Aug Sep Oct Nov Dec
2006: Jan Feb Mar Apr May Jun Jul Aug Sep Oct Nov Dec
2005: Jan Feb Mar Apr May Jun Jul Aug Sep Oct Nov Dec
Report for 2006 May
Daily noaa report MONTHLY CLIMATOLOGICAL SUMMARY for MAY. 2006 NAME: Woodbridge CITY: Sachse STATE: Texas ELEV: 502 LAT: 032:60:00 LONG: 0096:57:00 TEMPERATURE ( °F), RAIN (in.), WIND SPEED (mph) HEAT COOL AVG MEAN DEG DEG WIND DOM DAY TEMP HIGH TIME LOW TIME DAYS DAYS RAIN SPEED HIGH TIME DIR -------------------------------------------------------------------------------------------------------- 01 76.3 089.0 16:03 63.0 07:25 00.0 11.4 00.00 04.6 21.9 17:39 SSW 02 77.3 087.1 17:34 72.5 07:39 00.0 12.4 00.02 04.3 24.1 05:28 SSW 03 77.0 089.4 16:51 64.6 03:34 00.0 12.1 00.02 03.5 18.4 17:13 SSE 04 75.7 085.3 14:24 66.7 08:20 00.0 10.8 00.09 02.6 20.7 06:20 SE 05 71.9 080.1 16:40 64.6 06:27 00.0 07.0 00.85 03.9 35.6 03:57 NE 06 68.1 075.0 15:23 63.8 07:50 00.0 03.2 00.65 03.3 27.6 05:17 ENE 07 68.0 076.6 16:28 62.4 07:26 00.0 03.0 00.00 02.3 16.1 23:12 E 08 72.5 084.6 14:25 62.4 06:26 00.0 07.6 00.15 02.8 16.1 14:03 SE 09 81.6 093.6 16:44 72.0 03:27 00.0 16.6 00.00 04.4 20.7 20:42 SSW 10 74.9 081.7 11:43 61.8 00:00 00.0 10.0 00.01 04.6 23.0 13:53 NNW 11 65.5 075.6 17:06 54.1 06:31 00.0 00.5 00.00 03.7 20.7 10:39 WNW 12 70.4 088.2 16:06 53.2 06:52 00.0 05.4 00.00 01.1 14.9 19:31 WSW 13 77.2 091.2 15:53 62.4 07:09 00.0 12.2 00.00 02.8 19.6 02:53 SSW 14 77.7 088.0 15:19 67.8 07:23 00.0 12.8 00.00 04.2 19.6 12:20 NE 15 68.3 078.0 15:11 57.0 07:27 00.0 03.4 00.00 03.1 19.6 14:13 NNW 16 69.5 080.8 16:26 58.3 06:55 00.0 04.5 00.00 02.7 20.7 13:35 NW 17 71.8 084.7 17:31 56.1 06:56 00.0 06.8 00.00 01.5 18.4 15:34 WNW 18 77.4 093.4 16:50 59.2 07:11 00.0 12.4 00.00 01.2 10.3 16:49 SSW 19 81.0 096.8 15:43 64.6 07:11 00.0 16.1 00.00 02.9 18.4 15:55 SSW 20 81.9 094.8 16:28 69.3 07:20 00.0 17.0 00.00 04.1 19.6 17:14 SSW 21 79.5 091.8 17:44 66.8 07:20 00.0 14.5 00.00 03.4 19.6 09:29 S 22 80.6 092.4 16:14 69.4 06:16 00.0 15.7 00.00 01.9 14.9 16:27 S 23 81.7 091.8 14:56 72.0 07:21 00.0 16.8 00.00 02.8 19.6 17:56 S 24 81.9 091.7 14:56 71.8 07:16 00.0 16.9 00.00 03.4 19.6 16:09 S 25 82.6 094.0 16:44 71.8 06:51 00.0 17.7 00.00 02.8 18.4 13:29 SSW 26 82.7 092.8 17:23 72.9 07:22 00.0 17.7 00.00 03.4 19.6 12:37 S 27 83.8 094.6 16:23 73.4 06:56 00.0 18.9 00.00 05.3 24.1 16:48 S 28 82.0 090.2 15:05 75.4 06:54 00.0 17.0 00.00 04.3 20.7 14:08 SSE 29 82.1 093.4 14:02 74.5 07:08 00.0 17.2 00.00 03.1 21.9 14:18 S 30 80.0 092.7 15:37 71.8 07:12 00.0 15.1 00.01 01.8 14.9 20:11 SSE 31 80.4 090.5 14:29 72.9 07:46 00.0 15.5 00.00 01.6 14.9 18:55 SSE -------------------------------------------------------------------------------------------------------- 76.8 (77.1) 96.8 day 19 53.2 day 12 000.0 368.2 00.00 03.2 35.7 day 05 S Max > 86: 21 Min < 86: 31 Max Rain: 0.85 ON 5-05-21 Days of Rain: 8 (> .008in) 4 (> .08in) 1 (> 0.8in)