NOAA-Style Climate Reports
Select a Year or Month report
2024: Jan Feb Mar Apr May Jun Jul Aug Sep Oct Nov Dec
2023: Jan Feb Mar Apr May Jun Jul Aug Sep Oct Nov Dec
2022: Jan Feb Mar Apr May Jun Jul Aug Sep Oct Nov Dec
2021: Jan Feb Mar Apr May Jun Jul Aug Sep Oct Nov Dec
2020: Jan Feb Mar Apr May Jun Jul Aug Sep Oct Nov Dec
2019: Jan Feb Mar Apr May Jun Jul Aug Sep Oct Nov Dec
2018: Jan Feb Mar Apr May Jun Jul Aug Sep Oct Nov Dec
2017: Jan Feb Mar Apr May Jun Jul Aug Sep Oct Nov Dec
2016: Jan Feb Mar Apr May Jun Jul Aug Sep Oct Nov Dec
2015: Jan Feb Mar Apr May Jun Jul Aug Sep Oct Nov Dec
2014: Jan Feb Mar Apr May Jun Jul Aug Sep Oct Nov Dec
2013: Jan Feb Mar Apr May Jun Jul Aug Sep Oct Nov Dec
2012: Jan Feb Mar Apr May Jun Jul Aug Sep Oct Nov Dec
2011: Jan Feb Mar Apr May Jun Jul Aug Sep Oct Nov Dec
2010: Jan Feb Mar Apr May Jun Jul Aug Sep Oct Nov Dec
2009: Jan Feb Mar Apr May Jun Jul Aug Sep Oct Nov Dec
2008: Jan Feb Mar Apr May Jun Jul Aug Sep Oct Nov Dec
2007: Jan Feb Mar Apr May Jun Jul Aug Sep Oct Nov Dec
2006: Jan Feb Mar Apr May Jun Jul Aug Sep Oct Nov Dec
2005: Jan Feb Mar Apr May Jun Jul Aug Sep Oct Nov Dec
2024: Jan Feb Mar Apr May Jun Jul Aug Sep Oct Nov Dec
2023: Jan Feb Mar Apr May Jun Jul Aug Sep Oct Nov Dec
2022: Jan Feb Mar Apr May Jun Jul Aug Sep Oct Nov Dec
2021: Jan Feb Mar Apr May Jun Jul Aug Sep Oct Nov Dec
2020: Jan Feb Mar Apr May Jun Jul Aug Sep Oct Nov Dec
2019: Jan Feb Mar Apr May Jun Jul Aug Sep Oct Nov Dec
2018: Jan Feb Mar Apr May Jun Jul Aug Sep Oct Nov Dec
2017: Jan Feb Mar Apr May Jun Jul Aug Sep Oct Nov Dec
2016: Jan Feb Mar Apr May Jun Jul Aug Sep Oct Nov Dec
2015: Jan Feb Mar Apr May Jun Jul Aug Sep Oct Nov Dec
2014: Jan Feb Mar Apr May Jun Jul Aug Sep Oct Nov Dec
2013: Jan Feb Mar Apr May Jun Jul Aug Sep Oct Nov Dec
2012: Jan Feb Mar Apr May Jun Jul Aug Sep Oct Nov Dec
2011: Jan Feb Mar Apr May Jun Jul Aug Sep Oct Nov Dec
2010: Jan Feb Mar Apr May Jun Jul Aug Sep Oct Nov Dec
2009: Jan Feb Mar Apr May Jun Jul Aug Sep Oct Nov Dec
2008: Jan Feb Mar Apr May Jun Jul Aug Sep Oct Nov Dec
2007: Jan Feb Mar Apr May Jun Jul Aug Sep Oct Nov Dec
2006: Jan Feb Mar Apr May Jun Jul Aug Sep Oct Nov Dec
2005: Jan Feb Mar Apr May Jun Jul Aug Sep Oct Nov Dec
Report for 2006 July
Daily noaa report MONTHLY CLIMATOLOGICAL SUMMARY for JUL. 2006 NAME: Woodbridge CITY: Sachse STATE: Texas ELEV: 502 LAT: 032:60:00 LONG: 0096:57:00 TEMPERATURE ( °F), RAIN (in.), WIND SPEED (mph) HEAT COOL AVG MEAN DEG DEG WIND DOM DAY TEMP HIGH TIME LOW TIME DAYS DAYS RAIN SPEED HIGH TIME DIR -------------------------------------------------------------------------------------------------------- 01 84.5 098.1 16:56 73.8 06:11 00.0 19.6 00.02 02.2 19.6 20:36 S 02 82.5 095.7 17:47 72.3 06:39 00.0 17.6 00.00 02.1 14.9 20:06 S 03 81.9 092.7 17:47 74.3 07:15 00.0 17.0 00.00 01.6 16.1 18:30 SSE 04 82.0 097.0 16:01 74.1 06:26 00.0 17.0 00.00 02.1 31.1 16:11 WSW 05 82.3 082.3 14:00 82.3 14:00 00.0 17.4 00.00 06.9 00.0 14:00 NW 06 83.1 087.1 20:00 79.7 00:00 00.0 18.2 00.40 02.0 08.1 20:01 ENE 07 81.2 090.4 17:20 70.3 07:27 00.0 16.3 00.00 03.2 14.9 17:56 ENE 08 84.0 093.4 17:33 72.3 07:17 00.0 19.1 00.00 01.8 13.8 00:29 E 09 88.0 097.2 16:30 78.6 07:19 00.0 23.0 00.00 02.0 18.4 18:22 S 10 87.9 097.1 16:06 78.1 07:37 00.0 23.0 00.00 04.4 21.9 21:04 SSW 11 88.4 097.3 16:04 79.0 07:14 00.0 23.5 00.00 05.5 23.0 16:37 SSW 12 89.4 099.3 16:23 79.7 07:29 00.0 24.5 00.00 05.1 18.4 17:19 SSW 13 90.5 099.5 16:29 80.4 07:25 00.0 25.6 00.00 04.5 21.9 18:31 SSW 14 90.7 099.5 15:57 81.3 07:33 00.0 25.8 00.00 02.7 17.3 15:58 SSW 15 91.6 100.2 16:28 81.0 07:05 00.0 26.7 00.00 01.4 13.8 14:34 SSW 16 93.4 103.1 15:48 81.7 07:17 00.0 28.5 00.00 01.2 14.9 14:35 SSW 17 92.6 101.8 15:42 84.2 07:26 00.0 27.7 00.00 01.0 14.9 19:00 S 18 93.9 103.8 16:14 82.5 07:02 00.0 29.0 00.00 01.1 12.7 14:23 S 19 93.4 102.5 15:28 82.0 07:14 00.0 28.4 00.00 01.1 14.9 12:44 SSW 20 93.7 102.7 16:17 83.0 07:27 00.0 28.7 00.00 01.9 14.9 17:55 SSW 21 92.1 101.0 15:09 80.4 07:18 00.0 27.2 00.00 00.9 10.3 15:13 SSW 22 89.2 097.0 15:57 82.6 08:53 00.0 24.2 00.00 03.1 16.1 18:03 N 23 81.9 087.4 13:27 76.8 07:29 00.0 17.0 00.06 02.5 26.4 13:40 NE 24 85.5 095.1 15:12 74.4 07:25 00.0 20.6 00.00 02.4 17.3 22:45 SE 25 85.8 095.2 18:19 77.9 07:30 00.0 20.9 00.00 03.8 19.6 16:06 S 26 84.0 093.0 16:47 76.8 07:31 00.0 19.0 00.00 02.8 14.9 04:46 SSE 27 87.6 099.7 15:29 77.3 07:17 00.0 22.7 00.00 03.9 21.9 19:09 S 28 88.3 096.1 15:06 79.7 07:20 00.0 23.4 00.00 04.1 19.6 13:06 S 29 89.6 097.9 16:55 80.4 07:52 00.0 24.6 00.00 04.0 19.6 02:20 SSW 30 91.0 100.0 16:25 81.0 07:39 00.0 26.1 00.00 03.7 19.6 14:43 SSW 31 90.3 097.5 17:21 81.1 07:48 00.0 25.3 00.00 04.7 20.7 14:15 S -------------------------------------------------------------------------------------------------------- 87.8 (87.7) 103.8 day 18 70.3 day 07 000.0 707.4 00.00 02.9 31.1 day 23 S Max > 86: 30 Min < 86: 31 Max Rain: 0.40 ON 6-07-21 Days of Rain: 3 (> .008in) 1 (> .08in) 0 (> 0.8in)