NOAA-Style Climate Reports
Select a Year or Month report
2024: Jan Feb Mar Apr May Jun Jul Aug Sep Oct Nov Dec
2023: Jan Feb Mar Apr May Jun Jul Aug Sep Oct Nov Dec
2022: Jan Feb Mar Apr May Jun Jul Aug Sep Oct Nov Dec
2021: Jan Feb Mar Apr May Jun Jul Aug Sep Oct Nov Dec
2020: Jan Feb Mar Apr May Jun Jul Aug Sep Oct Nov Dec
2019: Jan Feb Mar Apr May Jun Jul Aug Sep Oct Nov Dec
2018: Jan Feb Mar Apr May Jun Jul Aug Sep Oct Nov Dec
2017: Jan Feb Mar Apr May Jun Jul Aug Sep Oct Nov Dec
2016: Jan Feb Mar Apr May Jun Jul Aug Sep Oct Nov Dec
2015: Jan Feb Mar Apr May Jun Jul Aug Sep Oct Nov Dec
2014: Jan Feb Mar Apr May Jun Jul Aug Sep Oct Nov Dec
2013: Jan Feb Mar Apr May Jun Jul Aug Sep Oct Nov Dec
2012: Jan Feb Mar Apr May Jun Jul Aug Sep Oct Nov Dec
2011: Jan Feb Mar Apr May Jun Jul Aug Sep Oct Nov Dec
2010: Jan Feb Mar Apr May Jun Jul Aug Sep Oct Nov Dec
2009: Jan Feb Mar Apr May Jun Jul Aug Sep Oct Nov Dec
2008: Jan Feb Mar Apr May Jun Jul Aug Sep Oct Nov Dec
2007: Jan Feb Mar Apr May Jun Jul Aug Sep Oct Nov Dec
2006: Jan Feb Mar Apr May Jun Jul Aug Sep Oct Nov Dec
2005: Jan Feb Mar Apr May Jun Jul Aug Sep Oct Nov Dec
2024: Jan Feb Mar Apr May Jun Jul Aug Sep Oct Nov Dec
2023: Jan Feb Mar Apr May Jun Jul Aug Sep Oct Nov Dec
2022: Jan Feb Mar Apr May Jun Jul Aug Sep Oct Nov Dec
2021: Jan Feb Mar Apr May Jun Jul Aug Sep Oct Nov Dec
2020: Jan Feb Mar Apr May Jun Jul Aug Sep Oct Nov Dec
2019: Jan Feb Mar Apr May Jun Jul Aug Sep Oct Nov Dec
2018: Jan Feb Mar Apr May Jun Jul Aug Sep Oct Nov Dec
2017: Jan Feb Mar Apr May Jun Jul Aug Sep Oct Nov Dec
2016: Jan Feb Mar Apr May Jun Jul Aug Sep Oct Nov Dec
2015: Jan Feb Mar Apr May Jun Jul Aug Sep Oct Nov Dec
2014: Jan Feb Mar Apr May Jun Jul Aug Sep Oct Nov Dec
2013: Jan Feb Mar Apr May Jun Jul Aug Sep Oct Nov Dec
2012: Jan Feb Mar Apr May Jun Jul Aug Sep Oct Nov Dec
2011: Jan Feb Mar Apr May Jun Jul Aug Sep Oct Nov Dec
2010: Jan Feb Mar Apr May Jun Jul Aug Sep Oct Nov Dec
2009: Jan Feb Mar Apr May Jun Jul Aug Sep Oct Nov Dec
2008: Jan Feb Mar Apr May Jun Jul Aug Sep Oct Nov Dec
2007: Jan Feb Mar Apr May Jun Jul Aug Sep Oct Nov Dec
2006: Jan Feb Mar Apr May Jun Jul Aug Sep Oct Nov Dec
2005: Jan Feb Mar Apr May Jun Jul Aug Sep Oct Nov Dec
Report for 2006 August
Daily noaa report MONTHLY CLIMATOLOGICAL SUMMARY for AUG. 2006 NAME: Woodbridge CITY: Sachse STATE: Texas ELEV: 502 LAT: 032:60:00 LONG: 0096:57:00 TEMPERATURE ( °F), RAIN (in.), WIND SPEED (mph) HEAT COOL AVG MEAN DEG DEG WIND DOM DAY TEMP HIGH TIME LOW TIME DAYS DAYS RAIN SPEED HIGH TIME DIR -------------------------------------------------------------------------------------------------------- 01 89.9 099.0 15:32 80.3 07:24 00.0 25.0 00.00 05.3 26.4 17:39 S 02 89.2 098.1 17:00 79.7 07:22 00.0 24.2 00.00 05.0 23.0 22:49 SSW 03 90.6 100.0 15:05 80.7 07:24 00.0 25.7 00.00 02.7 16.1 10:03 SSW 04 91.8 100.9 15:33 81.7 07:37 00.0 26.9 00.00 01.5 12.7 16:15 SSW 05 91.0 101.1 16:26 81.0 07:14 00.0 26.1 00.00 01.3 13.8 12:59 S 06 88.5 102.4 15:50 81.1 00:00 00.0 23.5 00.00 01.4 33.4 16:04 SE 07 82.4 091.2 12:52 77.0 07:30 00.0 17.5 00.00 00.0 13.8 11:05 NNE 08 87.6 097.5 15:40 77.4 07:03 00.0 22.7 00.00 01.4 13.8 18:07 S 09 90.8 100.0 16:47 80.4 07:52 00.0 25.9 00.00 02.1 12.7 16:52 SSW 10 92.1 101.5 15:01 81.4 07:16 00.0 27.2 00.00 02.3 13.8 10:54 SSW 11 91.9 102.0 15:39 81.1 07:43 00.0 26.9 00.00 02.5 14.9 14:50 S 12 88.3 098.4 15:58 83.1 09:09 00.0 23.4 00.00 01.5 16.1 16:10 SSE 13 90.3 099.7 16:05 80.4 07:47 00.0 25.3 00.00 03.4 20.7 18:58 SSW 14 90.8 100.8 16:02 80.4 08:00 00.0 25.8 00.00 02.4 18.4 09:38 SSW 15 92.3 102.0 15:46 80.5 07:12 00.0 27.4 00.00 01.3 13.8 16:45 SSW 16 93.3 102.4 15:44 79.7 07:17 00.0 28.4 00.00 01.6 14.9 16:22 S 17 92.4 102.0 15:16 80.8 07:22 00.0 27.4 00.00 01.2 16.1 15:33 SSE 18 93.2 102.9 15:36 82.2 07:09 00.0 28.2 00.00 01.0 19.6 17:36 SSE 19 92.7 101.6 15:37 81.9 07:19 00.0 27.8 00.00 00.6 12.7 15:09 S 20 92.6 101.1 15:10 82.0 07:32 00.0 27.6 00.00 00.7 13.8 14:06 S 21 92.0 101.6 15:57 83.3 07:37 00.0 27.1 00.00 01.4 20.7 19:25 ESE 22 87.8 100.6 17:06 80.2 07:26 00.0 22.9 00.02 01.2 27.6 17:14 E 23 86.9 098.9 16:52 77.4 07:40 00.0 22.0 00.00 01.6 19.6 18:21 ESE 24 89.0 099.3 16:45 79.9 07:28 00.0 24.1 00.00 02.0 17.3 14:56 S 25 91.9 100.8 15:08 82.0 07:56 00.0 27.0 00.00 02.4 16.1 11:08 S 26 91.4 100.5 15:55 81.4 07:47 00.0 26.4 00.00 02.3 16.1 20:52 S 27 86.0 098.4 14:01 79.7 22:59 00.0 21.1 00.08 02.0 27.6 16:22 S 28 79.4 082.0 18:28 77.4 00:00 00.0 14.4 00.32 00.5 13.8 13:40 SW 29 81.1 089.2 15:11 75.3 07:35 00.0 16.1 00.00 02.0 16.1 11:27 NW 30 80.1 088.9 16:34 69.8 07:36 00.0 15.2 00.00 01.2 11.5 16:33 NNE -------------------------------------------------------------------------------------------------------- 89.2 (89.4) 102.9 day 18 69.8 day 30 000.0 729.3 00.00 01.9 33.4 day 06 S Max > 86: 29 Min < 86: 30 Max Rain: 0.32 ON 28-08-21 Days of Rain: 3 (> .008in) 1 (> .08in) 0 (> 0.8in)