NOAA-Style Climate Reports
Select a Year or Month report
2024: Jan Feb Mar Apr May Jun Jul Aug Sep Oct Nov Dec
2023: Jan Feb Mar Apr May Jun Jul Aug Sep Oct Nov Dec
2022: Jan Feb Mar Apr May Jun Jul Aug Sep Oct Nov Dec
2021: Jan Feb Mar Apr May Jun Jul Aug Sep Oct Nov Dec
2020: Jan Feb Mar Apr May Jun Jul Aug Sep Oct Nov Dec
2019: Jan Feb Mar Apr May Jun Jul Aug Sep Oct Nov Dec
2018: Jan Feb Mar Apr May Jun Jul Aug Sep Oct Nov Dec
2017: Jan Feb Mar Apr May Jun Jul Aug Sep Oct Nov Dec
2016: Jan Feb Mar Apr May Jun Jul Aug Sep Oct Nov Dec
2015: Jan Feb Mar Apr May Jun Jul Aug Sep Oct Nov Dec
2014: Jan Feb Mar Apr May Jun Jul Aug Sep Oct Nov Dec
2013: Jan Feb Mar Apr May Jun Jul Aug Sep Oct Nov Dec
2012: Jan Feb Mar Apr May Jun Jul Aug Sep Oct Nov Dec
2011: Jan Feb Mar Apr May Jun Jul Aug Sep Oct Nov Dec
2010: Jan Feb Mar Apr May Jun Jul Aug Sep Oct Nov Dec
2009: Jan Feb Mar Apr May Jun Jul Aug Sep Oct Nov Dec
2008: Jan Feb Mar Apr May Jun Jul Aug Sep Oct Nov Dec
2007: Jan Feb Mar Apr May Jun Jul Aug Sep Oct Nov Dec
2006: Jan Feb Mar Apr May Jun Jul Aug Sep Oct Nov Dec
2005: Jan Feb Mar Apr May Jun Jul Aug Sep Oct Nov Dec
2024: Jan Feb Mar Apr May Jun Jul Aug Sep Oct Nov Dec
2023: Jan Feb Mar Apr May Jun Jul Aug Sep Oct Nov Dec
2022: Jan Feb Mar Apr May Jun Jul Aug Sep Oct Nov Dec
2021: Jan Feb Mar Apr May Jun Jul Aug Sep Oct Nov Dec
2020: Jan Feb Mar Apr May Jun Jul Aug Sep Oct Nov Dec
2019: Jan Feb Mar Apr May Jun Jul Aug Sep Oct Nov Dec
2018: Jan Feb Mar Apr May Jun Jul Aug Sep Oct Nov Dec
2017: Jan Feb Mar Apr May Jun Jul Aug Sep Oct Nov Dec
2016: Jan Feb Mar Apr May Jun Jul Aug Sep Oct Nov Dec
2015: Jan Feb Mar Apr May Jun Jul Aug Sep Oct Nov Dec
2014: Jan Feb Mar Apr May Jun Jul Aug Sep Oct Nov Dec
2013: Jan Feb Mar Apr May Jun Jul Aug Sep Oct Nov Dec
2012: Jan Feb Mar Apr May Jun Jul Aug Sep Oct Nov Dec
2011: Jan Feb Mar Apr May Jun Jul Aug Sep Oct Nov Dec
2010: Jan Feb Mar Apr May Jun Jul Aug Sep Oct Nov Dec
2009: Jan Feb Mar Apr May Jun Jul Aug Sep Oct Nov Dec
2008: Jan Feb Mar Apr May Jun Jul Aug Sep Oct Nov Dec
2007: Jan Feb Mar Apr May Jun Jul Aug Sep Oct Nov Dec
2006: Jan Feb Mar Apr May Jun Jul Aug Sep Oct Nov Dec
2005: Jan Feb Mar Apr May Jun Jul Aug Sep Oct Nov Dec
Report for 2007 March
Daily noaa report MONTHLY CLIMATOLOGICAL SUMMARY for MAR. 2007 NAME: Woodbridge CITY: Sachse STATE: Texas ELEV: 502 LAT: 032:60:00 LONG: 0096:57:00 TEMPERATURE ( °F), RAIN (in.), WIND SPEED (mph) HEAT COOL AVG MEAN DEG DEG WIND DOM DAY TEMP HIGH TIME LOW TIME DAYS DAYS RAIN SPEED HIGH TIME DIR -------------------------------------------------------------------------------------------------------- 01 56.4 067.8 03:16 40.6 00:00 08.5 00.0 00.00 10.1 32.2 06:21 WNW 02 49.8 064.5 15:20 35.2 04:28 15.2 00.0 00.00 04.3 19.6 14:07 NW 03 45.0 053.4 15:40 36.4 07:19 19.9 00.0 00.00 07.4 27.6 15:48 NNW 04 42.8 058.7 16:16 29.3 06:32 22.1 00.0 00.00 03.9 19.6 14:17 NW 05 51.7 073.7 15:41 30.6 06:54 13.3 00.0 00.00 02.2 16.1 15:48 S 06 54.4 074.3 14:38 40.4 06:33 10.6 00.0 00.00 03.6 20.7 14:49 S 07 58.7 077.4 13:53 42.1 06:15 06.2 00.0 00.00 03.3 19.6 10:45 SSW 08 61.4 078.9 15:41 44.3 07:07 03.6 00.0 00.00 02.6 18.4 15:18 S 09 67.5 082.4 15:11 57.4 06:51 00.0 02.6 00.00 05.7 28.8 08:33 SW 10 67.5 083.9 14:39 48.2 07:13 00.0 02.5 00.00 02.3 11.5 22:07 E 11 70.5 081.8 16:33 62.1 08:01 00.0 05.5 00.00 05.1 21.9 14:36 SE 12 64.4 072.6 17:40 60.4 09:33 00.5 00.0 00.04 04.0 20.7 07:29 E 13 64.9 080.0 13:49 58.4 17:57 00.0 00.0 00.92 02.7 29.9 17:36 S 14 61.3 070.5 17:00 54.1 08:01 03.7 00.0 00.00 01.7 12.7 13:29 SE 15 65.7 081.1 16:39 52.0 07:13 00.0 00.8 00.01 02.4 19.6 23:54 NNE 16 57.9 066.4 17:21 50.4 00:00 07.0 00.0 00.00 06.7 26.4 04:33 NNE 17 56.8 073.2 17:06 39.3 07:59 08.1 00.0 00.00 03.6 21.9 13:11 SSW 18 63.3 070.9 17:00 54.6 00:45 01.7 00.0 00.00 05.6 21.9 17:33 S 19 67.7 074.8 15:33 62.6 01:37 00.0 02.7 00.00 08.7 33.4 13:23 SSW 20 67.3 077.7 15:27 62.3 04:17 00.0 02.4 00.01 06.2 24.1 16:31 S 21 68.7 076.6 17:03 64.9 00:39 00.0 03.7 00.00 07.1 26.4 16:56 S 22 66.8 072.9 17:48 61.9 03:49 00.0 01.9 00.00 04.1 19.6 18:21 SSE 23 68.2 074.4 13:32 63.1 07:28 00.0 03.2 00.00 04.3 20.7 09:26 S 24 70.0 081.2 17:28 61.6 04:41 00.0 05.1 00.00 04.9 21.9 12:46 S 25 70.3 078.9 17:02 64.9 05:29 00.0 05.3 00.00 04.5 20.7 14:23 S 26 66.9 073.1 13:34 61.4 00:00 00.0 01.9 00.87 04.1 19.6 14:03 SSE 27 67.4 078.7 15:25 59.3 04:35 00.0 02.5 00.19 05.2 21.9 16:49 SSW 28 72.4 082.2 16:44 66.1 06:23 00.0 07.5 00.00 06.4 21.9 16:09 S 29 70.1 076.2 14:02 64.7 00:00 00.0 05.2 00.68 06.5 34.5 22:36 SE 30 66.8 071.7 15:18 60.5 22:46 00.0 01.8 01.78 07.1 34.5 21:26 SSE 31 62.0 071.9 17:27 53.2 08:26 02.9 00.0 00.10 05.5 20.7 10:49 W -------------------------------------------------------------------------------------------------------- 62.7 (63.6) 83.9 day 10 29.3 day 04 123.4 054.6 00.00 04.9 34.5 day 30 S Min < 86: 31 Max Rain: 1.78 ON 30-03-21 Days of Rain: 9 (> .008in) 6 (> .08in) 3 (> 0.8in)