NOAA-Style Climate Reports
Select a Year or Month report
2024: Jan Feb Mar Apr May Jun Jul Aug Sep Oct Nov Dec
2023: Jan Feb Mar Apr May Jun Jul Aug Sep Oct Nov Dec
2022: Jan Feb Mar Apr May Jun Jul Aug Sep Oct Nov Dec
2021: Jan Feb Mar Apr May Jun Jul Aug Sep Oct Nov Dec
2020: Jan Feb Mar Apr May Jun Jul Aug Sep Oct Nov Dec
2019: Jan Feb Mar Apr May Jun Jul Aug Sep Oct Nov Dec
2018: Jan Feb Mar Apr May Jun Jul Aug Sep Oct Nov Dec
2017: Jan Feb Mar Apr May Jun Jul Aug Sep Oct Nov Dec
2016: Jan Feb Mar Apr May Jun Jul Aug Sep Oct Nov Dec
2015: Jan Feb Mar Apr May Jun Jul Aug Sep Oct Nov Dec
2014: Jan Feb Mar Apr May Jun Jul Aug Sep Oct Nov Dec
2013: Jan Feb Mar Apr May Jun Jul Aug Sep Oct Nov Dec
2012: Jan Feb Mar Apr May Jun Jul Aug Sep Oct Nov Dec
2011: Jan Feb Mar Apr May Jun Jul Aug Sep Oct Nov Dec
2010: Jan Feb Mar Apr May Jun Jul Aug Sep Oct Nov Dec
2009: Jan Feb Mar Apr May Jun Jul Aug Sep Oct Nov Dec
2008: Jan Feb Mar Apr May Jun Jul Aug Sep Oct Nov Dec
2007: Jan Feb Mar Apr May Jun Jul Aug Sep Oct Nov Dec
2006: Jan Feb Mar Apr May Jun Jul Aug Sep Oct Nov Dec
2005: Jan Feb Mar Apr May Jun Jul Aug Sep Oct Nov Dec
2024: Jan Feb Mar Apr May Jun Jul Aug Sep Oct Nov Dec
2023: Jan Feb Mar Apr May Jun Jul Aug Sep Oct Nov Dec
2022: Jan Feb Mar Apr May Jun Jul Aug Sep Oct Nov Dec
2021: Jan Feb Mar Apr May Jun Jul Aug Sep Oct Nov Dec
2020: Jan Feb Mar Apr May Jun Jul Aug Sep Oct Nov Dec
2019: Jan Feb Mar Apr May Jun Jul Aug Sep Oct Nov Dec
2018: Jan Feb Mar Apr May Jun Jul Aug Sep Oct Nov Dec
2017: Jan Feb Mar Apr May Jun Jul Aug Sep Oct Nov Dec
2016: Jan Feb Mar Apr May Jun Jul Aug Sep Oct Nov Dec
2015: Jan Feb Mar Apr May Jun Jul Aug Sep Oct Nov Dec
2014: Jan Feb Mar Apr May Jun Jul Aug Sep Oct Nov Dec
2013: Jan Feb Mar Apr May Jun Jul Aug Sep Oct Nov Dec
2012: Jan Feb Mar Apr May Jun Jul Aug Sep Oct Nov Dec
2011: Jan Feb Mar Apr May Jun Jul Aug Sep Oct Nov Dec
2010: Jan Feb Mar Apr May Jun Jul Aug Sep Oct Nov Dec
2009: Jan Feb Mar Apr May Jun Jul Aug Sep Oct Nov Dec
2008: Jan Feb Mar Apr May Jun Jul Aug Sep Oct Nov Dec
2007: Jan Feb Mar Apr May Jun Jul Aug Sep Oct Nov Dec
2006: Jan Feb Mar Apr May Jun Jul Aug Sep Oct Nov Dec
2005: Jan Feb Mar Apr May Jun Jul Aug Sep Oct Nov Dec
Report for 2007 July
Daily noaa report MONTHLY CLIMATOLOGICAL SUMMARY for JUL. 2007 NAME: Woodbridge CITY: Sachse STATE: Texas ELEV: 502 LAT: 032:60:00 LONG: 0096:57:00 TEMPERATURE ( °F), RAIN (in.), WIND SPEED (mph) HEAT COOL AVG MEAN DEG DEG WIND DOM DAY TEMP HIGH TIME LOW TIME DAYS DAYS RAIN SPEED HIGH TIME DIR -------------------------------------------------------------------------------------------------------- 01 76.9 084.2 12:22 74.0 06:54 00.0 12.0 00.07 02.2 14.9 16:28 S 02 77.2 086.5 14:42 72.8 05:57 00.0 12.2 00.09 03.0 19.6 14:09 S 03 76.6 087.2 15:30 73.7 06:32 00.0 11.7 00.06 02.4 16.1 15:49 SE 04 76.7 083.2 15:00 71.0 06:51 00.0 11.8 00.00 02.9 13.8 14:31 ESE 05 73.3 075.2 00:01 71.7 14:09 00.0 08.3 01.43 02.6 12.7 13:11 E 06 78.3 087.3 15:43 71.3 07:29 00.0 13.4 00.02 03.7 14.9 11:27 ENE 07 82.7 093.8 17:26 71.9 06:33 00.0 17.8 00.00 02.3 17.3 22:07 SW 08 79.6 086.1 14:51 74.2 06:53 00.0 14.7 00.35 03.4 21.9 17:11 S 09 82.8 090.7 15:47 76.9 04:43 00.0 17.9 00.00 05.6 21.9 13:46 SSW 10 82.0 092.3 16:58 74.8 21:03 00.0 17.1 00.09 05.7 25.3 15:12 SSW 11 79.8 094.2 13:56 70.6 18:48 00.0 14.9 01.57 02.4 38.0 17:49 SSE 12 82.9 094.6 16:15 72.6 04:48 00.0 18.0 00.00 02.9 17.3 16:18 SSW 13 78.0 084.0 09:49 73.9 00:00 00.0 13.1 00.03 03.6 20.7 12:07 E 14 78.9 088.0 17:10 72.5 06:33 00.0 13.9 00.00 02.4 12.7 18:16 ENE 15 82.2 093.5 16:27 70.8 06:43 00.0 17.3 00.00 01.3 11.5 15:21 ESE 16 83.7 094.4 17:03 72.6 06:49 00.0 18.8 00.00 01.6 12.7 20:04 S 17 82.7 092.7 16:39 73.1 07:00 00.0 17.8 00.00 03.1 18.4 22:17 S 18 81.5 091.3 17:15 71.9 06:58 00.0 16.5 00.00 05.0 25.3 15:43 SSW 19 80.3 091.9 15:09 72.1 05:20 00.0 15.3 00.00 04.1 31.1 17:06 S 20 79.1 090.8 15:06 73.1 03:25 00.0 14.1 00.00 03.3 33.4 15:10 SSW 21 81.4 093.0 15:28 71.7 06:56 00.0 16.5 00.00 02.7 19.6 16:17 SSW 22 81.9 094.4 14:02 73.9 06:46 00.0 16.9 00.00 01.5 13.8 15:32 E 23 79.9 089.4 15:59 72.9 06:57 00.0 14.9 00.00 02.2 12.7 15:29 SE 24 78.9 088.8 16:52 68.0 06:09 00.0 14.0 00.00 02.6 14.9 18:52 SE 25 79.3 090.8 16:49 67.5 06:57 00.0 14.4 00.00 01.4 11.5 18:29 SSE 26 78.7 089.3 15:41 70.3 06:06 00.0 13.7 00.36 02.5 20.7 19:04 SSW 27 80.1 090.7 16:48 72.3 00:22 00.0 15.1 00.00 02.0 14.9 19:48 SSE 28 81.0 089.9 15:23 74.1 07:11 00.0 16.0 00.03 01.4 13.8 12:47 ESE 29 80.7 090.6 13:23 74.1 06:54 00.0 15.8 00.09 01.3 17.3 13:36 ESE 30 81.1 089.1 12:32 74.9 06:31 00.0 16.2 01.15 01.4 21.9 13:31 SE 31 80.5 090.1 13:40 76.8 02:34 00.0 15.6 00.21 02.0 11.5 15:05 ESE -------------------------------------------------------------------------------------------------------- 80.0 (81.1) 94.6 day 12 67.5 day 25 000.0 465.7 00.00 02.7 38.0 day 11 SSE Max > 86: 27 Min < 86: 31 Max Rain: 1.57 ON 11-07-21 Days of Rain: 14 (> .008in) 9 (> .08in) 3 (> 0.8in)