NOAA-Style Climate Reports
Select a Year or Month report
2024: Jan Feb Mar Apr May Jun Jul Aug Sep Oct Nov Dec
2023: Jan Feb Mar Apr May Jun Jul Aug Sep Oct Nov Dec
2022: Jan Feb Mar Apr May Jun Jul Aug Sep Oct Nov Dec
2021: Jan Feb Mar Apr May Jun Jul Aug Sep Oct Nov Dec
2020: Jan Feb Mar Apr May Jun Jul Aug Sep Oct Nov Dec
2019: Jan Feb Mar Apr May Jun Jul Aug Sep Oct Nov Dec
2018: Jan Feb Mar Apr May Jun Jul Aug Sep Oct Nov Dec
2017: Jan Feb Mar Apr May Jun Jul Aug Sep Oct Nov Dec
2016: Jan Feb Mar Apr May Jun Jul Aug Sep Oct Nov Dec
2015: Jan Feb Mar Apr May Jun Jul Aug Sep Oct Nov Dec
2014: Jan Feb Mar Apr May Jun Jul Aug Sep Oct Nov Dec
2013: Jan Feb Mar Apr May Jun Jul Aug Sep Oct Nov Dec
2012: Jan Feb Mar Apr May Jun Jul Aug Sep Oct Nov Dec
2011: Jan Feb Mar Apr May Jun Jul Aug Sep Oct Nov Dec
2010: Jan Feb Mar Apr May Jun Jul Aug Sep Oct Nov Dec
2009: Jan Feb Mar Apr May Jun Jul Aug Sep Oct Nov Dec
2008: Jan Feb Mar Apr May Jun Jul Aug Sep Oct Nov Dec
2007: Jan Feb Mar Apr May Jun Jul Aug Sep Oct Nov Dec
2006: Jan Feb Mar Apr May Jun Jul Aug Sep Oct Nov Dec
2005: Jan Feb Mar Apr May Jun Jul Aug Sep Oct Nov Dec
2024: Jan Feb Mar Apr May Jun Jul Aug Sep Oct Nov Dec
2023: Jan Feb Mar Apr May Jun Jul Aug Sep Oct Nov Dec
2022: Jan Feb Mar Apr May Jun Jul Aug Sep Oct Nov Dec
2021: Jan Feb Mar Apr May Jun Jul Aug Sep Oct Nov Dec
2020: Jan Feb Mar Apr May Jun Jul Aug Sep Oct Nov Dec
2019: Jan Feb Mar Apr May Jun Jul Aug Sep Oct Nov Dec
2018: Jan Feb Mar Apr May Jun Jul Aug Sep Oct Nov Dec
2017: Jan Feb Mar Apr May Jun Jul Aug Sep Oct Nov Dec
2016: Jan Feb Mar Apr May Jun Jul Aug Sep Oct Nov Dec
2015: Jan Feb Mar Apr May Jun Jul Aug Sep Oct Nov Dec
2014: Jan Feb Mar Apr May Jun Jul Aug Sep Oct Nov Dec
2013: Jan Feb Mar Apr May Jun Jul Aug Sep Oct Nov Dec
2012: Jan Feb Mar Apr May Jun Jul Aug Sep Oct Nov Dec
2011: Jan Feb Mar Apr May Jun Jul Aug Sep Oct Nov Dec
2010: Jan Feb Mar Apr May Jun Jul Aug Sep Oct Nov Dec
2009: Jan Feb Mar Apr May Jun Jul Aug Sep Oct Nov Dec
2008: Jan Feb Mar Apr May Jun Jul Aug Sep Oct Nov Dec
2007: Jan Feb Mar Apr May Jun Jul Aug Sep Oct Nov Dec
2006: Jan Feb Mar Apr May Jun Jul Aug Sep Oct Nov Dec
2005: Jan Feb Mar Apr May Jun Jul Aug Sep Oct Nov Dec
Report for 2007 August
Daily noaa report MONTHLY CLIMATOLOGICAL SUMMARY for AUG. 2007 NAME: Woodbridge CITY: Sachse STATE: Texas ELEV: 502 LAT: 032:60:00 LONG: 0096:57:00 TEMPERATURE ( °F), RAIN (in.), WIND SPEED (mph) HEAT COOL AVG MEAN DEG DEG WIND DOM DAY TEMP HIGH TIME LOW TIME DAYS DAYS RAIN SPEED HIGH TIME DIR -------------------------------------------------------------------------------------------------------- 01 78.4 090.9 15:29 73.6 23:53 00.0 13.4 00.00 01.8 13.8 16:56 N 02 81.2 092.0 17:19 72.9 04:22 00.0 16.2 00.00 01.5 16.1 19:36 N 03 84.2 094.4 17:24 74.5 05:10 00.0 19.3 00.00 01.8 12.7 13:16 N 04 84.6 093.4 15:39 76.3 06:41 00.0 19.6 00.00 03.1 19.6 13:07 N 05 84.7 093.9 16:48 75.5 07:17 00.0 19.7 00.00 04.2 19.6 12:17 N 06 85.2 094.0 16:26 77.1 07:14 00.0 20.2 00.00 05.7 20.7 17:42 N 07 84.8 094.0 16:18 75.8 07:17 00.0 19.9 00.00 06.1 21.9 15:52 N 08 85.2 094.8 16:57 75.5 07:16 00.0 20.2 00.00 05.2 24.1 16:29 N 09 84.2 096.1 16:34 72.8 07:20 00.0 19.2 00.00 02.5 12.7 15:54 N 10 85.1 097.4 17:10 71.9 06:53 00.0 20.1 00.00 01.5 11.5 18:53 N 11 86.8 099.1 16:35 74.4 07:13 00.0 21.9 00.00 01.4 11.5 18:05 N 12 89.3 101.6 17:14 76.6 06:28 00.0 24.4 00.00 01.1 11.5 18:04 N 13 88.1 102.0 15:15 75.7 05:23 00.0 23.2 00.00 01.4 11.5 16:32 N 14 89.3 101.7 16:56 75.9 06:52 00.0 24.4 00.00 00.9 10.3 14:25 N 15 89.5 100.9 16:43 78.3 07:24 00.0 24.5 00.00 01.9 13.8 17:07 N 16 85.7 095.4 16:59 76.7 07:01 00.0 20.7 00.00 03.2 23.0 18:09 N 17 79.7 091.1 14:10 73.9 20:30 00.0 14.8 00.00 02.2 21.9 18:02 N 18 82.2 090.5 14:26 75.0 06:52 00.0 17.3 00.00 04.3 19.6 22:55 N 19 83.4 091.7 17:10 77.2 07:11 00.0 18.4 00.00 07.0 23.0 12:13 N 20 84.1 093.4 15:27 75.6 07:17 00.0 19.2 00.00 06.8 24.1 09:25 N 21 83.8 093.4 16:34 73.9 07:22 00.0 18.9 00.00 04.6 19.6 17:07 N 22 84.6 093.4 17:36 75.9 07:34 00.0 19.6 00.00 04.0 17.3 13:21 N 23 85.3 095.5 16:08 77.0 07:13 00.0 20.4 00.00 05.6 21.9 10:32 SSW 24 85.0 095.0 16:31 76.0 07:13 00.0 20.0 00.00 05.0 19.6 15:18 ESE 25 84.1 094.1 13:43 75.7 07:18 00.0 19.1 00.00 04.0 26.4 14:18 ENE 26 85.4 097.1 17:08 73.7 07:22 00.0 20.5 00.00 02.2 11.5 15:03 N 27 84.6 096.8 17:38 72.4 07:13 00.0 19.6 00.00 02.0 13.8 14:05 E 28 84.2 095.1 15:52 73.6 07:38 00.0 19.2 00.00 01.9 12.7 14:20 SE 29 80.7 094.9 14:38 74.1 00:00 00.0 15.8 00.00 02.0 19.6 15:55 N 30 78.4 092.6 15:03 73.2 01:43 00.0 13.5 00.00 02.2 26.4 16:05 NNW 31 81.3 092.7 16:01 71.6 07:01 00.0 16.4 00.00 03.0 24.1 16:21 NNE -------------------------------------------------------------------------------------------------------- 84.3 (85.0) 102.0 day 13 71.6 day 31 000.0 599.8 00.00 03.2 26.5 day 30 N Max > 86: 31 Min < 86: 31 Max Rain: 0.00 ON 11-08-21 Days of Rain: 0 (> .008in) 0 (> .08in) 0 (> 0.8in)