NOAA-Style Climate Reports
Select a Year or Month report
2024: Jan Feb Mar Apr May Jun Jul Aug Sep Oct Nov Dec
2023: Jan Feb Mar Apr May Jun Jul Aug Sep Oct Nov Dec
2022: Jan Feb Mar Apr May Jun Jul Aug Sep Oct Nov Dec
2021: Jan Feb Mar Apr May Jun Jul Aug Sep Oct Nov Dec
2020: Jan Feb Mar Apr May Jun Jul Aug Sep Oct Nov Dec
2019: Jan Feb Mar Apr May Jun Jul Aug Sep Oct Nov Dec
2018: Jan Feb Mar Apr May Jun Jul Aug Sep Oct Nov Dec
2017: Jan Feb Mar Apr May Jun Jul Aug Sep Oct Nov Dec
2016: Jan Feb Mar Apr May Jun Jul Aug Sep Oct Nov Dec
2015: Jan Feb Mar Apr May Jun Jul Aug Sep Oct Nov Dec
2014: Jan Feb Mar Apr May Jun Jul Aug Sep Oct Nov Dec
2013: Jan Feb Mar Apr May Jun Jul Aug Sep Oct Nov Dec
2012: Jan Feb Mar Apr May Jun Jul Aug Sep Oct Nov Dec
2011: Jan Feb Mar Apr May Jun Jul Aug Sep Oct Nov Dec
2010: Jan Feb Mar Apr May Jun Jul Aug Sep Oct Nov Dec
2009: Jan Feb Mar Apr May Jun Jul Aug Sep Oct Nov Dec
2008: Jan Feb Mar Apr May Jun Jul Aug Sep Oct Nov Dec
2007: Jan Feb Mar Apr May Jun Jul Aug Sep Oct Nov Dec
2006: Jan Feb Mar Apr May Jun Jul Aug Sep Oct Nov Dec
2005: Jan Feb Mar Apr May Jun Jul Aug Sep Oct Nov Dec
2024: Jan Feb Mar Apr May Jun Jul Aug Sep Oct Nov Dec
2023: Jan Feb Mar Apr May Jun Jul Aug Sep Oct Nov Dec
2022: Jan Feb Mar Apr May Jun Jul Aug Sep Oct Nov Dec
2021: Jan Feb Mar Apr May Jun Jul Aug Sep Oct Nov Dec
2020: Jan Feb Mar Apr May Jun Jul Aug Sep Oct Nov Dec
2019: Jan Feb Mar Apr May Jun Jul Aug Sep Oct Nov Dec
2018: Jan Feb Mar Apr May Jun Jul Aug Sep Oct Nov Dec
2017: Jan Feb Mar Apr May Jun Jul Aug Sep Oct Nov Dec
2016: Jan Feb Mar Apr May Jun Jul Aug Sep Oct Nov Dec
2015: Jan Feb Mar Apr May Jun Jul Aug Sep Oct Nov Dec
2014: Jan Feb Mar Apr May Jun Jul Aug Sep Oct Nov Dec
2013: Jan Feb Mar Apr May Jun Jul Aug Sep Oct Nov Dec
2012: Jan Feb Mar Apr May Jun Jul Aug Sep Oct Nov Dec
2011: Jan Feb Mar Apr May Jun Jul Aug Sep Oct Nov Dec
2010: Jan Feb Mar Apr May Jun Jul Aug Sep Oct Nov Dec
2009: Jan Feb Mar Apr May Jun Jul Aug Sep Oct Nov Dec
2008: Jan Feb Mar Apr May Jun Jul Aug Sep Oct Nov Dec
2007: Jan Feb Mar Apr May Jun Jul Aug Sep Oct Nov Dec
2006: Jan Feb Mar Apr May Jun Jul Aug Sep Oct Nov Dec
2005: Jan Feb Mar Apr May Jun Jul Aug Sep Oct Nov Dec
Report for 2007 September
Daily noaa report MONTHLY CLIMATOLOGICAL SUMMARY for SEP. 2007 NAME: Woodbridge CITY: Sachse STATE: Texas ELEV: 502 LAT: 032:58:44 LONG: 0096:34:01 TEMPERATURE ( °F), RAIN (in.), WIND SPEED (mph) HEAT COOL AVG MEAN DEG DEG WIND DOM DAY TEMP HIGH TIME LOW TIME DAYS DAYS RAIN SPEED HIGH TIME DIR ---------------------------------------------------------------------------------------------------------------------------------------------------------- 01 81.9 92.3 17:10p 73.2 07:43a 00.0 16.9 00.00 02.7 16.1 16:37p E 02 79.9 92.4 14:43p 69.1 07:27a 00.0 14.9 00.00 02.6 16.1 14:08p E 03 78.3 87.7 14:14p 73.2 07:26a 00.0 13.3 00.00 01.8 12.7 20:09p S 04 75.7 86.4 21:00p 71.9 06:14a 00.0 10.8 00.08 01.4 11.5 12:02p SW 05 78.1 87.9 17:33p 71.2 03:12a 00.0 13.1 01.48 05.2 25.3 07:43a S 06 82.3 90.1 13:26p 76.3 07:34a 00.0 17.4 00.00 06.0 24.2 13:45p S 07 83.2 91.9 16:50p 74.5 07:20a 00.0 18.2 00.00 04.8 19.6 15:04p SSW 08 83.8 93.9 14:32p 75.7 07:17a 00.0 18.9 00.00 03.2 15.0 16:11p S 09 77.8 91.2 12:15p 72.0 14:17p 00.0 12.9 01.58 02.5 19.6 13:39p S 10 73.6 76.0 18:11p 72.0 23:44p 00.0 08.7 01.05 01.9 19.6 10:38a WNW 11 71.4 77.8 17:20p 65.5 00:00a 00.0 06.4 00.00 05.1 20.7 09:20a NNE 12 71.8 82.7 14:29p 63.0 06:20a 00.0 06.8 00.00 02.5 13.8 14:24p ENE 13 76.2 85.4 17:51p 69.7 06:30a 00.0 11.3 00.00 01.6 06.9 19:44p ENE 14 78.8 87.7 15:39p 69.3 06:40a 00.0 13.8 00.00 02.5 15.0 14:28p ENE 15 75.9 87.4 16:20p 64.5 06:48a 00.0 10.9 00.00 03.3 12.7 00:35a E 16 77.8 89.3 15:51p 67.5 07:13a 00.0 12.9 00.00 03.1 16.1 11:01a SSE 17 77.8 89.2 17:01p 66.2 06:45a 00.0 12.9 00.00 03.0 18.4 13:13p S 18 78.5 89.6 15:58p 67.1 07:38a 00.0 13.6 00.00 03.3 17.3 11:32a S 19 80.8 90.4 16:19p 73.0 06:48a 00.0 15.9 00.00 03.0 13.8 14:26p SSE 20 79.8 90.5 15:43p 70.0 07:48a 00.0 14.8 00.00 02.3 11.5 18:58p ESE 21 77.9 90.3 16:08p 64.9 07:04a 00.0 12.9 00.00 01.4 13.8 14:27p SSE 22 77.6 90.5 15:06p 65.5 07:15a 00.0 12.7 00.00 02.1 16.1 13:10p ESE 23 76.3 87.6 14:31p 68.7 03:29a 00.0 11.4 00.00 01.8 15.0 17:36p SE 24 77.8 88.4 16:26p 68.5 07:06a 00.0 12.8 00.00 03.1 17.3 15:16p S 25 80.4 90.8 16:03p 72.2 07:51a 00.0 15.5 00.00 02.9 12.7 03:12a SSE 26 79.4 91.2 13:14p 71.7 00:00a 00.0 14.5 00.22 02.8 19.6 15:28p S 27 79.2 92.0 16:27p 70.5 03:38a 00.0 14.3 00.00 02.3 17.3 05:59a E 28 77.7 89.1 15:30p 69.6 05:12a 00.0 12.8 00.00 03.9 16.1 10:01a ESE 29 76.6 88.6 16:35p 65.8 07:53a 00.0 11.6 00.00 03.5 13.8 11:54a SE 30 31 ---------------------------------------------------------------------------------------------------------------------------------------------------------- 78.1 (79.1) 93.9 day 08 63.0 day 12 0.0 383.0 4.41 3.0 16.1 day 06 SSE Max > 90.0: 14 Max Rain: 1.58 ON 9-09-07 Days of Rain: 5 (> .008in) 4 (> .08in) 3 (> 0.8in)