NOAA-Style Climate Reports
Select a Year or Month report
2024: Jan Feb Mar Apr May Jun Jul Aug Sep Oct Nov Dec
2023: Jan Feb Mar Apr May Jun Jul Aug Sep Oct Nov Dec
2022: Jan Feb Mar Apr May Jun Jul Aug Sep Oct Nov Dec
2021: Jan Feb Mar Apr May Jun Jul Aug Sep Oct Nov Dec
2020: Jan Feb Mar Apr May Jun Jul Aug Sep Oct Nov Dec
2019: Jan Feb Mar Apr May Jun Jul Aug Sep Oct Nov Dec
2018: Jan Feb Mar Apr May Jun Jul Aug Sep Oct Nov Dec
2017: Jan Feb Mar Apr May Jun Jul Aug Sep Oct Nov Dec
2016: Jan Feb Mar Apr May Jun Jul Aug Sep Oct Nov Dec
2015: Jan Feb Mar Apr May Jun Jul Aug Sep Oct Nov Dec
2014: Jan Feb Mar Apr May Jun Jul Aug Sep Oct Nov Dec
2013: Jan Feb Mar Apr May Jun Jul Aug Sep Oct Nov Dec
2012: Jan Feb Mar Apr May Jun Jul Aug Sep Oct Nov Dec
2011: Jan Feb Mar Apr May Jun Jul Aug Sep Oct Nov Dec
2010: Jan Feb Mar Apr May Jun Jul Aug Sep Oct Nov Dec
2009: Jan Feb Mar Apr May Jun Jul Aug Sep Oct Nov Dec
2008: Jan Feb Mar Apr May Jun Jul Aug Sep Oct Nov Dec
2007: Jan Feb Mar Apr May Jun Jul Aug Sep Oct Nov Dec
2006: Jan Feb Mar Apr May Jun Jul Aug Sep Oct Nov Dec
2005: Jan Feb Mar Apr May Jun Jul Aug Sep Oct Nov Dec
2024: Jan Feb Mar Apr May Jun Jul Aug Sep Oct Nov Dec
2023: Jan Feb Mar Apr May Jun Jul Aug Sep Oct Nov Dec
2022: Jan Feb Mar Apr May Jun Jul Aug Sep Oct Nov Dec
2021: Jan Feb Mar Apr May Jun Jul Aug Sep Oct Nov Dec
2020: Jan Feb Mar Apr May Jun Jul Aug Sep Oct Nov Dec
2019: Jan Feb Mar Apr May Jun Jul Aug Sep Oct Nov Dec
2018: Jan Feb Mar Apr May Jun Jul Aug Sep Oct Nov Dec
2017: Jan Feb Mar Apr May Jun Jul Aug Sep Oct Nov Dec
2016: Jan Feb Mar Apr May Jun Jul Aug Sep Oct Nov Dec
2015: Jan Feb Mar Apr May Jun Jul Aug Sep Oct Nov Dec
2014: Jan Feb Mar Apr May Jun Jul Aug Sep Oct Nov Dec
2013: Jan Feb Mar Apr May Jun Jul Aug Sep Oct Nov Dec
2012: Jan Feb Mar Apr May Jun Jul Aug Sep Oct Nov Dec
2011: Jan Feb Mar Apr May Jun Jul Aug Sep Oct Nov Dec
2010: Jan Feb Mar Apr May Jun Jul Aug Sep Oct Nov Dec
2009: Jan Feb Mar Apr May Jun Jul Aug Sep Oct Nov Dec
2008: Jan Feb Mar Apr May Jun Jul Aug Sep Oct Nov Dec
2007: Jan Feb Mar Apr May Jun Jul Aug Sep Oct Nov Dec
2006: Jan Feb Mar Apr May Jun Jul Aug Sep Oct Nov Dec
2005: Jan Feb Mar Apr May Jun Jul Aug Sep Oct Nov Dec
Report for 2008 March
Daily noaa report MONTHLY CLIMATOLOGICAL SUMMARY for MAR. 2008 NAME: Woodbridge CITY: Sachse STATE: Texas ELEV: 502 LAT: 032:58:44 LONG: 0096:34:01 TEMPERATURE ( °F), RAIN (in.), WIND SPEED (mph) HEAT COOL AVG MEAN DEG DEG WIND DOM DAY TEMP HIGH TIME LOW TIME DAYS DAYS RAIN SPEED HIGH TIME DIR ---------------------------------------------------------------------------------------------------------------------------------------------------------- 01 02 03 38.2 43.6 09:41 32.4 22:48 26.7 00.0 01.37 10.4 27.6 18:08 NNW 04 43.1 56.4 15:59 32.3 07:18 21.9 00.0 00.26 05.3 23.0 00:19 NW 05 54.1 70.0 14:59 41.5 06:59 10.9 00.0 00.00 06.5 20.7 12:59 SW 06 37.5 48.0 00:29 33.3 18:10 27.4 00.0 01.27 08.7 27.6 14:59 NNE 07 39.9 51.9 15:53 31.6 07:22 25.1 00.0 00.03 07.5 24.2 18:59 NNW 08 37.9 51.2 16:00 24.0 07:18 27.0 00.0 00.00 03.4 15.0 16:20 SSE 09 53.4 69.7 17:31 37.6 07:48 11.5 00.0 00.36 03.4 15.0 16:55 SE 10 53.7 59.5 17:31 46.8 00:00 11.3 00.0 00.64 03.7 17.3 00:44 ENE 11 53.1 69.3 16:51 41.6 04:22 11.9 00.0 00.01 01.9 12.7 15:29 SSW 12 60.5 78.2 14:29 43.3 07:35 04.4 00.0 00.00 05.8 28.8 15:50 SSW 13 61.3 71.6 18:00 53.4 07:47 03.6 00.0 00.00 08.1 26.5 16:16 SSW 14 64.0 82.7 17:28 45.4 06:37 00.9 00.0 00.00 03.4 19.6 15:23 SSW 15 61.6 69.4 02:27 51.1 00:00 03.3 00.0 00.00 07.5 26.5 12:52 N 16 59.1 74.4 17:44 44.6 07:23 05.9 00.0 00.00 07.7 24.2 22:40 ESE 17 71.6 81.3 17:16 56.2 07:41 00.0 06.7 00.00 07.6 32.2 14:16 SSE 18 60.3 71.3 00:47 49.6 20:47 04.6 00.0 05.81 09.7 32.2 19:55 NNE 19 53.8 66.1 16:38 45.2 00:00 11.2 00.0 00.35 09.1 33.4 01:54 NNW 20 56.5 72.3 17:01 39.3 07:54 08.4 00.0 00.00 05.3 25.3 17:21 SSW 21 61.4 76.6 16:58 49.0 07:53 03.6 00.0 00.00 05.7 24.2 12:01 SSW 22 61.0 73.3 16:36 49.7 07:40 03.9 00.0 00.00 04.9 19.6 22:55 ENE 23 53.0 59.0 17:37 44.0 23:53 12.0 00.0 00.00 06.1 20.7 16:50 NNE 24 50.0 64.1 16:18 33.6 07:00 14.9 00.0 00.00 03.8 19.6 18:31 SSE 25 61.9 77.0 16:37 49.0 07:56 03.1 00.0 00.00 11.8 36.8 13:07 SSW 26 67.7 76.4 17:25 62.2 07:33 00.0 02.7 00.00 11.4 36.8 22:37 SSW 27 71.7 81.3 14:53 64.8 08:26 00.0 06.7 00.00 12.6 36.8 00:01 SSW 28 58.5 70.1 00:02 51.4 11:28 06.4 00.0 00.02 05.8 23.0 01:37 N 29 56.8 64.6 16:05 50.4 03:54 08.2 00.0 00.04 02.3 11.5 18:22 E 30 70.4 82.7 15:28 60.5 01:13 00.0 05.5 00.00 04.7 19.6 19:10 SSE 31 73.0 81.1 16:39 69.0 01:04 00.0 08.1 00.06 10.0 39.1 17:53 SSW ---------------------------------------------------------------------------------------------------------------------------------------------------------- 56.7 (57.3) 82.7 day 30 24.0 day 08 268.0 029.7 10.40 06.7 39.1 day 27 SSW Min < 86: 29 Max Rain: 5.81 ON 18-03-08 Days of Rain: 12 (> .008in) 7 (> .08in) 3 (> 0.8in)