NOAA-Style Climate Reports
Select a Year or Month report
2024: Jan Feb Mar Apr May Jun Jul Aug Sep Oct Nov Dec
2023: Jan Feb Mar Apr May Jun Jul Aug Sep Oct Nov Dec
2022: Jan Feb Mar Apr May Jun Jul Aug Sep Oct Nov Dec
2021: Jan Feb Mar Apr May Jun Jul Aug Sep Oct Nov Dec
2020: Jan Feb Mar Apr May Jun Jul Aug Sep Oct Nov Dec
2019: Jan Feb Mar Apr May Jun Jul Aug Sep Oct Nov Dec
2018: Jan Feb Mar Apr May Jun Jul Aug Sep Oct Nov Dec
2017: Jan Feb Mar Apr May Jun Jul Aug Sep Oct Nov Dec
2016: Jan Feb Mar Apr May Jun Jul Aug Sep Oct Nov Dec
2015: Jan Feb Mar Apr May Jun Jul Aug Sep Oct Nov Dec
2014: Jan Feb Mar Apr May Jun Jul Aug Sep Oct Nov Dec
2013: Jan Feb Mar Apr May Jun Jul Aug Sep Oct Nov Dec
2012: Jan Feb Mar Apr May Jun Jul Aug Sep Oct Nov Dec
2011: Jan Feb Mar Apr May Jun Jul Aug Sep Oct Nov Dec
2010: Jan Feb Mar Apr May Jun Jul Aug Sep Oct Nov Dec
2009: Jan Feb Mar Apr May Jun Jul Aug Sep Oct Nov Dec
2008: Jan Feb Mar Apr May Jun Jul Aug Sep Oct Nov Dec
2007: Jan Feb Mar Apr May Jun Jul Aug Sep Oct Nov Dec
2006: Jan Feb Mar Apr May Jun Jul Aug Sep Oct Nov Dec
2005: Jan Feb Mar Apr May Jun Jul Aug Sep Oct Nov Dec
2024: Jan Feb Mar Apr May Jun Jul Aug Sep Oct Nov Dec
2023: Jan Feb Mar Apr May Jun Jul Aug Sep Oct Nov Dec
2022: Jan Feb Mar Apr May Jun Jul Aug Sep Oct Nov Dec
2021: Jan Feb Mar Apr May Jun Jul Aug Sep Oct Nov Dec
2020: Jan Feb Mar Apr May Jun Jul Aug Sep Oct Nov Dec
2019: Jan Feb Mar Apr May Jun Jul Aug Sep Oct Nov Dec
2018: Jan Feb Mar Apr May Jun Jul Aug Sep Oct Nov Dec
2017: Jan Feb Mar Apr May Jun Jul Aug Sep Oct Nov Dec
2016: Jan Feb Mar Apr May Jun Jul Aug Sep Oct Nov Dec
2015: Jan Feb Mar Apr May Jun Jul Aug Sep Oct Nov Dec
2014: Jan Feb Mar Apr May Jun Jul Aug Sep Oct Nov Dec
2013: Jan Feb Mar Apr May Jun Jul Aug Sep Oct Nov Dec
2012: Jan Feb Mar Apr May Jun Jul Aug Sep Oct Nov Dec
2011: Jan Feb Mar Apr May Jun Jul Aug Sep Oct Nov Dec
2010: Jan Feb Mar Apr May Jun Jul Aug Sep Oct Nov Dec
2009: Jan Feb Mar Apr May Jun Jul Aug Sep Oct Nov Dec
2008: Jan Feb Mar Apr May Jun Jul Aug Sep Oct Nov Dec
2007: Jan Feb Mar Apr May Jun Jul Aug Sep Oct Nov Dec
2006: Jan Feb Mar Apr May Jun Jul Aug Sep Oct Nov Dec
2005: Jan Feb Mar Apr May Jun Jul Aug Sep Oct Nov Dec
Report for 2008 November
Daily noaa report MONTHLY CLIMATOLOGICAL SUMMARY for NOV. 2008 NAME: Woodbridge CITY: Sachse STATE: Texas ELEV: 502 LAT: 032:58:44 LONG: 0096:34:01 TEMPERATURE ( °F), RAIN (in.), WIND SPEED (mph) HEAT COOL AVG MEAN DEG DEG WIND DOM DAY TEMP HIGH TIME LOW TIME DAYS DAYS RAIN SPEED HIGH TIME DIR ---------------------------------------------------------------------------------------------------------------------------------------------------------- 01 69.0 83.4 15:28 58.0 08:15 00.0 04.0 00.00 02.3 12.7 02:39 SW 02 69.1 83.5 14:47 59.0 07:34 00.0 04.1 00.00 03.3 13.8 14:51 SSW 03 66.0 78.1 14:02 55.1 07:04 00.0 01.0 00.00 03.7 18.4 14:44 S 04 66.4 78.7 14:27 55.5 07:10 00.0 01.4 00.00 04.3 20.7 23:01 S 05 71.1 81.2 14:23 63.6 02:57 00.0 06.2 00.00 09.4 33.4 14:46 SSW 06 61.1 72.7 13:57 48.4 22:58 03.8 00.0 00.14 03.6 32.2 01:36 WNW 07 54.7 70.1 13:42 41.6 06:28 10.2 00.0 00.00 02.6 19.6 12:00 NW 08 57.3 72.0 14:14 44.2 07:41 07.7 00.0 00.00 02.5 16.1 13:46 NW 09 56.6 71.2 14:54 42.3 03:18 08.3 00.0 00.00 03.7 16.1 13:19 ESE 10 58.5 63.6 21:00 53.9 06:23 06.4 00.0 02.51 05.3 23.0 15:31 SE 11 62.5 71.3 14:52 58.1 00:00 02.5 00.0 00.53 02.0 23.0 04:43 SSE 12 59.3 67.6 14:00 50.5 00:00 05.6 00.0 00.00 01.3 12.7 13:54 ENE 13 59.0 73.1 14:00 46.7 04:01 05.9 00.0 00.01 02.3 18.4 15:28 SSW 14 62.0 72.8 11:47 49.9 00:00 02.9 00.0 00.00 06.6 31.1 17:16 NNW 15 45.8 53.6 14:00 34.4 00:00 19.1 00.0 00.00 08.2 33.4 10:11 NNW 16 48.4 67.0 14:32 32.9 02:29 16.6 00.0 00.00 02.6 17.3 12:31 SW 17 56.1 77.1 13:41 38.0 07:17 08.8 00.0 00.00 02.3 19.6 20:08 WSW 18 51.0 60.6 14:30 44.9 22:35 14.0 00.0 00.00 03.6 19.6 08:28 ENE 19 56.7 76.6 14:30 40.2 07:09 08.2 00.0 00.00 04.0 19.6 13:53 SSW 20 50.7 60.0 11:52 41.2 00:00 14.2 00.0 00.00 06.4 27.6 22:38 NNE 21 40.4 48.8 14:03 32.5 07:21 24.5 00.0 00.00 03.8 26.5 00:39 NE 22 46.4 53.0 17:29 37.8 02:25 18.5 00.0 00.00 03.1 15.0 12:54 SSE 23 59.4 69.4 13:13 51.0 02:27 05.5 00.0 00.00 03.6 20.7 15:41 SSW 24 56.6 64.8 01:29 38.3 00:00 08.3 00.0 00.00 04.7 26.5 14:12 N 25 50.2 70.1 14:03 33.0 07:25 14.7 00.0 00.00 02.5 17.3 15:01 SSW 26 54.0 69.2 13:17 44.6 07:14 11.0 00.0 00.00 02.8 18.4 10:59 SSW 27 55.1 70.4 13:05 40.2 07:23 09.9 00.0 00.00 00.4 04.6 14:31 NW 28 52.0 56.1 02:35 46.0 00:00 13.0 00.0 00.48 02.3 23.0 07:49 N 29 46.9 57.2 13:41 41.4 21:31 18.0 00.0 00.00 04.1 25.3 14:37 NW 30 48.6 57.1 14:05 41.8 23:37 16.3 00.0 00.00 10.4 38.0 13:23 NW ---------------------------------------------------------------------------------------------------------------------------------------------------------- 56.4 (56.9) 83.5 day 02 32.5 day 21 274.1 016.8 03.67 03.9 38.0 day 30 WSW Min < 86: 30 Max Rain: 2.51 ON 10-11-08 Days of Rain: 5 (> .008in) 4 (> .08in) 1 (> 0.8in)