NOAA-Style Climate Reports
Select a Year or Month report
2024: Jan Feb Mar Apr May Jun Jul Aug Sep Oct Nov Dec
2023: Jan Feb Mar Apr May Jun Jul Aug Sep Oct Nov Dec
2022: Jan Feb Mar Apr May Jun Jul Aug Sep Oct Nov Dec
2021: Jan Feb Mar Apr May Jun Jul Aug Sep Oct Nov Dec
2020: Jan Feb Mar Apr May Jun Jul Aug Sep Oct Nov Dec
2019: Jan Feb Mar Apr May Jun Jul Aug Sep Oct Nov Dec
2018: Jan Feb Mar Apr May Jun Jul Aug Sep Oct Nov Dec
2017: Jan Feb Mar Apr May Jun Jul Aug Sep Oct Nov Dec
2016: Jan Feb Mar Apr May Jun Jul Aug Sep Oct Nov Dec
2015: Jan Feb Mar Apr May Jun Jul Aug Sep Oct Nov Dec
2014: Jan Feb Mar Apr May Jun Jul Aug Sep Oct Nov Dec
2013: Jan Feb Mar Apr May Jun Jul Aug Sep Oct Nov Dec
2012: Jan Feb Mar Apr May Jun Jul Aug Sep Oct Nov Dec
2011: Jan Feb Mar Apr May Jun Jul Aug Sep Oct Nov Dec
2010: Jan Feb Mar Apr May Jun Jul Aug Sep Oct Nov Dec
2009: Jan Feb Mar Apr May Jun Jul Aug Sep Oct Nov Dec
2008: Jan Feb Mar Apr May Jun Jul Aug Sep Oct Nov Dec
2007: Jan Feb Mar Apr May Jun Jul Aug Sep Oct Nov Dec
2006: Jan Feb Mar Apr May Jun Jul Aug Sep Oct Nov Dec
2005: Jan Feb Mar Apr May Jun Jul Aug Sep Oct Nov Dec
2024: Jan Feb Mar Apr May Jun Jul Aug Sep Oct Nov Dec
2023: Jan Feb Mar Apr May Jun Jul Aug Sep Oct Nov Dec
2022: Jan Feb Mar Apr May Jun Jul Aug Sep Oct Nov Dec
2021: Jan Feb Mar Apr May Jun Jul Aug Sep Oct Nov Dec
2020: Jan Feb Mar Apr May Jun Jul Aug Sep Oct Nov Dec
2019: Jan Feb Mar Apr May Jun Jul Aug Sep Oct Nov Dec
2018: Jan Feb Mar Apr May Jun Jul Aug Sep Oct Nov Dec
2017: Jan Feb Mar Apr May Jun Jul Aug Sep Oct Nov Dec
2016: Jan Feb Mar Apr May Jun Jul Aug Sep Oct Nov Dec
2015: Jan Feb Mar Apr May Jun Jul Aug Sep Oct Nov Dec
2014: Jan Feb Mar Apr May Jun Jul Aug Sep Oct Nov Dec
2013: Jan Feb Mar Apr May Jun Jul Aug Sep Oct Nov Dec
2012: Jan Feb Mar Apr May Jun Jul Aug Sep Oct Nov Dec
2011: Jan Feb Mar Apr May Jun Jul Aug Sep Oct Nov Dec
2010: Jan Feb Mar Apr May Jun Jul Aug Sep Oct Nov Dec
2009: Jan Feb Mar Apr May Jun Jul Aug Sep Oct Nov Dec
2008: Jan Feb Mar Apr May Jun Jul Aug Sep Oct Nov Dec
2007: Jan Feb Mar Apr May Jun Jul Aug Sep Oct Nov Dec
2006: Jan Feb Mar Apr May Jun Jul Aug Sep Oct Nov Dec
2005: Jan Feb Mar Apr May Jun Jul Aug Sep Oct Nov Dec
Report for 2010 May
Daily noaa report MONTHLY CLIMATOLOGICAL SUMMARY for MAY. 2010 NAME: Woodbridge CITY: Sachse STATE: Texas ELEV: 502 LAT: 032:58:44 LONG: 0096:34:01 TEMPERATURE ( °F), RAIN (in.), WIND SPEED (mph) HEAT COOL AVG MEAN DEG DEG WIND DOM DAY TEMP HIGH TIME LOW TIME DAYS DAYS RAIN SPEED HIGH TIME DIR ---------------------------------------------------------------------------------------------------------------------------------------------------------- 01 70.6 79.2 16:59 59.9 07:02 00.0 05.7 00.05 07.5 24.1 21:02 N 02 69.4 85.1 16:16 59.5 05:28 00.0 04.5 00.00 06.8 23.0 16:02 SSW 03 67.2 89.7 14:50 52.3 06:38 00.0 02.2 00.25 09.0 35.6 19:02 WSW 04 68.3 84.4 16:25 51.2 06:01 00.0 03.4 00.00 07.1 21.9 18:02 S 05 77.7 92.8 14:45 62.9 05:51 00.0 12.8 00.00 03.6 18.4 16:28 S 06 76.7 88.3 16:19 62.9 04:16 00.0 11.8 00.00 05.5 25.3 23:46 SSE 07 75.5 85.0 15:28 66.8 00:00 00.0 10.5 00.00 08.3 28.8 00:55 WSW 08 67.0 76.8 16:34 57.6 07:05 00.0 02.1 00.00 06.4 26.4 09:36 ENE 09 61.9 66.3 16:12 55.7 08:02 03.0 00.0 00.11 06.4 23.0 14:07 E 10 74.4 84.4 17:40 61.0 00:09 00.0 09.5 00.00 09.1 38.0 15:22 S 11 79.8 89.7 14:56 71.9 07:22 00.0 14.8 00.00 07.8 26.4 14:56 S 12 79.5 86.4 15:03 72.1 06:46 00.0 14.6 00.00 07.2 26.4 10:21 SSE 13 79.1 87.9 13:56 71.9 22:52 00.0 14.1 00.00 05.9 26.4 01:11 SE 14 71.0 84.6 12:32 63.7 16:22 00.0 06.0 00.56 05.3 34.5 14:11 E 15 71.5 82.0 17:02 63.3 03:05 00.0 06.5 00.01 02.0 13.8 03:41 NE 16 76.5 87.5 16:14 64.4 06:59 00.0 11.5 00.00 01.4 11.5 12:57 E 17 76.3 91.5 14:39 67.4 05:16 00.0 11.3 00.00 02.2 26.4 18:33 W 18 74.4 84.8 16:04 65.1 06:07 00.0 09.5 00.00 03.5 14.9 15:32 E 19 78.5 87.3 15:54 69.8 07:00 00.0 13.6 00.00 06.7 26.4 15:44 SSE 20 77.2 83.8 17:32 67.5 12:57 00.0 12.2 00.33 05.6 25.3 12:17 SSE 21 77.8 89.4 17:16 66.1 05:47 00.0 12.9 00.00 02.6 13.8 17:06 SSE 22 80.4 88.8 16:37 73.8 05:42 00.0 15.4 00.00 06.1 23.0 13:29 SSE 23 82.9 92.2 16:07 75.2 06:17 00.0 18.0 00.00 06.4 23.0 14:23 SSE 24 81.4 90.6 16:05 72.4 04:44 00.0 16.4 00.00 05.5 20.7 11:43 SSE 25 80.1 91.5 16:02 70.2 05:27 00.0 15.1 00.00 02.9 14.9 13:11 SSE 26 82.2 94.6 17:09 69.9 06:33 00.0 17.3 00.00 01.7 17.3 17:51 ESE 27 82.1 93.6 15:00 69.7 06:34 00.0 17.2 00.00 01.5 11.5 16:41 ENE 28 83.2 94.2 16:37 70.6 06:27 00.0 18.3 00.00 01.8 13.8 14:26 NE 29 83.4 94.6 16:12 70.3 06:08 00.0 18.5 00.00 02.3 12.7 16:26 E 30 84.5 98.9 14:18 73.0 05:53 00.0 19.6 00.00 02.5 19.6 15:58 SE 31 79.3 79.3 23:54 79.3 23:54 00.0 14.4 00.00 01.1 01.1 23:54 ESE ---------------------------------------------------------------------------------------------------------------------------------------------------------- 78.8 (76.8) 98.9 day 30 51.2 day 04 003.0 1183.3 01.31 02.1 38.0 day 03 SSE Max > 86: 20 Min < 86: 85 Max Rain: 0.56 ON 14-05-10 Days of Rain: 6 (> .008in) 4 (> .08in) 0 (> 0.8in)