NOAA-Style Climate Reports
Select a Year or Month report
2024: Jan Feb Mar Apr May Jun Jul Aug Sep Oct Nov Dec
2023: Jan Feb Mar Apr May Jun Jul Aug Sep Oct Nov Dec
2022: Jan Feb Mar Apr May Jun Jul Aug Sep Oct Nov Dec
2021: Jan Feb Mar Apr May Jun Jul Aug Sep Oct Nov Dec
2020: Jan Feb Mar Apr May Jun Jul Aug Sep Oct Nov Dec
2019: Jan Feb Mar Apr May Jun Jul Aug Sep Oct Nov Dec
2018: Jan Feb Mar Apr May Jun Jul Aug Sep Oct Nov Dec
2017: Jan Feb Mar Apr May Jun Jul Aug Sep Oct Nov Dec
2016: Jan Feb Mar Apr May Jun Jul Aug Sep Oct Nov Dec
2015: Jan Feb Mar Apr May Jun Jul Aug Sep Oct Nov Dec
2014: Jan Feb Mar Apr May Jun Jul Aug Sep Oct Nov Dec
2013: Jan Feb Mar Apr May Jun Jul Aug Sep Oct Nov Dec
2012: Jan Feb Mar Apr May Jun Jul Aug Sep Oct Nov Dec
2011: Jan Feb Mar Apr May Jun Jul Aug Sep Oct Nov Dec
2010: Jan Feb Mar Apr May Jun Jul Aug Sep Oct Nov Dec
2009: Jan Feb Mar Apr May Jun Jul Aug Sep Oct Nov Dec
2008: Jan Feb Mar Apr May Jun Jul Aug Sep Oct Nov Dec
2007: Jan Feb Mar Apr May Jun Jul Aug Sep Oct Nov Dec
2006: Jan Feb Mar Apr May Jun Jul Aug Sep Oct Nov Dec
2005: Jan Feb Mar Apr May Jun Jul Aug Sep Oct Nov Dec
2024: Jan Feb Mar Apr May Jun Jul Aug Sep Oct Nov Dec
2023: Jan Feb Mar Apr May Jun Jul Aug Sep Oct Nov Dec
2022: Jan Feb Mar Apr May Jun Jul Aug Sep Oct Nov Dec
2021: Jan Feb Mar Apr May Jun Jul Aug Sep Oct Nov Dec
2020: Jan Feb Mar Apr May Jun Jul Aug Sep Oct Nov Dec
2019: Jan Feb Mar Apr May Jun Jul Aug Sep Oct Nov Dec
2018: Jan Feb Mar Apr May Jun Jul Aug Sep Oct Nov Dec
2017: Jan Feb Mar Apr May Jun Jul Aug Sep Oct Nov Dec
2016: Jan Feb Mar Apr May Jun Jul Aug Sep Oct Nov Dec
2015: Jan Feb Mar Apr May Jun Jul Aug Sep Oct Nov Dec
2014: Jan Feb Mar Apr May Jun Jul Aug Sep Oct Nov Dec
2013: Jan Feb Mar Apr May Jun Jul Aug Sep Oct Nov Dec
2012: Jan Feb Mar Apr May Jun Jul Aug Sep Oct Nov Dec
2011: Jan Feb Mar Apr May Jun Jul Aug Sep Oct Nov Dec
2010: Jan Feb Mar Apr May Jun Jul Aug Sep Oct Nov Dec
2009: Jan Feb Mar Apr May Jun Jul Aug Sep Oct Nov Dec
2008: Jan Feb Mar Apr May Jun Jul Aug Sep Oct Nov Dec
2007: Jan Feb Mar Apr May Jun Jul Aug Sep Oct Nov Dec
2006: Jan Feb Mar Apr May Jun Jul Aug Sep Oct Nov Dec
2005: Jan Feb Mar Apr May Jun Jul Aug Sep Oct Nov Dec
Report for 2010 September
Daily noaa report MONTHLY CLIMATOLOGICAL SUMMARY for SEP. 2010 NAME: Woodbridge CITY: Sachse STATE: Texas ELEV: 502 LAT: 032:58:44 LONG: 0096:34:01 TEMPERATURE ( °F), RAIN (in.), WIND SPEED (mph) HEAT COOL AVG MEAN DEG DEG WIND DOM DAY TEMP HIGH TIME LOW TIME DAYS DAYS RAIN SPEED HIGH TIME DIR ---------------------------------------------------------------------------------------------------------------------------------------------------------- 01 81.4 93.2 13:18 76.7 00:00 00.0 16.5 00.06 04.4 19.6 16:00 SSE 02 76.1 79.5 19:33 73.6 09:26 00.0 11.2 00.20 02.3 19.6 07:51 S 03 77.1 87.5 16:48 69.9 08:34 00.0 12.1 00.00 05.3 20.7 14:26 N 04 76.7 90.6 16:54 63.1 07:39 00.0 11.7 00.00 02.0 12.7 09:26 NE 05 78.5 93.5 16:56 62.6 07:32 00.0 13.5 00.00 02.8 19.6 15:36 SSE 06 82.6 95.3 16:25 70.0 07:25 00.0 17.6 00.00 05.3 21.9 18:24 SSE 07 77.7 84.7 13:51 74.2 22:03 00.0 12.7 00.50 03.4 19.6 23:08 ESE 08 76.9 82.5 17:36 73.7 03:42 00.0 11.9 04.38 09.2 33.4 10:49 ESE 09 83.1 93.7 15:54 77.5 02:08 00.0 18.2 00.52 05.9 27.6 02:11 S 10 83.9 93.4 16:24 76.5 07:26 00.0 18.9 00.00 05.8 21.9 15:19 S 11 85.1 95.9 16:14 78.3 05:58 00.0 20.1 00.00 03.5 19.6 19:43 S 12 85.4 95.3 15:52 77.5 07:42 00.0 20.4 00.00 02.6 12.7 11:54 E 13 85.1 94.2 16:52 76.6 07:38 00.0 20.2 00.00 02.7 13.8 13:16 SE 14 82.6 95.9 14:56 73.2 00:00 00.0 17.6 00.58 03.2 25.3 18:08 SSE 15 81.4 93.8 15:24 70.3 07:37 00.0 16.4 00.00 02.7 21.9 13:53 S 16 82.7 94.2 15:47 73.0 07:46 00.0 17.8 00.00 01.9 11.5 13:03 SSE 17 82.7 96.5 14:37 74.2 08:03 00.0 17.8 00.00 01.2 18.4 17:06 SE 18 84.3 95.1 15:56 72.8 07:40 00.0 19.4 00.00 01.3 12.7 15:56 SE 19 84.3 95.2 15:24 73.0 07:45 00.0 19.3 00.00 00.9 11.5 23:39 SSE 20 82.6 92.2 15:10 72.3 07:54 00.0 17.6 00.00 03.0 17.3 21:49 S 21 79.1 88.8 16:42 70.5 05:28 00.0 14.2 00.00 03.6 18.4 18:36 SSE 22 81.4 91.5 15:13 73.5 07:32 00.0 16.4 00.00 03.8 19.6 13:01 SSE 23 82.6 92.7 15:38 75.4 05:35 00.0 17.6 00.00 06.6 24.1 12:38 S 24 80.9 92.9 14:22 75.1 06:18 00.0 16.0 00.00 03.2 16.1 18:51 SSE 25 74.2 77.7 18:02 70.7 00:00 00.0 09.2 01.13 00.8 11.5 17:06 N 26 68.9 76.2 15:42 59.0 00:00 00.0 04.0 00.00 04.6 23.0 11:36 N 27 64.1 77.0 15:48 53.2 07:18 00.8 00.0 00.00 02.7 14.9 11:43 N 28 70.1 86.7 16:43 52.8 07:05 00.0 05.1 00.00 01.7 13.8 17:34 WNW 29 73.3 86.2 16:21 60.6 07:47 00.0 08.3 00.00 01.8 13.8 15:27 N 30 75.2 89.2 15:46 61.3 07:50 00.0 10.3 00.00 03.5 04.6 23:54 N ---------------------------------------------------------------------------------------------------------------------------------------------------------- 77.9 (78.7) 95.9 day 11 52.8 day 28 000.8 259.7 07.38 13.2 33.4 day 14 SE Max > 86: 14 Min < 86: 20 Max Rain: 4.38 ON 8-09-10 Days of Rain: 7 (> .008in) 6 (> .08in) 2 (> 0.8in)