NOAA-Style Climate Reports
Select a Year or Month report
2024: Jan Feb Mar Apr May Jun Jul Aug Sep Oct Nov Dec
2023: Jan Feb Mar Apr May Jun Jul Aug Sep Oct Nov Dec
2022: Jan Feb Mar Apr May Jun Jul Aug Sep Oct Nov Dec
2021: Jan Feb Mar Apr May Jun Jul Aug Sep Oct Nov Dec
2020: Jan Feb Mar Apr May Jun Jul Aug Sep Oct Nov Dec
2019: Jan Feb Mar Apr May Jun Jul Aug Sep Oct Nov Dec
2018: Jan Feb Mar Apr May Jun Jul Aug Sep Oct Nov Dec
2017: Jan Feb Mar Apr May Jun Jul Aug Sep Oct Nov Dec
2016: Jan Feb Mar Apr May Jun Jul Aug Sep Oct Nov Dec
2015: Jan Feb Mar Apr May Jun Jul Aug Sep Oct Nov Dec
2014: Jan Feb Mar Apr May Jun Jul Aug Sep Oct Nov Dec
2013: Jan Feb Mar Apr May Jun Jul Aug Sep Oct Nov Dec
2012: Jan Feb Mar Apr May Jun Jul Aug Sep Oct Nov Dec
2011: Jan Feb Mar Apr May Jun Jul Aug Sep Oct Nov Dec
2010: Jan Feb Mar Apr May Jun Jul Aug Sep Oct Nov Dec
2009: Jan Feb Mar Apr May Jun Jul Aug Sep Oct Nov Dec
2008: Jan Feb Mar Apr May Jun Jul Aug Sep Oct Nov Dec
2007: Jan Feb Mar Apr May Jun Jul Aug Sep Oct Nov Dec
2006: Jan Feb Mar Apr May Jun Jul Aug Sep Oct Nov Dec
2005: Jan Feb Mar Apr May Jun Jul Aug Sep Oct Nov Dec
2024: Jan Feb Mar Apr May Jun Jul Aug Sep Oct Nov Dec
2023: Jan Feb Mar Apr May Jun Jul Aug Sep Oct Nov Dec
2022: Jan Feb Mar Apr May Jun Jul Aug Sep Oct Nov Dec
2021: Jan Feb Mar Apr May Jun Jul Aug Sep Oct Nov Dec
2020: Jan Feb Mar Apr May Jun Jul Aug Sep Oct Nov Dec
2019: Jan Feb Mar Apr May Jun Jul Aug Sep Oct Nov Dec
2018: Jan Feb Mar Apr May Jun Jul Aug Sep Oct Nov Dec
2017: Jan Feb Mar Apr May Jun Jul Aug Sep Oct Nov Dec
2016: Jan Feb Mar Apr May Jun Jul Aug Sep Oct Nov Dec
2015: Jan Feb Mar Apr May Jun Jul Aug Sep Oct Nov Dec
2014: Jan Feb Mar Apr May Jun Jul Aug Sep Oct Nov Dec
2013: Jan Feb Mar Apr May Jun Jul Aug Sep Oct Nov Dec
2012: Jan Feb Mar Apr May Jun Jul Aug Sep Oct Nov Dec
2011: Jan Feb Mar Apr May Jun Jul Aug Sep Oct Nov Dec
2010: Jan Feb Mar Apr May Jun Jul Aug Sep Oct Nov Dec
2009: Jan Feb Mar Apr May Jun Jul Aug Sep Oct Nov Dec
2008: Jan Feb Mar Apr May Jun Jul Aug Sep Oct Nov Dec
2007: Jan Feb Mar Apr May Jun Jul Aug Sep Oct Nov Dec
2006: Jan Feb Mar Apr May Jun Jul Aug Sep Oct Nov Dec
2005: Jan Feb Mar Apr May Jun Jul Aug Sep Oct Nov Dec
Report for 2011 March
Daily noaa report MONTHLY CLIMATOLOGICAL SUMMARY for MAR. 2011 NAME: Woodbridge CITY: Sachse STATE: Texas ELEV: 502 LAT: 032:58:44 LONG: 0096:34:01 TEMPERATURE ( °F), RAIN (in.), WIND SPEED (mph) HEAT COOL AVG MEAN DEG DEG WIND DOM DAY TEMP HIGH TIME LOW TIME DAYS DAYS RAIN SPEED HIGH TIME DIR ---------------------------------------------------------------------------------------------------------------------------------------------------------- 01 52.3 068.5 15:36 36.3 06:13 12.7 00.0 00.00 01.4 12.7 10:52 NE 02 58.1 073.2 15:15 44.2 07:18 06.9 00.0 00.00 02.3 12.7 10:31 ESE 03 62.0 075.4 15:44 47.3 07:32 02.9 00.0 00.00 05.6 24.1 14:43 SSE 04 61.4 063.4 00:07 61.1 00:00 03.6 00.0 00.00 00.7 20.7 00:06 SSE 05 53.7 061.1 08:00 42.4 00:00 11.2 00.0 00.00 04.8 26.4 14:30 SW 06 51.2 061.4 15:37 32.6 06:01 13.7 00.0 00.00 02.9 14.9 15:43 ENE 07 54.9 063.0 17:04 46.6 07:09 10.0 00.0 00.00 06.9 20.7 09:21 SE 08 64.6 081.4 15:06 53.6 00:00 00.3 00.0 00.09 06.2 26.4 13:08 SE 09 54.5 064.5 15:59 46.7 07:08 10.4 00.0 00.00 07.6 28.8 16:13 NW 10 52.9 066.5 16:05 40.5 07:31 12.0 00.0 00.00 02.8 18.4 12:29 NW 11 59.0 076.5 14:41 41.4 05:16 05.9 00.0 00.00 07.4 33.4 14:56 S 12 66.1 078.7 15:00 53.7 06:46 00.0 01.2 00.00 08.2 25.3 16:11 S 13 67.8 074.4 16:00 62.0 08:20 00.0 02.9 00.00 06.6 21.9 12:38 S 14 53.9 066.7 00:01 46.3 09:27 11.0 00.0 00.12 07.4 27.6 06:57 NW 15 51.1 063.8 14:49 36.9 06:35 13.8 00.0 00.00 01.5 12.7 18:02 NE 16 62.7 072.9 15:20 53.9 04:21 02.3 00.0 00.00 05.2 25.3 18:04 SE 17 75.0 084.4 16:25 65.6 07:13 00.0 07.1 00.00 08.4 31.1 16:01 S 18 69.4 072.1 15:20 66.9 09:47 02.3 00.0 00.00 05.2 25.3 18:04 SE 19 75.6 082.9 16:55 62.4 02:16 00.0 06.5 00.00 06.7 23.1 10:54 S 20 70.8 080.6 15:15 61.8 07:19 00.0 05.9 00.00 07.6 28.8 14:24 SSE 21 71.8 082.2 16:59 61.7 05:17 00.0 06.8 00.00 08.7 28.8 16:19 S 22 71.6 080.3 16:21 65.2 04:19 00.0 06.7 00.00 12.2 40.3 09:48 S 23 70.5 081.4 15:15 60.8 00:00 00.0 05.6 00.00 05.4 19.6 16:08 WSW 24 65.0 077.3 17:18 49.6 08:25 00.0 00.1 00.00 03.7 19.6 14:51 E 25 71.9 084.2 15:44 59.5 05:29 00.0 07.0 00.00 06.2 25.3 11:04 S 26 71.8 087.4 13:11 51.0 00:00 00.0 06.8 00.00 08.9 26.4 14:55 WSW 27 49.9 052.7 16:23 48.0 03:56 15.0 00.0 00.00 04.1 18.4 04:43 NNE 28 51.4 057.5 17:41 48.3 08:46 13.5 00.0 00.00 03.9 14.9 12:40 ENE 29 51.6 053.5 00:08 48.6 00:00 13.3 00.0 00.02 04.4 19.6 19:12 NNE 30 47.8 054.5 16:49 41.5 06:02 17.1 00.0 00.00 03.2 13.8 07:21 N 31 56.7 074.7 18:19 39.5 05:05 08.2 00.0 00.00 02.4 19.6 15:49 SW ---------------------------------------------------------------------------------------------------------------------------------------------------------- 60.3 (60.4) 87.4 day 26 32.6 day 06 184.0 050.0 00.23 05.4 40.3 day 11 S Max > 86: 1 Min < 86: 29 Max Rain: 0.12 ON 14-03-11 Days of Rain: 3 (> .008in) 2 (> .08in) 0 (> 0.8in)