NOAA-Style Climate Reports
Select a Year or Month report
2024: Jan Feb Mar Apr May Jun Jul Aug Sep Oct Nov Dec
2023: Jan Feb Mar Apr May Jun Jul Aug Sep Oct Nov Dec
2022: Jan Feb Mar Apr May Jun Jul Aug Sep Oct Nov Dec
2021: Jan Feb Mar Apr May Jun Jul Aug Sep Oct Nov Dec
2020: Jan Feb Mar Apr May Jun Jul Aug Sep Oct Nov Dec
2019: Jan Feb Mar Apr May Jun Jul Aug Sep Oct Nov Dec
2018: Jan Feb Mar Apr May Jun Jul Aug Sep Oct Nov Dec
2017: Jan Feb Mar Apr May Jun Jul Aug Sep Oct Nov Dec
2016: Jan Feb Mar Apr May Jun Jul Aug Sep Oct Nov Dec
2015: Jan Feb Mar Apr May Jun Jul Aug Sep Oct Nov Dec
2014: Jan Feb Mar Apr May Jun Jul Aug Sep Oct Nov Dec
2013: Jan Feb Mar Apr May Jun Jul Aug Sep Oct Nov Dec
2012: Jan Feb Mar Apr May Jun Jul Aug Sep Oct Nov Dec
2011: Jan Feb Mar Apr May Jun Jul Aug Sep Oct Nov Dec
2010: Jan Feb Mar Apr May Jun Jul Aug Sep Oct Nov Dec
2009: Jan Feb Mar Apr May Jun Jul Aug Sep Oct Nov Dec
2008: Jan Feb Mar Apr May Jun Jul Aug Sep Oct Nov Dec
2007: Jan Feb Mar Apr May Jun Jul Aug Sep Oct Nov Dec
2006: Jan Feb Mar Apr May Jun Jul Aug Sep Oct Nov Dec
2005: Jan Feb Mar Apr May Jun Jul Aug Sep Oct Nov Dec
2024: Jan Feb Mar Apr May Jun Jul Aug Sep Oct Nov Dec
2023: Jan Feb Mar Apr May Jun Jul Aug Sep Oct Nov Dec
2022: Jan Feb Mar Apr May Jun Jul Aug Sep Oct Nov Dec
2021: Jan Feb Mar Apr May Jun Jul Aug Sep Oct Nov Dec
2020: Jan Feb Mar Apr May Jun Jul Aug Sep Oct Nov Dec
2019: Jan Feb Mar Apr May Jun Jul Aug Sep Oct Nov Dec
2018: Jan Feb Mar Apr May Jun Jul Aug Sep Oct Nov Dec
2017: Jan Feb Mar Apr May Jun Jul Aug Sep Oct Nov Dec
2016: Jan Feb Mar Apr May Jun Jul Aug Sep Oct Nov Dec
2015: Jan Feb Mar Apr May Jun Jul Aug Sep Oct Nov Dec
2014: Jan Feb Mar Apr May Jun Jul Aug Sep Oct Nov Dec
2013: Jan Feb Mar Apr May Jun Jul Aug Sep Oct Nov Dec
2012: Jan Feb Mar Apr May Jun Jul Aug Sep Oct Nov Dec
2011: Jan Feb Mar Apr May Jun Jul Aug Sep Oct Nov Dec
2010: Jan Feb Mar Apr May Jun Jul Aug Sep Oct Nov Dec
2009: Jan Feb Mar Apr May Jun Jul Aug Sep Oct Nov Dec
2008: Jan Feb Mar Apr May Jun Jul Aug Sep Oct Nov Dec
2007: Jan Feb Mar Apr May Jun Jul Aug Sep Oct Nov Dec
2006: Jan Feb Mar Apr May Jun Jul Aug Sep Oct Nov Dec
2005: Jan Feb Mar Apr May Jun Jul Aug Sep Oct Nov Dec
Report for 2011 April
Daily noaa report MONTHLY CLIMATOLOGICAL SUMMARY for APR. 2011 NAME: Woodbridge CITY: Sachse STATE: Texas ELEV: 502 LAT: 032:58:44 LONG: 0096:34:01 TEMPERATURE ( °F), RAIN (in.), WIND SPEED (mph) HEAT COOL AVG MEAN DEG DEG WIND DOM DAY TEMP HIGH TIME LOW TIME DAYS DAYS RAIN SPEED HIGH TIME DIR ---------------------------------------------------------------------------------------------------------------------------------------------------------- 01 68.5 088.4 15:03 47.8 07:17 00.0 03.5 00.00 02.8 20.7 15:18 ESE 02 71.3 085.6 15:56 55.3 07:14 00.0 06.4 00.00 04.1 19.6 16:50 ESE 03 74.8 084.4 16:15 67.8 05:28 00.0 09.9 00.00 10.9 33.4 14:43 S 04 63.8 075.5 04:08 49.0 00:00 01.2 00.0 01.32 10.3 38.0 15:55 NW 05 56.5 072.0 16:21 38.9 07:43 08.4 00.0 00.00 04.4 23.0 15:31 SSW 06 66.5 081.4 16:32 51.9 07:41 00.0 01.6 00.00 09.5 33.4 11:43 S 07 70.3 079.8 16:38 64.3 06:33 00.0 05.4 00.00 07.4 24.1 17:22 S 08 77.4 088.9 15:42 67.5 00:01 00.0 12.4 00.00 05.8 25.3 16:06 SSE 09 78.7 089.8 15:51 67.9 07:50 00.0 13.8 00.00 07.7 27.6 14:06 SSE 10 78.6 087.6 15:23 69.9 07:56 00.0 13.6 00.00 08.5 32.2 11:38 S 11 68.0 078.3 00:01 57.8 00:00 00.0 03.1 01.21 06.6 56.4 02:04 WNW 12 64.5 078.9 16:03 48.7 07:29 00.4 00.0 00.00 01.0 11.5 19:11 ESE 13 66.6 080.0 16:32 52.4 07:37 00.0 01.7 00.00 02.8 18.4 15:13 SSE 14 72.8 083.1 15:19 57.9 23:42 00.0 07.8 00.68 07.4 42.5 23:08 SSE 15 63.0 073.1 16:18 53.2 07:07 01.9 00.0 00.00 11.8 47.1 17:47 WNW 16 62.4 075.2 16:03 50.8 07:36 02.6 00.0 00.00 04.9 21.9 03:07 WNW 17 67.4 082.1 16:10 51.3 07:00 00.0 02.4 00.00 06.4 31.1 18:01 SSE 18 78.5 089.3 17:31 68.4 02:30 00.0 13.5 00.00 09.8 27.6 12:37 S 19 78.3 090.0 15:47 70.6 00:00 00.0 13.4 00.64 08.4 34.5 00:22 SSW 20 63.7 070.6 00:01 59.5 10:07 01.2 00.0 00.00 04.8 19.6 22:36 NE 21 68.5 084.8 17:06 58.6 08:22 00.0 03.6 00.01 05.2 21.9 01:01 ESE 22 80.0 088.3 16:36 72.5 07:00 00.0 15.1 00.00 10.6 34.5 14:32 S 23 79.0 086.7 17:33 72.6 05:59 00.0 14.0 00.02 08.6 31.1 12:02 S 24 76.8 087.0 16:31 67.9 23:33 00.0 11.8 00.27 07.3 27.6 15:51 S 25 73.2 080.5 15:03 67.1 00:00 00.0 08.3 00.54 06.3 27.6 10:46 S 26 64.6 072.9 15:55 58.5 07:40 00.3 00.0 00.19 03.3 16.1 16:18 NE 27 63.9 069.4 15:31 56.1 00:00 01.0 00.0 00.00 07.0 32.2 10:27 WNW 28 62.1 077.2 16:25 44.9 07:18 02.9 00.0 00.00 01.3 12.7 12:08 NW 29 69.6 083.5 17:28 55.1 04:43 00.0 04.6 00.00 06.6 26.4 22:22 SSE 30 75.2 086.2 17:19 65.8 03:12 00.0 10.3 00.00 06.3 29.9 04:07 S ---------------------------------------------------------------------------------------------------------------------------------------------------------- 70.1 (70.3) 90.0 day 19 38.9 day 05 020.0 176.3 04.88 06.6 56.4 day 15 S Max > 86: 10 Min < 86: 30 Max Rain: 1.32 ON 4-04-11 Days of Rain: 9 (> .008in) 7 (> .08in) 2 (> 0.8in)