NOAA-Style Climate Reports
Select a Year or Month report
2024: Jan Feb Mar Apr May Jun Jul Aug Sep Oct Nov Dec
2023: Jan Feb Mar Apr May Jun Jul Aug Sep Oct Nov Dec
2022: Jan Feb Mar Apr May Jun Jul Aug Sep Oct Nov Dec
2021: Jan Feb Mar Apr May Jun Jul Aug Sep Oct Nov Dec
2020: Jan Feb Mar Apr May Jun Jul Aug Sep Oct Nov Dec
2019: Jan Feb Mar Apr May Jun Jul Aug Sep Oct Nov Dec
2018: Jan Feb Mar Apr May Jun Jul Aug Sep Oct Nov Dec
2017: Jan Feb Mar Apr May Jun Jul Aug Sep Oct Nov Dec
2016: Jan Feb Mar Apr May Jun Jul Aug Sep Oct Nov Dec
2015: Jan Feb Mar Apr May Jun Jul Aug Sep Oct Nov Dec
2014: Jan Feb Mar Apr May Jun Jul Aug Sep Oct Nov Dec
2013: Jan Feb Mar Apr May Jun Jul Aug Sep Oct Nov Dec
2012: Jan Feb Mar Apr May Jun Jul Aug Sep Oct Nov Dec
2011: Jan Feb Mar Apr May Jun Jul Aug Sep Oct Nov Dec
2010: Jan Feb Mar Apr May Jun Jul Aug Sep Oct Nov Dec
2009: Jan Feb Mar Apr May Jun Jul Aug Sep Oct Nov Dec
2008: Jan Feb Mar Apr May Jun Jul Aug Sep Oct Nov Dec
2007: Jan Feb Mar Apr May Jun Jul Aug Sep Oct Nov Dec
2006: Jan Feb Mar Apr May Jun Jul Aug Sep Oct Nov Dec
2005: Jan Feb Mar Apr May Jun Jul Aug Sep Oct Nov Dec
2024: Jan Feb Mar Apr May Jun Jul Aug Sep Oct Nov Dec
2023: Jan Feb Mar Apr May Jun Jul Aug Sep Oct Nov Dec
2022: Jan Feb Mar Apr May Jun Jul Aug Sep Oct Nov Dec
2021: Jan Feb Mar Apr May Jun Jul Aug Sep Oct Nov Dec
2020: Jan Feb Mar Apr May Jun Jul Aug Sep Oct Nov Dec
2019: Jan Feb Mar Apr May Jun Jul Aug Sep Oct Nov Dec
2018: Jan Feb Mar Apr May Jun Jul Aug Sep Oct Nov Dec
2017: Jan Feb Mar Apr May Jun Jul Aug Sep Oct Nov Dec
2016: Jan Feb Mar Apr May Jun Jul Aug Sep Oct Nov Dec
2015: Jan Feb Mar Apr May Jun Jul Aug Sep Oct Nov Dec
2014: Jan Feb Mar Apr May Jun Jul Aug Sep Oct Nov Dec
2013: Jan Feb Mar Apr May Jun Jul Aug Sep Oct Nov Dec
2012: Jan Feb Mar Apr May Jun Jul Aug Sep Oct Nov Dec
2011: Jan Feb Mar Apr May Jun Jul Aug Sep Oct Nov Dec
2010: Jan Feb Mar Apr May Jun Jul Aug Sep Oct Nov Dec
2009: Jan Feb Mar Apr May Jun Jul Aug Sep Oct Nov Dec
2008: Jan Feb Mar Apr May Jun Jul Aug Sep Oct Nov Dec
2007: Jan Feb Mar Apr May Jun Jul Aug Sep Oct Nov Dec
2006: Jan Feb Mar Apr May Jun Jul Aug Sep Oct Nov Dec
2005: Jan Feb Mar Apr May Jun Jul Aug Sep Oct Nov Dec
Report for 2011 May
Daily noaa report MONTHLY CLIMATOLOGICAL SUMMARY for MAY. 2011 NAME: Woodbridge CITY: Sachse STATE: Texas ELEV: 502 LAT: 032:58:44 LONG: 0096:34:01 TEMPERATURE ( °F), RAIN (in.), WIND SPEED (mph) HEAT COOL AVG MEAN DEG DEG WIND DOM DAY TEMP HIGH TIME LOW TIME DAYS DAYS RAIN SPEED HIGH TIME DIR ---------------------------------------------------------------------------------------------------------------------------------------------------------- 01 58.1 070.7 00:59 47.2 21:55 06.9 00.0 00.17 06.8 40.3 07:56 NNE 02 48.4 050.8 18:44 46.8 08:07 16.5 00.0 01.57 05.9 23.0 02:51 N 03 56.5 069.8 16:06 42.3 06:29 08.5 00.0 00.00 01.9 18.4 01:27 N 04 62.0 076.0 15:02 46.3 07:11 03.0 00.0 00.00 02.7 17.3 14:18 SSE 05 66.9 078.7 16:38 54.2 07:36 00.0 02.0 00.00 03.3 20.7 11:02 SSE 06 70.3 085.1 15:26 55.7 07:18 00.0 05.3 00.00 03.4 23.0 17:17 SE 07 76.5 088.6 16:40 63.8 07:22 00.0 11.6 00.00 07.6 27.6 18:08 S 08 79.8 090.9 16:39 69.5 06:50 00.0 14.9 00.00 07.2 23.0 14:17 S 09 81.0 092.4 16:26 72.1 07:10 00.0 16.0 00.00 06.9 27.6 10:11 SSE 10 79.3 085.4 16:17 73.6 06:47 00.0 14.4 00.00 05.9 26.4 00:46 SSE 11 72.2 080.5 12:15 64.7 21:02 00.0 07.3 01.38 05.8 41.4 15:02 SSE 12 70.2 080.3 16:31 62.1 05:59 00.0 05.2 00.00 03.5 19.6 17:14 S 13 67.8 077.2 15:53 60.0 05:45 00.0 02.9 00.00 05.8 25.3 10:46 NW 14 61.7 071.6 17:02 52.3 07:27 03.3 00.0 00.00 05.2 20.7 11:55 NNW 15 62.9 074.8 16:38 51.3 07:18 02.0 00.0 00.00 03.8 19.6 17:07 N 16 64.1 075.5 16:58 53.6 07:29 00.9 00.0 00.00 02.7 14.9 04:42 NNW 17 67.6 081.2 17:11 52.2 07:05 00.0 02.6 00.00 02.7 18.4 23:44 E 18 74.1 085.5 17:09 66.1 06:32 00.0 09.2 00.00 07.2 25.3 17:05 SE 19 75.4 081.6 16:44 69.6 05:57 00.0 10.5 00.00 06.1 26.4 00:14 SSE 20 75.5 085.3 15:21 65.9 00:00 00.0 10.5 00.53 05.6 26.4 17:32 SE 21 73.0 083.5 17:09 64.6 02:15 00.0 08.1 00.00 04.3 23.0 16:19 SSE 22 78.8 089.7 16:20 71.5 22:26 00.0 13.9 00.52 06.4 28.8 21:24 SSE 23 78.5 086.1 18:18 73.1 13:28 00.0 13.5 00.06 08.0 27.6 06:52 SSE 24 79.1 090.3 16:15 40.7 07:49 00.0 14.2 01.41 07.6 31.1 22:03 SSE 25 79.5 091.0 17:29 71.0 00:26 00.0 14.5 00.01 08.8 28.8 16:32 WSW 26 71.2 082.2 16:42 60.7 07:10 00.0 06.2 00.00 04.6 24.1 00:57 NNW 27 78.4 093.9 17:01 65.9 06:51 00.0 13.5 00.00 06.7 27.6 16:34 SE 28 84.4 095.6 16:14 74.0 07:13 00.0 19.4 00.00 10.0 31.1 15:06 S 29 83.4 093.8 16:23 73.5 06:21 00.0 18.4 00.00 09.6 34.5 00:52 SSE 30 83.3 092.0 17:59 74.8 07:15 00.0 18.4 00.00 08.1 25.3 19:23 SSE 31 82.9 093.3 15:16 74.0 06:54 00.0 18.0 00.00 04.8 19.6 09:19 SSE ---------------------------------------------------------------------------------------------------------------------------------------------------------- 72.3 (72.4) 95.6 day 28 40.7 day 24 041.0 270.5 05.71 05.8 41.4 day 11 SSE Max > 86: 12 Min < 86: 31 Max Rain: 1.57 ON 2-05-11 Days of Rain: 8 (> .008in) 6 (> .08in) 3 (> 0.8in)