NOAA-Style Climate Reports
Select a Year or Month report
2024: Jan Feb Mar Apr May Jun Jul Aug Sep Oct Nov Dec
2023: Jan Feb Mar Apr May Jun Jul Aug Sep Oct Nov Dec
2022: Jan Feb Mar Apr May Jun Jul Aug Sep Oct Nov Dec
2021: Jan Feb Mar Apr May Jun Jul Aug Sep Oct Nov Dec
2020: Jan Feb Mar Apr May Jun Jul Aug Sep Oct Nov Dec
2019: Jan Feb Mar Apr May Jun Jul Aug Sep Oct Nov Dec
2018: Jan Feb Mar Apr May Jun Jul Aug Sep Oct Nov Dec
2017: Jan Feb Mar Apr May Jun Jul Aug Sep Oct Nov Dec
2016: Jan Feb Mar Apr May Jun Jul Aug Sep Oct Nov Dec
2015: Jan Feb Mar Apr May Jun Jul Aug Sep Oct Nov Dec
2014: Jan Feb Mar Apr May Jun Jul Aug Sep Oct Nov Dec
2013: Jan Feb Mar Apr May Jun Jul Aug Sep Oct Nov Dec
2012: Jan Feb Mar Apr May Jun Jul Aug Sep Oct Nov Dec
2011: Jan Feb Mar Apr May Jun Jul Aug Sep Oct Nov Dec
2010: Jan Feb Mar Apr May Jun Jul Aug Sep Oct Nov Dec
2009: Jan Feb Mar Apr May Jun Jul Aug Sep Oct Nov Dec
2008: Jan Feb Mar Apr May Jun Jul Aug Sep Oct Nov Dec
2007: Jan Feb Mar Apr May Jun Jul Aug Sep Oct Nov Dec
2006: Jan Feb Mar Apr May Jun Jul Aug Sep Oct Nov Dec
2005: Jan Feb Mar Apr May Jun Jul Aug Sep Oct Nov Dec
2024: Jan Feb Mar Apr May Jun Jul Aug Sep Oct Nov Dec
2023: Jan Feb Mar Apr May Jun Jul Aug Sep Oct Nov Dec
2022: Jan Feb Mar Apr May Jun Jul Aug Sep Oct Nov Dec
2021: Jan Feb Mar Apr May Jun Jul Aug Sep Oct Nov Dec
2020: Jan Feb Mar Apr May Jun Jul Aug Sep Oct Nov Dec
2019: Jan Feb Mar Apr May Jun Jul Aug Sep Oct Nov Dec
2018: Jan Feb Mar Apr May Jun Jul Aug Sep Oct Nov Dec
2017: Jan Feb Mar Apr May Jun Jul Aug Sep Oct Nov Dec
2016: Jan Feb Mar Apr May Jun Jul Aug Sep Oct Nov Dec
2015: Jan Feb Mar Apr May Jun Jul Aug Sep Oct Nov Dec
2014: Jan Feb Mar Apr May Jun Jul Aug Sep Oct Nov Dec
2013: Jan Feb Mar Apr May Jun Jul Aug Sep Oct Nov Dec
2012: Jan Feb Mar Apr May Jun Jul Aug Sep Oct Nov Dec
2011: Jan Feb Mar Apr May Jun Jul Aug Sep Oct Nov Dec
2010: Jan Feb Mar Apr May Jun Jul Aug Sep Oct Nov Dec
2009: Jan Feb Mar Apr May Jun Jul Aug Sep Oct Nov Dec
2008: Jan Feb Mar Apr May Jun Jul Aug Sep Oct Nov Dec
2007: Jan Feb Mar Apr May Jun Jul Aug Sep Oct Nov Dec
2006: Jan Feb Mar Apr May Jun Jul Aug Sep Oct Nov Dec
2005: Jan Feb Mar Apr May Jun Jul Aug Sep Oct Nov Dec
Report for 2012 March
Daily noaa report MONTHLY CLIMATOLOGICAL SUMMARY for MAR. 2012 NAME: Woodbridge CITY: Sachse STATE: Texas ELEV: 502 LAT: 032:58:44 LONG: 0096:34:01 TEMPERATURE ( °F), RAIN (in.), WIND SPEED (mph) HEAT COOL AVG MEAN DEG DEG WIND DOM DAY TEMP HIGH TIME LOW TIME DAYS DAYS RAIN SPEED HIGH TIME DIR ---------------------------------------------------------------------------------------------------------------------------------------------------------- 01 63.4 081.3 14:24 44.8 06:57 01.5 00.0 00.00 05.6 28.8 23:59 N 02 64.1 071.2 03:42 51.5 00:00 00.9 00.0 00.00 08.1 28.8 03:23 N 03 52.0 062.6 14:42 43.1 06:09 12.9 00.0 00.00 03.8 23.0 15:29 NW 04 57.5 075.2 14:37 40.7 07:09 07.4 00.0 00.00 04.4 21.9 14:24 W 05 61.4 078.6 14:15 43.1 07:27 03.5 00.0 00.00 04.2 27.6 17:09 S 06 62.8 072.4 14:50 51.8 05:24 02.1 00.0 00.00 10.0 39.1 13:06 NNE 07 66.6 071.0 12:50 63.1 00:06 00.0 01.6 00.00 07.7 26.5 13:22 NNE 08 58.2 073.3 10:59 44.0 23:50 06.8 00.0 00.31 07.5 29.9 12:17 N 09 47.6 053.9 16:40 41.3 06:56 17.4 00.0 00.00 07.3 23.0 09:46 NE 10 50.6 055.7 12:26 48.4 05:20 14.3 00.0 00.62 03.9 18.4 19:22 ENE 11 56.0 065.9 16:42 50.6 00:02 08.9 00.0 00.15 03.6 15.0 13:07 S 12 64.9 079.6 16:02 53.1 02:36 00.0 00.0 00.00 06.7 20.7 17:34 S 13 69.1 077.6 15:13 62.7 05:32 00.0 04.1 00.01 05.6 23.0 14:34 S 14 71.3 078.6 13:15 67.0 06:31 00.0 06.3 00.00 06.5 23.0 05:49 S 15 71.7 080.1 13:21 66.7 08:21 00.0 06.8 00.00 05.7 24.2 16:50 S 16 71.3 080.8 16:14 66.1 04:34 00.0 06.3 00.00 06.4 25.3 17:46 S 17 71.8 080.6 16:02 65.7 08:08 00.0 06.8 00.05 07.5 26.5 15:21 S 18 70.8 077.2 16:32 66.6 07:17 00.0 05.9 00.00 08.1 27.6 16:16 SSE 19 70.5 080.1 14:55 58.8 23:29 00.0 05.6 01.85 09.7 36.8 13:39 SSE 20 58.1 065.0 15:41 51.7 10:13 06.8 00.0 01.89 03.3 18.4 01:42 NNE 21 60.1 067.4 13:39 52.5 08:24 04.8 00.0 00.00 06.0 26.5 16:30 S 22 56.5 071.9 16:17 50.7 06:14 08.4 00.0 00.19 05.9 32.2 17:32 SW 23 61.3 075.9 16:52 47.4 06:11 03.7 00.0 00.00 02.7 16.1 13:28 W 24 65.9 080.6 16:36 50.7 07:43 00.0 00.9 00.00 01.2 09.2 17:15 SE 25 69.5 083.2 17:01 55.5 08:12 00.0 04.6 00.00 01.1 08.1 16:15 ESE 26 70.7 084.8 15:54 55.2 08:00 00.0 05.8 00.00 02.3 18.4 16:11 SE 27 70.3 081.6 15:42 61.1 07:09 00.0 05.3 00.00 03.8 23.0 12:27 SSE 28 69.4 077.7 15:58 63.4 07:36 00.0 04.4 00.00 03.5 16.1 11:23 SSE 29 69.7 080.9 16:08 60.9 06:37 00.0 04.7 00.00 03.2 17.3 17:14 SSE 30 72.5 082.1 14:33 67.6 08:26 00.0 07.5 00.00 03.9 17.3 17:36 SSE 31 72.8 083.3 17:36 65.7 07:53 00.0 07.9 00.00 03.0 16.1 14:42 SSE ---------------------------------------------------------------------------------------------------------------------------------------------------------- 64.5 (65.2) 84.8 day 26 40.7 day 04 099.4 084.7 05.07 05.2 39.1 day 22 SSE Min < 86: 31 Max Rain: 1.89 ON 20-03-12 Days of Rain: 8 (> .008in) 6 (> .08in) 2 (> 0.8in)