NOAA-Style Climate Reports
Select a Year or Month report
2024: Jan Feb Mar Apr May Jun Jul Aug Sep Oct Nov Dec
2023: Jan Feb Mar Apr May Jun Jul Aug Sep Oct Nov Dec
2022: Jan Feb Mar Apr May Jun Jul Aug Sep Oct Nov Dec
2021: Jan Feb Mar Apr May Jun Jul Aug Sep Oct Nov Dec
2020: Jan Feb Mar Apr May Jun Jul Aug Sep Oct Nov Dec
2019: Jan Feb Mar Apr May Jun Jul Aug Sep Oct Nov Dec
2018: Jan Feb Mar Apr May Jun Jul Aug Sep Oct Nov Dec
2017: Jan Feb Mar Apr May Jun Jul Aug Sep Oct Nov Dec
2016: Jan Feb Mar Apr May Jun Jul Aug Sep Oct Nov Dec
2015: Jan Feb Mar Apr May Jun Jul Aug Sep Oct Nov Dec
2014: Jan Feb Mar Apr May Jun Jul Aug Sep Oct Nov Dec
2013: Jan Feb Mar Apr May Jun Jul Aug Sep Oct Nov Dec
2012: Jan Feb Mar Apr May Jun Jul Aug Sep Oct Nov Dec
2011: Jan Feb Mar Apr May Jun Jul Aug Sep Oct Nov Dec
2010: Jan Feb Mar Apr May Jun Jul Aug Sep Oct Nov Dec
2009: Jan Feb Mar Apr May Jun Jul Aug Sep Oct Nov Dec
2008: Jan Feb Mar Apr May Jun Jul Aug Sep Oct Nov Dec
2007: Jan Feb Mar Apr May Jun Jul Aug Sep Oct Nov Dec
2006: Jan Feb Mar Apr May Jun Jul Aug Sep Oct Nov Dec
2005: Jan Feb Mar Apr May Jun Jul Aug Sep Oct Nov Dec
2024: Jan Feb Mar Apr May Jun Jul Aug Sep Oct Nov Dec
2023: Jan Feb Mar Apr May Jun Jul Aug Sep Oct Nov Dec
2022: Jan Feb Mar Apr May Jun Jul Aug Sep Oct Nov Dec
2021: Jan Feb Mar Apr May Jun Jul Aug Sep Oct Nov Dec
2020: Jan Feb Mar Apr May Jun Jul Aug Sep Oct Nov Dec
2019: Jan Feb Mar Apr May Jun Jul Aug Sep Oct Nov Dec
2018: Jan Feb Mar Apr May Jun Jul Aug Sep Oct Nov Dec
2017: Jan Feb Mar Apr May Jun Jul Aug Sep Oct Nov Dec
2016: Jan Feb Mar Apr May Jun Jul Aug Sep Oct Nov Dec
2015: Jan Feb Mar Apr May Jun Jul Aug Sep Oct Nov Dec
2014: Jan Feb Mar Apr May Jun Jul Aug Sep Oct Nov Dec
2013: Jan Feb Mar Apr May Jun Jul Aug Sep Oct Nov Dec
2012: Jan Feb Mar Apr May Jun Jul Aug Sep Oct Nov Dec
2011: Jan Feb Mar Apr May Jun Jul Aug Sep Oct Nov Dec
2010: Jan Feb Mar Apr May Jun Jul Aug Sep Oct Nov Dec
2009: Jan Feb Mar Apr May Jun Jul Aug Sep Oct Nov Dec
2008: Jan Feb Mar Apr May Jun Jul Aug Sep Oct Nov Dec
2007: Jan Feb Mar Apr May Jun Jul Aug Sep Oct Nov Dec
2006: Jan Feb Mar Apr May Jun Jul Aug Sep Oct Nov Dec
2005: Jan Feb Mar Apr May Jun Jul Aug Sep Oct Nov Dec
Report for 2012 April
Daily noaa report MONTHLY CLIMATOLOGICAL SUMMARY for APR. 2012 NAME: Woodbridge CITY: Sachse STATE: Texas ELEV: 502 LAT: 032:58:44 LONG: 0096:34:01 TEMPERATURE ( °F), RAIN (in.), WIND SPEED (mph) HEAT COOL AVG MEAN DEG DEG WIND DOM DAY TEMP HIGH TIME LOW TIME DAYS DAYS RAIN SPEED HIGH TIME DIR ---------------------------------------------------------------------------------------------------------------------------------------------------------- 01 75.6 086.9 16:10 68.2 08:13 00.0 10.7 00.00 06.5 21.9 15:24 SSE 02 73.6 083.6 14:18 68.2 22:26 00.0 08.7 00.00 06.9 24.2 00:22 S 03 68.3 076.0 12:07 61.7 00:00 00.0 03.4 00.99 03.2 17.3 15:50 E 04 66.7 076.4 16:58 59.9 07:41 00.0 01.8 00.00 03.9 16.1 18:44 NW 05 66.4 077.4 16:41 55.1 06:33 00.0 01.5 00.00 03.3 16.1 12:51 NNW 06 67.2 078.6 16:07 55.0 07:06 00.0 02.3 00.00 02.4 16.1 14:51 NNE 07 72.1 083.5 16:55 61.8 07:14 00.0 07.1 00.00 03.0 19.6 13:48 ESE 08 66.9 071.6 12:10 62.1 00:00 00.0 01.9 00.44 02.8 19.6 11:24 E 09 67.1 077.6 16:38 59.9 06:29 00.0 02.1 00.01 01.9 11.5 01:41 ENE 10 73.6 085.4 15:57 63.1 07:39 00.0 08.7 00.00 02.1 17.3 10:57 SSE 11 72.2 084.1 14:41 62.8 07:38 00.0 07.2 00.00 03.5 19.6 19:08 SSE 12 69.3 079.6 16:07 60.7 06:37 00.0 04.4 00.00 05.5 20.7 16:41 NE 13 72.0 081.9 15:31 65.9 07:28 00.0 07.0 00.00 06.4 28.8 13:58 SSE 14 74.9 080.5 12:49 70.6 06:48 00.0 10.0 00.00 07.8 27.6 21:44 E 15 68.4 075.5 06:20 58.6 00:00 00.0 03.5 00.17 05.2 28.8 09:35 S 16 64.3 074.2 16:03 55.3 04:05 00.6 00.0 00.00 03.6 18.4 12:13 NE 17 65.9 078.5 16:38 52.3 07:19 00.0 00.9 00.00 02.4 13.8 16:02 NNE 18 68.4 079.0 16:41 56.7 07:06 00.0 03.5 00.00 03.0 15.0 12:46 SSE 19 69.8 081.5 15:45 56.7 07:15 00.0 04.8 00.00 04.9 25.3 11:46 SSE 20 64.1 069.6 00:01 56.5 00:00 00.8 00.0 00.05 05.1 24.2 18:01 NNW 21 61.2 075.8 16:25 47.8 07:21 03.8 00.0 00.00 02.8 15.0 15:11 N 22 67.0 081.8 13:18 51.7 07:29 00.0 02.0 00.00 03.7 24.2 16:19 N 23 63.6 075.0 15:58 50.2 07:41 01.3 00.0 00.00 01.9 13.8 13:04 NNE 24 69.2 085.5 16:56 51.0 07:21 00.0 04.3 00.00 04.3 25.3 19:00 N 25 77.7 089.0 16:04 65.5 08:25 00.0 12.8 00.00 08.0 28.8 14:49 N 26 77.5 088.3 15:42 69.0 07:14 00.0 12.6 00.00 05.1 19.6 01:14 N 27 77.4 087.9 16:12 67.3 06:53 00.0 12.4 00.00 07.7 29.9 10:25 N 28 77.3 088.0 15:41 69.4 06:28 00.0 12.4 00.00 08.1 28.8 11:19 NNE 29 76.4 086.0 15:51 68.1 07:05 00.0 11.5 00.00 05.5 20.7 17:22 SSE 30 77.5 085.7 15:01 71.9 04:59 00.0 12.6 00.00 06.0 24.2 02:26 S ---------------------------------------------------------------------------------------------------------------------------------------------------------- 70.4 (70.8) 89.0 day 25 47.8 day 21 006.5 170.0 01.66 04.6 29.9 day 15 ENE Max > 86: 6 Min < 86: 30 Max Rain: 0.99 ON 3-04-12 Days of Rain: 5 (> .008in) 3 (> .08in) 1 (> 0.8in)