NOAA-Style Climate Reports
Select a Year or Month report
2024: Jan Feb Mar Apr May Jun Jul Aug Sep Oct Nov Dec
2023: Jan Feb Mar Apr May Jun Jul Aug Sep Oct Nov Dec
2022: Jan Feb Mar Apr May Jun Jul Aug Sep Oct Nov Dec
2021: Jan Feb Mar Apr May Jun Jul Aug Sep Oct Nov Dec
2020: Jan Feb Mar Apr May Jun Jul Aug Sep Oct Nov Dec
2019: Jan Feb Mar Apr May Jun Jul Aug Sep Oct Nov Dec
2018: Jan Feb Mar Apr May Jun Jul Aug Sep Oct Nov Dec
2017: Jan Feb Mar Apr May Jun Jul Aug Sep Oct Nov Dec
2016: Jan Feb Mar Apr May Jun Jul Aug Sep Oct Nov Dec
2015: Jan Feb Mar Apr May Jun Jul Aug Sep Oct Nov Dec
2014: Jan Feb Mar Apr May Jun Jul Aug Sep Oct Nov Dec
2013: Jan Feb Mar Apr May Jun Jul Aug Sep Oct Nov Dec
2012: Jan Feb Mar Apr May Jun Jul Aug Sep Oct Nov Dec
2011: Jan Feb Mar Apr May Jun Jul Aug Sep Oct Nov Dec
2010: Jan Feb Mar Apr May Jun Jul Aug Sep Oct Nov Dec
2009: Jan Feb Mar Apr May Jun Jul Aug Sep Oct Nov Dec
2008: Jan Feb Mar Apr May Jun Jul Aug Sep Oct Nov Dec
2007: Jan Feb Mar Apr May Jun Jul Aug Sep Oct Nov Dec
2006: Jan Feb Mar Apr May Jun Jul Aug Sep Oct Nov Dec
2005: Jan Feb Mar Apr May Jun Jul Aug Sep Oct Nov Dec
2024: Jan Feb Mar Apr May Jun Jul Aug Sep Oct Nov Dec
2023: Jan Feb Mar Apr May Jun Jul Aug Sep Oct Nov Dec
2022: Jan Feb Mar Apr May Jun Jul Aug Sep Oct Nov Dec
2021: Jan Feb Mar Apr May Jun Jul Aug Sep Oct Nov Dec
2020: Jan Feb Mar Apr May Jun Jul Aug Sep Oct Nov Dec
2019: Jan Feb Mar Apr May Jun Jul Aug Sep Oct Nov Dec
2018: Jan Feb Mar Apr May Jun Jul Aug Sep Oct Nov Dec
2017: Jan Feb Mar Apr May Jun Jul Aug Sep Oct Nov Dec
2016: Jan Feb Mar Apr May Jun Jul Aug Sep Oct Nov Dec
2015: Jan Feb Mar Apr May Jun Jul Aug Sep Oct Nov Dec
2014: Jan Feb Mar Apr May Jun Jul Aug Sep Oct Nov Dec
2013: Jan Feb Mar Apr May Jun Jul Aug Sep Oct Nov Dec
2012: Jan Feb Mar Apr May Jun Jul Aug Sep Oct Nov Dec
2011: Jan Feb Mar Apr May Jun Jul Aug Sep Oct Nov Dec
2010: Jan Feb Mar Apr May Jun Jul Aug Sep Oct Nov Dec
2009: Jan Feb Mar Apr May Jun Jul Aug Sep Oct Nov Dec
2008: Jan Feb Mar Apr May Jun Jul Aug Sep Oct Nov Dec
2007: Jan Feb Mar Apr May Jun Jul Aug Sep Oct Nov Dec
2006: Jan Feb Mar Apr May Jun Jul Aug Sep Oct Nov Dec
2005: Jan Feb Mar Apr May Jun Jul Aug Sep Oct Nov Dec
Report for 2012 May
Daily noaa report MONTHLY CLIMATOLOGICAL SUMMARY for MAY. 2012 NAME: Woodbridge CITY: Sachse STATE: Texas ELEV: 502 ft LAT: 32: LONG: : : TEMPERATURE ( °F), RAIN (in.), WIND SPEED (mph) HEAT COOL AVG MEAN DEG DEG WIND DOM DAY TEMP HIGH TIME LOW TIME DAYS DAYS RAIN SPEED HIGH TIME DIR ---------------------------------------------------------------------------------------------------------------------------------------------------------- 01 77.8 088.1 15:45 69.8 07:06 00.0 12.8 00.00 08.2 27.6 13:53 S 02 77.8 086.7 16:58 70.6 04:22 00.0 12.9 00.00 04.9 19.6 11:19 N 03 80.1 090.7 16:35 68.8 06:42 00.0 15.2 00.00 04.0 18.4 11:31 N 04 79.7 089.8 17:20 70.4 00:00 00.0 14.7 00.24 05.0 34.5 22:01 N 05 80.1 091.9 15:43 67.7 07:19 00.0 15.1 00.00 05.1 23.0 12:30 SSE 06 79.9 087.6 17:47 73.7 07:33 00.0 15.0 00.00 04.9 18.4 19:17 SSE 07 78.9 090.0 14:32 70.0 07:11 00.0 13.9 00.00 04.5 23.0 19:28 WNW 08 69.8 074.6 13:54 65.8 05:26 00.0 04.8 00.72 03.8 19.6 02:20 N 09 72.6 082.7 16:14 62.0 07:24 00.0 07.6 00.00 02.8 16.1 13:23 N 10 71.2 082.5 13:52 57.0 07:16 00.0 06.3 00.00 02.5 18.4 17:14 N 11 68.2 075.9 12:39 64.1 07:27 00.0 03.3 00.78 02.8 17.3 02:31 NNE 12 66.5 070.2 18:11 63.6 09:16 00.0 01.5 00.00 02.2 11.5 18:01 N 13 71.6 082.4 14:37 61.7 07:18 00.0 06.7 00.00 02.6 12.7 13:41 N 14 73.0 083.8 15:33 61.9 07:04 00.0 08.0 00.00 02.1 12.7 19:37 N 15 74.5 084.4 15:09 64.8 07:05 00.0 09.5 00.00 02.6 13.8 16:01 N 16 75.8 088.0 15:28 60.4 07:10 00.0 10.8 00.00 01.4 11.5 14:07 N 17 76.9 089.1 16:13 62.2 07:06 00.0 11.9 00.00 02.0 16.1 16:16 N 18 77.4 088.5 15:24 64.4 07:17 00.0 12.5 00.00 04.2 20.7 16:36 N 19 78.0 088.6 16:24 67.0 06:51 00.0 13.1 00.00 05.8 25.3 10:24 N 20 78.6 088.7 16:43 69.3 07:46 00.0 13.6 00.00 02.9 17.3 01:33 N 21 77.1 087.7 16:10 64.3 06:52 00.0 12.2 00.00 01.9 13.8 14:26 N 22 79.2 091.6 16:04 64.4 07:02 00.0 14.3 00.00 02.4 12.7 19:39 N 23 81.9 091.7 15:51 71.3 06:44 00.0 17.0 00.00 06.4 26.5 19:39 N 24 82.3 092.9 16:35 74.1 06:19 00.0 17.4 00.00 09.3 33.4 10:52 S 25 83.0 093.4 16:18 73.1 07:00 00.0 18.1 00.00 07.2 25.3 01:39 N 26 82.5 091.4 15:58 74.7 06:48 00.0 17.5 00.00 05.8 26.5 04:43 N 27 81.4 092.5 15:41 70.4 06:50 00.0 16.4 00.00 05.3 23.0 12:32 N 28 81.9 093.5 16:29 71.5 07:07 00.0 17.0 00.00 04.7 31.1 22:59 NNE 29 81.5 093.8 16:19 67.6 05:46 00.0 16.5 00.10 03.9 26.5 01:49 SSE 30 75.2 090.3 17:33 63.6 05:44 00.0 10.3 01.54 05.6 40.3 05:19 ESE 31 74.0 084.2 16:03 67.9 09:03 00.0 09.0 00.25 05.1 25.3 03:22 NNW ---------------------------------------------------------------------------------------------------------------------------------------------------------- 77.0 (77.2) 93.8 day 29 57.0 day 10 000.0 375.0 04.18 04.2 40.3 day 30 N Max > 86: 22 Min < 86: 31 Max Rain: 1.54 ON 30-05-12 Days of Rain: 60 (> .008in) 60 (> .08in) 1 (> 0.8in)