NOAA-Style Climate Reports
Select a Year or Month report
2024: Jan Feb Mar Apr May Jun Jul Aug Sep Oct Nov Dec
2023: Jan Feb Mar Apr May Jun Jul Aug Sep Oct Nov Dec
2022: Jan Feb Mar Apr May Jun Jul Aug Sep Oct Nov Dec
2021: Jan Feb Mar Apr May Jun Jul Aug Sep Oct Nov Dec
2020: Jan Feb Mar Apr May Jun Jul Aug Sep Oct Nov Dec
2019: Jan Feb Mar Apr May Jun Jul Aug Sep Oct Nov Dec
2018: Jan Feb Mar Apr May Jun Jul Aug Sep Oct Nov Dec
2017: Jan Feb Mar Apr May Jun Jul Aug Sep Oct Nov Dec
2016: Jan Feb Mar Apr May Jun Jul Aug Sep Oct Nov Dec
2015: Jan Feb Mar Apr May Jun Jul Aug Sep Oct Nov Dec
2014: Jan Feb Mar Apr May Jun Jul Aug Sep Oct Nov Dec
2013: Jan Feb Mar Apr May Jun Jul Aug Sep Oct Nov Dec
2012: Jan Feb Mar Apr May Jun Jul Aug Sep Oct Nov Dec
2011: Jan Feb Mar Apr May Jun Jul Aug Sep Oct Nov Dec
2010: Jan Feb Mar Apr May Jun Jul Aug Sep Oct Nov Dec
2009: Jan Feb Mar Apr May Jun Jul Aug Sep Oct Nov Dec
2008: Jan Feb Mar Apr May Jun Jul Aug Sep Oct Nov Dec
2007: Jan Feb Mar Apr May Jun Jul Aug Sep Oct Nov Dec
2006: Jan Feb Mar Apr May Jun Jul Aug Sep Oct Nov Dec
2005: Jan Feb Mar Apr May Jun Jul Aug Sep Oct Nov Dec
2024: Jan Feb Mar Apr May Jun Jul Aug Sep Oct Nov Dec
2023: Jan Feb Mar Apr May Jun Jul Aug Sep Oct Nov Dec
2022: Jan Feb Mar Apr May Jun Jul Aug Sep Oct Nov Dec
2021: Jan Feb Mar Apr May Jun Jul Aug Sep Oct Nov Dec
2020: Jan Feb Mar Apr May Jun Jul Aug Sep Oct Nov Dec
2019: Jan Feb Mar Apr May Jun Jul Aug Sep Oct Nov Dec
2018: Jan Feb Mar Apr May Jun Jul Aug Sep Oct Nov Dec
2017: Jan Feb Mar Apr May Jun Jul Aug Sep Oct Nov Dec
2016: Jan Feb Mar Apr May Jun Jul Aug Sep Oct Nov Dec
2015: Jan Feb Mar Apr May Jun Jul Aug Sep Oct Nov Dec
2014: Jan Feb Mar Apr May Jun Jul Aug Sep Oct Nov Dec
2013: Jan Feb Mar Apr May Jun Jul Aug Sep Oct Nov Dec
2012: Jan Feb Mar Apr May Jun Jul Aug Sep Oct Nov Dec
2011: Jan Feb Mar Apr May Jun Jul Aug Sep Oct Nov Dec
2010: Jan Feb Mar Apr May Jun Jul Aug Sep Oct Nov Dec
2009: Jan Feb Mar Apr May Jun Jul Aug Sep Oct Nov Dec
2008: Jan Feb Mar Apr May Jun Jul Aug Sep Oct Nov Dec
2007: Jan Feb Mar Apr May Jun Jul Aug Sep Oct Nov Dec
2006: Jan Feb Mar Apr May Jun Jul Aug Sep Oct Nov Dec
2005: Jan Feb Mar Apr May Jun Jul Aug Sep Oct Nov Dec
Report for 2012 August
Daily noaa report MONTHLY CLIMATOLOGICAL SUMMARY for AUG. 2012 NAME: Woodbridge CITY: Sachse STATE: Texas ELEV: 502 ft LAT: 32: LONG: : : TEMPERATURE ( °F), RAIN (in.), WIND SPEED (mph) HEAT COOL AVG MEAN DEG DEG WIND DOM DAY TEMP HIGH TIME LOW TIME DAYS DAYS RAIN SPEED HIGH TIME DIR ---------------------------------------------------------------------------------------------------------------------------------------------------------- 01 93.4 107.2 16:23 79.6 07:14 00.0 28.5 00.00 04.8 18.4 22:37 S 02 92.7 107.5 16:23 79.4 07:49 00.0 27.7 00.00 05.4 19.6 19:28 S 03 91.3 104.3 15:49 77.6 07:29 00.0 26.4 00.00 05.7 19.6 19:01 S 04 91.1 102.5 14:54 79.6 07:36 00.0 26.2 00.00 05.7 18.4 13:24 S 05 90.3 102.5 17:07 79.4 06:43 00.0 25.3 00.00 02.2 12.7 20:01 S 06 91.6 103.7 15:46 81.5 07:43 00.0 26.6 00.00 02.7 12.7 15:52 SSW 07 91.1 104.8 14:54 79.0 07:26 00.0 26.1 00.00 01.9 19.6 19:05 S 08 84.1 091.0 19:19 74.8 00:00 00.0 19.2 00.90 02.5 26.5 23:12 S 09 87.8 104.5 16:47 73.1 07:13 00.0 22.9 00.00 03.1 15.0 10:46 S 10 87.3 097.0 14:32 77.9 00:00 00.0 22.3 00.00 04.3 19.6 18:19 N 11 83.9 096.5 16:27 70.9 06:50 00.0 18.9 00.00 02.2 13.8 13:21 NE 12 88.3 102.0 14:38 75.5 06:40 00.0 23.3 00.00 04.1 23.0 14:27 SSE 13 90.1 101.5 15:11 80.2 08:01 00.0 25.2 00.00 03.6 19.6 12:42 SE 14 86.6 103.6 16:27 72.6 06:06 00.0 21.7 00.38 03.5 21.9 20:33 ESE 15 82.2 093.8 17:23 71.1 05:32 00.0 17.3 01.13 04.0 21.9 02:36 SE 16 81.9 088.7 16:29 77.8 07:59 00.0 17.0 00.00 03.9 19.6 10:53 SSE 17 82.8 096.2 16:26 72.8 03:07 00.0 17.9 00.71 03.6 31.1 23:02 ESE 18 73.9 086.3 12:43 68.6 23:10 00.0 09.0 01.38 05.0 26.5 17:12 ESE 19 77.9 092.4 17:32 66.2 07:28 00.0 12.9 00.01 02.5 21.9 13:37 NW 20 78.4 090.1 16:37 68.0 07:33 00.0 13.5 00.00 02.3 18.4 16:08 NE 21 74.4 081.3 17:12 70.5 00:00 00.0 09.5 00.01 01.3 13.8 10:24 W 22 79.8 090.2 17:07 64.9 07:18 00.0 14.8 00.01 02.3 18.4 11:26 ESE 23 80.7 091.6 17:14 70.4 07:39 00.0 15.7 00.00 02.8 15.0 00:00 SE 24 82.8 092.7 16:54 73.3 07:26 00.0 17.8 00.00 03.3 16.1 13:32 SSE 25 83.3 092.2 17:23 78.0 07:43 00.0 18.3 00.00 06.0 20.7 19:37 SSE 26 80.4 088.9 12:59 76.4 08:58 00.0 15.4 00.16 03.1 19.6 01:37 S 27 84.3 096.4 16:12 75.4 07:35 00.0 19.4 00.00 01.8 15.0 19:47 NE 28 85.4 094.2 16:56 76.4 07:16 00.0 20.5 00.00 03.9 19.6 16:38 NE 29 84.3 095.1 16:10 72.4 06:08 00.0 19.3 00.00 04.5 19.6 18:13 NNE 30 86.4 096.2 14:19 76.1 07:27 00.0 21.4 00.00 05.0 23.0 19:01 NNE 31 86.0 097.7 16:17 77.8 08:06 00.0 21.1 00.00 01.9 13.8 15:42 SW ---------------------------------------------------------------------------------------------------------------------------------------------------------- 85.0 (85.6) 107.5 day 02 64.9 day 22 000.0 621.1 04.69 03.5 31.1 day 17 SSE Max > 86: 30 Min < 86: 31 Max Rain: 1.38 ON 18-08-12 Days of Rain: 9 (> .008in) 6 (> .08in) 3 (> 0.8in)