NOAA-Style Climate Reports
Select a Year or Month report
2024: Jan Feb Mar Apr May Jun Jul Aug Sep Oct Nov Dec
2023: Jan Feb Mar Apr May Jun Jul Aug Sep Oct Nov Dec
2022: Jan Feb Mar Apr May Jun Jul Aug Sep Oct Nov Dec
2021: Jan Feb Mar Apr May Jun Jul Aug Sep Oct Nov Dec
2020: Jan Feb Mar Apr May Jun Jul Aug Sep Oct Nov Dec
2019: Jan Feb Mar Apr May Jun Jul Aug Sep Oct Nov Dec
2018: Jan Feb Mar Apr May Jun Jul Aug Sep Oct Nov Dec
2017: Jan Feb Mar Apr May Jun Jul Aug Sep Oct Nov Dec
2016: Jan Feb Mar Apr May Jun Jul Aug Sep Oct Nov Dec
2015: Jan Feb Mar Apr May Jun Jul Aug Sep Oct Nov Dec
2014: Jan Feb Mar Apr May Jun Jul Aug Sep Oct Nov Dec
2013: Jan Feb Mar Apr May Jun Jul Aug Sep Oct Nov Dec
2012: Jan Feb Mar Apr May Jun Jul Aug Sep Oct Nov Dec
2011: Jan Feb Mar Apr May Jun Jul Aug Sep Oct Nov Dec
2010: Jan Feb Mar Apr May Jun Jul Aug Sep Oct Nov Dec
2009: Jan Feb Mar Apr May Jun Jul Aug Sep Oct Nov Dec
2008: Jan Feb Mar Apr May Jun Jul Aug Sep Oct Nov Dec
2007: Jan Feb Mar Apr May Jun Jul Aug Sep Oct Nov Dec
2006: Jan Feb Mar Apr May Jun Jul Aug Sep Oct Nov Dec
2005: Jan Feb Mar Apr May Jun Jul Aug Sep Oct Nov Dec
2024: Jan Feb Mar Apr May Jun Jul Aug Sep Oct Nov Dec
2023: Jan Feb Mar Apr May Jun Jul Aug Sep Oct Nov Dec
2022: Jan Feb Mar Apr May Jun Jul Aug Sep Oct Nov Dec
2021: Jan Feb Mar Apr May Jun Jul Aug Sep Oct Nov Dec
2020: Jan Feb Mar Apr May Jun Jul Aug Sep Oct Nov Dec
2019: Jan Feb Mar Apr May Jun Jul Aug Sep Oct Nov Dec
2018: Jan Feb Mar Apr May Jun Jul Aug Sep Oct Nov Dec
2017: Jan Feb Mar Apr May Jun Jul Aug Sep Oct Nov Dec
2016: Jan Feb Mar Apr May Jun Jul Aug Sep Oct Nov Dec
2015: Jan Feb Mar Apr May Jun Jul Aug Sep Oct Nov Dec
2014: Jan Feb Mar Apr May Jun Jul Aug Sep Oct Nov Dec
2013: Jan Feb Mar Apr May Jun Jul Aug Sep Oct Nov Dec
2012: Jan Feb Mar Apr May Jun Jul Aug Sep Oct Nov Dec
2011: Jan Feb Mar Apr May Jun Jul Aug Sep Oct Nov Dec
2010: Jan Feb Mar Apr May Jun Jul Aug Sep Oct Nov Dec
2009: Jan Feb Mar Apr May Jun Jul Aug Sep Oct Nov Dec
2008: Jan Feb Mar Apr May Jun Jul Aug Sep Oct Nov Dec
2007: Jan Feb Mar Apr May Jun Jul Aug Sep Oct Nov Dec
2006: Jan Feb Mar Apr May Jun Jul Aug Sep Oct Nov Dec
2005: Jan Feb Mar Apr May Jun Jul Aug Sep Oct Nov Dec
Report for 2013 March
Daily noaa report MONTHLY CLIMATOLOGICAL SUMMARY for MAR. 2013 NAME: Woodbridge CITY: Sachse STATE: Texas ELEV: 502 ft LAT: 32: LONG: : : TEMPERATURE ( °F), RAIN (in.), WIND SPEED (mph) HEAT COOL AVG MEAN DEG DEG WIND DOM DAY TEMP HIGH TIME LOW TIME DAYS DAYS RAIN SPEED HIGH TIME DIR ---------------------------------------------------------------------------------------------------------------------------------------------------------- 01 44.0 056.3 15:57 31.7 06:01 21.7 00.0 00.00 004 017 18:29 ENE 02 42.9 055.1 15:16 55.1 05:47 17.7 00.0 00.00 003 018 11:07 NE 03 53.0 071.1 14:32 34.9 06:22 09.8 00.0 00.00 003 016 18:00 S 04 70.1 087.0 15:51 54.9 07:03 00.0 03.3 00.00 010 029 13:44 SW 05 51.8 058.6 15:09 45.0 07:09 06.4 00.0 00.00 010 028 14:45 NNE 06 47.9 060.0 17:53 35.7 06:20 16.8 00.0 00.00 002 013 10:49 N 07 55.7 071.1 18:51 40.3 08:01 00.0 01.1 00.00 003 019 12:12 S 08 57.7 062.2 12:37 53.2 05:17 02.5 00.0 00.00 002 013 13:44 S 09 63.0 066.2 16:09 59.7 07:23 01.1 00.0 00.35 004 018 15:14 NW 10 47.5 054.9 11:21 40.1 23:24 15.5 00.0 00.41 014 036 13:44 N 11 45.7 059.0 15:31 32.4 06:59 24.6 00.0 00.00 010 023 16:17 N 12 51.8 066.8 14:59 36.8 07:21 21.5 00.0 00.00 008 019 09:21 SE 13 56.9 069.6 15:56 44.1 04:43 01.7 00.0 00.00 003 012 18:29 ESE 14 61.9 078.6 16:23 45.5 08:10 03.0 00.0 00.00 005 025 16:23 S 15 67.0 081.8 15:11 53.7 08:08 00.0 02.1 00.00 008 032 17:02 S 16 69.5 081.8 16:03 57.9 07:59 00.0 04.6 00.00 011 030 13:49 S 17 68.1 075.5 13:39 59.3 00:00 00.0 03.2 00.00 007 028 01:13 SSW 18 62.2 071.3 17:12 55.2 00:00 02.7 00.0 00.00 006 024 09:12 NNE 19 57.7 068.6 15:05 46.3 07:54 07.2 00.0 00.00 005 021 21:24 NE 20 57.8 067.8 15:47 46.9 08:11 07.2 00.0 00.00 003 016 14:17 NNE 21 59.9 070.4 14:02 50.8 07:32 05.0 00.0 00.00 008 026 17:40 SE 22 53.2 065.9 00:01 46.7 21:05 11.8 00.0 00.00 005 021 07:34 NNE 23 49.7 053.9 15:04 46.8 08:04 15.3 00.0 00.12 004 028 23:46 N 24 46.3 054.3 17:07 39.8 07:49 18.6 00.0 00.01 012 040 03:47 NW 25 43.7 055.7 16:27 30.9 07:46 21.2 00.0 00.00 006 026 15:06 NW 26 45.1 058.5 15:27 32.1 08:03 19.9 00.0 00.00 002 018 14:38 NNW 27 55.3 071.8 16:12 38.2 07:38 09.6 00.0 00.00 006 028 17:04 SSE 28 61.7 071.7 12:48 50.6 07:13 03.3 00.0 00.00 006 021 17:00 SSE 29 67.6 077.7 14:22 60.7 07:58 00.0 02.6 00.00 007 024 12:14 SSE 30 67.2 077.4 15:28 56.4 07:01 00.0 02.3 00.81 004 029 02:16 S 31 66.4 075.7 16:55 58.3 09:28 00.0 01.5 00.43 004 026 08:13 NE ---------------------------------------------------------------------------------------------------------------------------------------------------------- 59.1 (59.4) 81.8 day 16 30.9 day 25 126.5 016.2 02.13 05.8 040 day 24 S Min < 86: 19 Max Rain: 0.81 ON 30-03-13 Days of Rain: 7 (> .008in) 6 (> .08in) 1 (> 0.8in)