NOAA-Style Climate Reports
Select a Year or Month report
2024: Jan Feb Mar Apr May Jun Jul Aug Sep Oct Nov Dec
2023: Jan Feb Mar Apr May Jun Jul Aug Sep Oct Nov Dec
2022: Jan Feb Mar Apr May Jun Jul Aug Sep Oct Nov Dec
2021: Jan Feb Mar Apr May Jun Jul Aug Sep Oct Nov Dec
2020: Jan Feb Mar Apr May Jun Jul Aug Sep Oct Nov Dec
2019: Jan Feb Mar Apr May Jun Jul Aug Sep Oct Nov Dec
2018: Jan Feb Mar Apr May Jun Jul Aug Sep Oct Nov Dec
2017: Jan Feb Mar Apr May Jun Jul Aug Sep Oct Nov Dec
2016: Jan Feb Mar Apr May Jun Jul Aug Sep Oct Nov Dec
2015: Jan Feb Mar Apr May Jun Jul Aug Sep Oct Nov Dec
2014: Jan Feb Mar Apr May Jun Jul Aug Sep Oct Nov Dec
2013: Jan Feb Mar Apr May Jun Jul Aug Sep Oct Nov Dec
2012: Jan Feb Mar Apr May Jun Jul Aug Sep Oct Nov Dec
2011: Jan Feb Mar Apr May Jun Jul Aug Sep Oct Nov Dec
2010: Jan Feb Mar Apr May Jun Jul Aug Sep Oct Nov Dec
2009: Jan Feb Mar Apr May Jun Jul Aug Sep Oct Nov Dec
2008: Jan Feb Mar Apr May Jun Jul Aug Sep Oct Nov Dec
2007: Jan Feb Mar Apr May Jun Jul Aug Sep Oct Nov Dec
2006: Jan Feb Mar Apr May Jun Jul Aug Sep Oct Nov Dec
2005: Jan Feb Mar Apr May Jun Jul Aug Sep Oct Nov Dec
2024: Jan Feb Mar Apr May Jun Jul Aug Sep Oct Nov Dec
2023: Jan Feb Mar Apr May Jun Jul Aug Sep Oct Nov Dec
2022: Jan Feb Mar Apr May Jun Jul Aug Sep Oct Nov Dec
2021: Jan Feb Mar Apr May Jun Jul Aug Sep Oct Nov Dec
2020: Jan Feb Mar Apr May Jun Jul Aug Sep Oct Nov Dec
2019: Jan Feb Mar Apr May Jun Jul Aug Sep Oct Nov Dec
2018: Jan Feb Mar Apr May Jun Jul Aug Sep Oct Nov Dec
2017: Jan Feb Mar Apr May Jun Jul Aug Sep Oct Nov Dec
2016: Jan Feb Mar Apr May Jun Jul Aug Sep Oct Nov Dec
2015: Jan Feb Mar Apr May Jun Jul Aug Sep Oct Nov Dec
2014: Jan Feb Mar Apr May Jun Jul Aug Sep Oct Nov Dec
2013: Jan Feb Mar Apr May Jun Jul Aug Sep Oct Nov Dec
2012: Jan Feb Mar Apr May Jun Jul Aug Sep Oct Nov Dec
2011: Jan Feb Mar Apr May Jun Jul Aug Sep Oct Nov Dec
2010: Jan Feb Mar Apr May Jun Jul Aug Sep Oct Nov Dec
2009: Jan Feb Mar Apr May Jun Jul Aug Sep Oct Nov Dec
2008: Jan Feb Mar Apr May Jun Jul Aug Sep Oct Nov Dec
2007: Jan Feb Mar Apr May Jun Jul Aug Sep Oct Nov Dec
2006: Jan Feb Mar Apr May Jun Jul Aug Sep Oct Nov Dec
2005: Jan Feb Mar Apr May Jun Jul Aug Sep Oct Nov Dec
Report for 2013 November
Daily noaa report MONTHLY CLIMATOLOGICAL SUMMARY for NOV. 2013 NAME: Woodbridge CITY: Sachse STATE: Texas ELEV: 502 ft LAT: 32: LONG: : : TEMPERATURE ( °F), RAIN (in.), WIND SPEED (mph) HEAT COOL AVG MEAN DEG DEG WIND DOM DAY TEMP HIGH TIME LOW TIME DAYS DAYS RAIN SPEED HIGH TIME DIR ---------------------------------------------------------------------------------------------------------------------------------------------------------- 01 61.0 075.1 16:07 47.3 08:28 04.0 00.0 00.00 002 018 22:15 SE 02 58.1 067.8 15:41 47.1 00:00 06.9 00.0 00.00 004 020 14:54 N 03 54.3 066.9 12:38 42.0 05:15 10.6 00.0 00.00 003 020 14:40 SSE 04 58.0 060.2 20:27 54.2 07:46 07.0 00.0 00.78 004 016 04:04 SSE 05 64.0 068.6 00:00 60.1 00:03 01.0 00.0 00.26 004 017 00:56 SE 06 56.0 069.5 04:34 44.5 00:00 09.0 00.0 00.51 006 023 08:36 NNW 07 50.3 062.9 14:31 38.7 06:55 14.6 00.0 00.00 001 009 15:37 N 08 54.5 067.8 12:16 41.5 07:25 10.4 00.0 00.00 003 017 12:55 SSW 09 59.4 067.7 15:34 54.8 03:02 05.6 00.0 00.00 003 016 11:52 SSE 10 57.5 066.5 15:10 49.6 00:00 07.4 00.0 00.00 001 007 12:20 E 11 58.2 073.5 14:39 45.3 07:18 06.8 00.0 00.00 001 009 11:49 SE 12 48.6 060.9 03:28 35.5 00:00 16.3 00.0 00.00 007 026 08:15 NNE 13 39.1 051.4 13:17 29.8 07:31 25.9 00.0 00.00 001 009 03:03 NE 14 46.6 059.5 14:14 31.7 05:24 18.3 00.0 00.00 003 020 11:09 S 15 59.7 069.7 13:58 53.2 03:51 05.3 00.0 00.00 004 015 11:12 S 16 68.0 075.1 15:25 60.3 00:16 00.0 03.0 00.00 007 025 23:23 SSW 17 75.1 085.1 13:25 63.5 00:00 00.0 10.1 00.00 006 024 09:02 WSW 18 62.0 070.4 15:03 54.0 07:19 02.9 00.0 00.00 003 015 14:17 ENE 19 59.3 067.9 14:24 53.9 07:18 05.6 00.0 00.00 004 020 10:21 ESE 20 56.8 064.3 14:19 46.8 07:03 08.1 00.0 00.00 003 020 11:41 SSE 21 63.3 071.9 16:04 43.8 00:00 01.6 00.0 00.27 003 029 21:11 SSE 22 37.5 043.8 00:01 35.2 17:18 27.4 00.0 00.57 007 028 00:02 N 23 38.3 043.4 16:41 35.8 02:04 26.6 00.0 00.02 006 018 00:34 NNE 24 34.4 036.8 00:02 31.8 07:27 30.5 00.0 00.02 004 015 09:15 NE 25 35.7 038.2 16:08 33.2 05:30 29.3 00.0 00.78 002 014 23:31 NE 26 42.1 051.6 15:00 35.9 03:48 22.8 00.0 00.00 007 026 15:57 N 27 35.2 045.0 14:14 29.1 07:42 29.7 00.0 00.00 003 014 14:05 N 28 37.9 052.6 13:42 29.6 08:08 27.0 00.0 00.00 001 012 10:12 S 29 41.0 057.6 14:41 27.7 07:38 23.9 00.0 00.00 001 012 16:30 SSE 30 51.5 066.7 13:25 37.8 05:36 13.4 00.0 00.00 004 020 16:10 SSW ---------------------------------------------------------------------------------------------------------------------------------------------------------- 52.1 (52.5) 85.1 day 17 27.7 day 29 398.0 013.1 02.98 03.6 029 day 17 E Min < 86: 30 Max Rain: 0.78 ON 4-11-13 Days of Rain: 8 (> .008in) 6 (> .08in) 0 (> 0.8in)