NOAA-Style Climate Reports
Select a Year or Month report
2024: Jan Feb Mar Apr May Jun Jul Aug Sep Oct Nov Dec
2023: Jan Feb Mar Apr May Jun Jul Aug Sep Oct Nov Dec
2022: Jan Feb Mar Apr May Jun Jul Aug Sep Oct Nov Dec
2021: Jan Feb Mar Apr May Jun Jul Aug Sep Oct Nov Dec
2020: Jan Feb Mar Apr May Jun Jul Aug Sep Oct Nov Dec
2019: Jan Feb Mar Apr May Jun Jul Aug Sep Oct Nov Dec
2018: Jan Feb Mar Apr May Jun Jul Aug Sep Oct Nov Dec
2017: Jan Feb Mar Apr May Jun Jul Aug Sep Oct Nov Dec
2016: Jan Feb Mar Apr May Jun Jul Aug Sep Oct Nov Dec
2015: Jan Feb Mar Apr May Jun Jul Aug Sep Oct Nov Dec
2014: Jan Feb Mar Apr May Jun Jul Aug Sep Oct Nov Dec
2013: Jan Feb Mar Apr May Jun Jul Aug Sep Oct Nov Dec
2012: Jan Feb Mar Apr May Jun Jul Aug Sep Oct Nov Dec
2011: Jan Feb Mar Apr May Jun Jul Aug Sep Oct Nov Dec
2010: Jan Feb Mar Apr May Jun Jul Aug Sep Oct Nov Dec
2009: Jan Feb Mar Apr May Jun Jul Aug Sep Oct Nov Dec
2008: Jan Feb Mar Apr May Jun Jul Aug Sep Oct Nov Dec
2007: Jan Feb Mar Apr May Jun Jul Aug Sep Oct Nov Dec
2006: Jan Feb Mar Apr May Jun Jul Aug Sep Oct Nov Dec
2005: Jan Feb Mar Apr May Jun Jul Aug Sep Oct Nov Dec
2024: Jan Feb Mar Apr May Jun Jul Aug Sep Oct Nov Dec
2023: Jan Feb Mar Apr May Jun Jul Aug Sep Oct Nov Dec
2022: Jan Feb Mar Apr May Jun Jul Aug Sep Oct Nov Dec
2021: Jan Feb Mar Apr May Jun Jul Aug Sep Oct Nov Dec
2020: Jan Feb Mar Apr May Jun Jul Aug Sep Oct Nov Dec
2019: Jan Feb Mar Apr May Jun Jul Aug Sep Oct Nov Dec
2018: Jan Feb Mar Apr May Jun Jul Aug Sep Oct Nov Dec
2017: Jan Feb Mar Apr May Jun Jul Aug Sep Oct Nov Dec
2016: Jan Feb Mar Apr May Jun Jul Aug Sep Oct Nov Dec
2015: Jan Feb Mar Apr May Jun Jul Aug Sep Oct Nov Dec
2014: Jan Feb Mar Apr May Jun Jul Aug Sep Oct Nov Dec
2013: Jan Feb Mar Apr May Jun Jul Aug Sep Oct Nov Dec
2012: Jan Feb Mar Apr May Jun Jul Aug Sep Oct Nov Dec
2011: Jan Feb Mar Apr May Jun Jul Aug Sep Oct Nov Dec
2010: Jan Feb Mar Apr May Jun Jul Aug Sep Oct Nov Dec
2009: Jan Feb Mar Apr May Jun Jul Aug Sep Oct Nov Dec
2008: Jan Feb Mar Apr May Jun Jul Aug Sep Oct Nov Dec
2007: Jan Feb Mar Apr May Jun Jul Aug Sep Oct Nov Dec
2006: Jan Feb Mar Apr May Jun Jul Aug Sep Oct Nov Dec
2005: Jan Feb Mar Apr May Jun Jul Aug Sep Oct Nov Dec
Report for 2014 July
Daily noaa report MONTHLY CLIMATOLOGICAL SUMMARY for JUL. 2014 NAME: Woodbridge CITY: Sachse STATE: Texas ELEV: 502 ft LAT: 32: LONG: : : TEMPERATURE ( °F), RAIN (in.), WIND SPEED (mph) HEAT COOL AVG MEAN DEG DEG WIND DOM DAY TEMP HIGH TIME LOW TIME DAYS DAYS RAIN SPEED HIGH TIME DIR ---------------------------------------------------------------------------------------------------------------------------------------------------------- 01 74.2 080.7 00:03 71.3 00:00 00.0 09.3 00.01 002 022 01:12 ESE 02 85.1 098.1 15:47 76.5 07:20 00.0 20.1 00.00 002 016 10:40 E 03 78.5 087.9 17:05 67.8 06:42 00.0 13.6 00.81 002 026 04:34 ENE 04 82.1 093.1 14:00 72.9 07:11 00.0 17.2 00.00 002 016 14:51 ESE 05 82.9 094.8 15:46 73.4 06:24 00.0 18.0 00.00 002 015 10:05 SSE 06 83.2 095.4 14:27 72.2 06:51 00.0 18.2 00.00 002 017 12:43 SSW 07 85.4 098.6 16:22 74.2 06:48 00.0 20.4 00.00 003 021 15:43 SSW 08 87.0 101.5 16:21 76.2 07:07 00.0 22.1 00.00 003 014 19:16 SSW 09 86.6 100.0 15:42 74.9 07:10 00.0 21.6 00.00 002 012 18:56 S 10 87.0 099.2 16:32 75.5 07:38 00.0 22.1 00.00 003 018 15:54 SSW 11 86.2 099.4 15:11 72.6 06:50 00.0 21.3 00.00 003 020 10:32 SSW 12 86.9 100.0 14:33 73.1 07:20 00.0 22.0 00.00 002 018 14:57 S 13 88.6 103.6 17:12 73.8 07:17 00.0 23.6 00.00 002 016 09:35 SSW 14 84.3 102.9 14:18 76.1 07:13 00.0 19.3 00.03 002 023 19:46 SW 15 83.3 094.5 15:19 74.8 07:38 00.0 18.3 00.00 003 020 15:04 NE 16 80.1 092.3 14:07 67.7 06:55 00.0 15.2 00.00 003 017 20:39 ESE 17 71.4 080.0 00:01 66.2 12:12 00.0 06.5 01.65 004 026 09:44 ESE 18 68.8 074.7 17:22 64.4 07:23 00.0 03.8 00.03 003 013 10:07 NE 19 71.8 077.4 12:39 67.3 07:21 00.0 06.9 00.00 000 012 13:06 E 20 78.2 092.5 16:45 66.5 07:22 00.0 13.3 00.01 001 012 16:10 SSE 21 83.4 098.9 16:14 72.1 07:05 00.0 18.5 00.00 002 013 19:53 SE 22 85.4 097.7 15:28 75.6 07:26 00.0 20.5 00.00 001 013 17:12 ESE 23 83.2 097.3 16:05 73.0 07:25 00.0 18.3 00.00 001 024 19:59 ESE 24 82.9 096.7 16:24 71.4 07:50 00.0 18.0 00.00 002 013 18:30 ESE 25 86.3 100.2 15:09 73.8 06:49 00.0 21.4 00.00 002 013 23:57 S 26 88.0 100.5 16:10 75.5 07:20 00.0 23.1 00.00 003 020 14:51 S 27 89.9 104.5 15:39 77.7 07:18 00.0 25.0 00.00 002 016 16:03 SSW 28 86.1 096.3 14:52 78.7 00:00 00.0 21.2 00.00 003 020 15:58 NE 29 80.8 089.2 14:13 70.1 07:24 00.0 15.8 00.00 001 012 15:03 ENE 30 79.5 088.4 18:02 74.3 04:09 00.0 14.6 00.04 002 020 17:38 SE 31 79.5 082.8 15:13 68.6 08:17 00.0 04.7 01.57 002 021 02:21 N ---------------------------------------------------------------------------------------------------------------------------------------------------------- 82.7 (83.6) 104.5 day 27 64.4 day 18 000.0 551.5 04.24 02.2 026 day 17 SSE Max > 86: 27 Min < 86: 31 Max Rain: 1.65 ON 17-07-14 Days of Rain: 7 (> .008in) 2 (> .08in) 2 (> 0.8in)