NOAA-Style Climate Reports
Select a Year or Month report
2024: Jan Feb Mar Apr May Jun Jul Aug Sep Oct Nov Dec
2023: Jan Feb Mar Apr May Jun Jul Aug Sep Oct Nov Dec
2022: Jan Feb Mar Apr May Jun Jul Aug Sep Oct Nov Dec
2021: Jan Feb Mar Apr May Jun Jul Aug Sep Oct Nov Dec
2020: Jan Feb Mar Apr May Jun Jul Aug Sep Oct Nov Dec
2019: Jan Feb Mar Apr May Jun Jul Aug Sep Oct Nov Dec
2018: Jan Feb Mar Apr May Jun Jul Aug Sep Oct Nov Dec
2017: Jan Feb Mar Apr May Jun Jul Aug Sep Oct Nov Dec
2016: Jan Feb Mar Apr May Jun Jul Aug Sep Oct Nov Dec
2015: Jan Feb Mar Apr May Jun Jul Aug Sep Oct Nov Dec
2014: Jan Feb Mar Apr May Jun Jul Aug Sep Oct Nov Dec
2013: Jan Feb Mar Apr May Jun Jul Aug Sep Oct Nov Dec
2012: Jan Feb Mar Apr May Jun Jul Aug Sep Oct Nov Dec
2011: Jan Feb Mar Apr May Jun Jul Aug Sep Oct Nov Dec
2010: Jan Feb Mar Apr May Jun Jul Aug Sep Oct Nov Dec
2009: Jan Feb Mar Apr May Jun Jul Aug Sep Oct Nov Dec
2008: Jan Feb Mar Apr May Jun Jul Aug Sep Oct Nov Dec
2007: Jan Feb Mar Apr May Jun Jul Aug Sep Oct Nov Dec
2006: Jan Feb Mar Apr May Jun Jul Aug Sep Oct Nov Dec
2005: Jan Feb Mar Apr May Jun Jul Aug Sep Oct Nov Dec
2024: Jan Feb Mar Apr May Jun Jul Aug Sep Oct Nov Dec
2023: Jan Feb Mar Apr May Jun Jul Aug Sep Oct Nov Dec
2022: Jan Feb Mar Apr May Jun Jul Aug Sep Oct Nov Dec
2021: Jan Feb Mar Apr May Jun Jul Aug Sep Oct Nov Dec
2020: Jan Feb Mar Apr May Jun Jul Aug Sep Oct Nov Dec
2019: Jan Feb Mar Apr May Jun Jul Aug Sep Oct Nov Dec
2018: Jan Feb Mar Apr May Jun Jul Aug Sep Oct Nov Dec
2017: Jan Feb Mar Apr May Jun Jul Aug Sep Oct Nov Dec
2016: Jan Feb Mar Apr May Jun Jul Aug Sep Oct Nov Dec
2015: Jan Feb Mar Apr May Jun Jul Aug Sep Oct Nov Dec
2014: Jan Feb Mar Apr May Jun Jul Aug Sep Oct Nov Dec
2013: Jan Feb Mar Apr May Jun Jul Aug Sep Oct Nov Dec
2012: Jan Feb Mar Apr May Jun Jul Aug Sep Oct Nov Dec
2011: Jan Feb Mar Apr May Jun Jul Aug Sep Oct Nov Dec
2010: Jan Feb Mar Apr May Jun Jul Aug Sep Oct Nov Dec
2009: Jan Feb Mar Apr May Jun Jul Aug Sep Oct Nov Dec
2008: Jan Feb Mar Apr May Jun Jul Aug Sep Oct Nov Dec
2007: Jan Feb Mar Apr May Jun Jul Aug Sep Oct Nov Dec
2006: Jan Feb Mar Apr May Jun Jul Aug Sep Oct Nov Dec
2005: Jan Feb Mar Apr May Jun Jul Aug Sep Oct Nov Dec
Report for 2015 August
Daily noaa report MONTHLY CLIMATOLOGICAL SUMMARY for AUG. 2015 NAME: Woodbridge (Sachse) CITY: Sachse STATE: Texas ELEV: 502 LAT: 32:59:20 LONG: 96:34: 0 TEMPERATURE ( °F), RAIN (in.), WIND SPEED (mph) HEAT COOL AVG MEAN DEG DEG WIND DOM DAY TEMP HIGH TIME LOW TIME DAYS DAYS RAIN SPEED HIGH TIME DIR -------------------------------------------------------------------------------------------------------- 10 91.0 097.4 20:00 86.6 00:00 00.0 26.1 00.00 00.0 02.3 21:35 SE 11 92.2 103.0 17:02 83.4 06:12 00.0 27.2 00.00 02.3 13.8 23:28 ENE 12 88.2 099.1 16:17 78.6 07:48 00.0 23.2 00.00 03.2 14.9 23:27 NE 13 85.8 097.2 17:16 75.4 07:33 00.0 20.9 00.00 01.3 12.7 11:02 E 14 86.3 097.1 16:14 76.3 07:12 00.0 21.4 00.00 02.7 17.3 17:01 ESE 15 85.1 096.4 16:57 72.7 07:41 00.0 20.1 00.00 01.8 13.8 16:20 E 16 84.5 097.3 15:20 70.6 07:11 00.0 19.5 00.00 00.7 11.5 16:07 ESE 17 86.0 096.8 16:23 75.4 07:43 00.0 21.1 00.00 00.8 12.7 17:13 SSE 18 87.2 098.2 15:35 76.2 07:26 00.0 22.3 00.00 02.6 17.3 18:29 SSW 19 81.6 094.2 12:57 68.5 00:00 00.0 16.7 00.08 05.3 23.0 13:38 ENE 20 69.5 072.7 18:30 65.8 04:10 00.0 04.6 00.16 02.1 12.7 12:48 E 21 79.7 093.1 16:17 70.8 00:57 00.0 14.8 00.00 01.8 18.4 17:00 SSE 22 85.2 095.9 14:54 76.6 06:49 00.0 20.3 00.00 02.7 19.6 17:57 S 23 85.9 096.3 13:15 78.0 07:46 00.0 20.9 00.00 02.4 25.3 14:24 SE 24 84.2 100.0 15:47 73.7 17:02 00.0 19.3 00.39 01.0 46.0 16:32 ESE 25 81.1 089.6 16:42 73.3 09:19 00.0 16.1 00.31 01.8 17.3 08:48 ESE 26 82.3 094.5 17:02 72.4 06:28 00.0 17.4 00.00 00.7 12.7 15:25 SE 27 80.8 093.6 16:28 69.0 07:24 00.0 15.9 00.00 00.8 11.5 18:32 SE 28 82.1 095.5 17:00 69.8 07:18 00.0 17.2 00.00 00.9 11.5 22:55 SSE 29 81.9 092.8 16:42 73.7 08:51 00.0 16.9 00.06 01.2 16.1 17:08 S 30 83.3 096.9 15:46 72.6 05:57 00.0 18.4 00.06 01.7 13.8 14:24 SW 31 83.1 094.8 16:46 72.3 07:49 00.0 18.2 00.00 01.4 12.7 18:57 SSE -------------------------------------------------------------------------------------------------------- 84.0 (84.6) 103.0 day 11 65.8 day 20 000.0 418.4 00.00 01.8 46.0 day 24 SE Max > 86: 21 Min < 86: 21 Max Rain: 0.39 ON 24-08-15 Days of Rain: 6 (> .008in) 4 (> .08in) 0 (> 0.8in)