NOAA-Style Climate Reports
Select a Year or Month report
2024: Jan Feb Mar Apr May Jun Jul Aug Sep Oct Nov Dec
2023: Jan Feb Mar Apr May Jun Jul Aug Sep Oct Nov Dec
2022: Jan Feb Mar Apr May Jun Jul Aug Sep Oct Nov Dec
2021: Jan Feb Mar Apr May Jun Jul Aug Sep Oct Nov Dec
2020: Jan Feb Mar Apr May Jun Jul Aug Sep Oct Nov Dec
2019: Jan Feb Mar Apr May Jun Jul Aug Sep Oct Nov Dec
2018: Jan Feb Mar Apr May Jun Jul Aug Sep Oct Nov Dec
2017: Jan Feb Mar Apr May Jun Jul Aug Sep Oct Nov Dec
2016: Jan Feb Mar Apr May Jun Jul Aug Sep Oct Nov Dec
2015: Jan Feb Mar Apr May Jun Jul Aug Sep Oct Nov Dec
2014: Jan Feb Mar Apr May Jun Jul Aug Sep Oct Nov Dec
2013: Jan Feb Mar Apr May Jun Jul Aug Sep Oct Nov Dec
2012: Jan Feb Mar Apr May Jun Jul Aug Sep Oct Nov Dec
2011: Jan Feb Mar Apr May Jun Jul Aug Sep Oct Nov Dec
2010: Jan Feb Mar Apr May Jun Jul Aug Sep Oct Nov Dec
2009: Jan Feb Mar Apr May Jun Jul Aug Sep Oct Nov Dec
2008: Jan Feb Mar Apr May Jun Jul Aug Sep Oct Nov Dec
2007: Jan Feb Mar Apr May Jun Jul Aug Sep Oct Nov Dec
2006: Jan Feb Mar Apr May Jun Jul Aug Sep Oct Nov Dec
2005: Jan Feb Mar Apr May Jun Jul Aug Sep Oct Nov Dec
2024: Jan Feb Mar Apr May Jun Jul Aug Sep Oct Nov Dec
2023: Jan Feb Mar Apr May Jun Jul Aug Sep Oct Nov Dec
2022: Jan Feb Mar Apr May Jun Jul Aug Sep Oct Nov Dec
2021: Jan Feb Mar Apr May Jun Jul Aug Sep Oct Nov Dec
2020: Jan Feb Mar Apr May Jun Jul Aug Sep Oct Nov Dec
2019: Jan Feb Mar Apr May Jun Jul Aug Sep Oct Nov Dec
2018: Jan Feb Mar Apr May Jun Jul Aug Sep Oct Nov Dec
2017: Jan Feb Mar Apr May Jun Jul Aug Sep Oct Nov Dec
2016: Jan Feb Mar Apr May Jun Jul Aug Sep Oct Nov Dec
2015: Jan Feb Mar Apr May Jun Jul Aug Sep Oct Nov Dec
2014: Jan Feb Mar Apr May Jun Jul Aug Sep Oct Nov Dec
2013: Jan Feb Mar Apr May Jun Jul Aug Sep Oct Nov Dec
2012: Jan Feb Mar Apr May Jun Jul Aug Sep Oct Nov Dec
2011: Jan Feb Mar Apr May Jun Jul Aug Sep Oct Nov Dec
2010: Jan Feb Mar Apr May Jun Jul Aug Sep Oct Nov Dec
2009: Jan Feb Mar Apr May Jun Jul Aug Sep Oct Nov Dec
2008: Jan Feb Mar Apr May Jun Jul Aug Sep Oct Nov Dec
2007: Jan Feb Mar Apr May Jun Jul Aug Sep Oct Nov Dec
2006: Jan Feb Mar Apr May Jun Jul Aug Sep Oct Nov Dec
2005: Jan Feb Mar Apr May Jun Jul Aug Sep Oct Nov Dec
Report for 2016 February
Daily noaa report MONTHLY CLIMATOLOGICAL SUMMARY for FEB. 2016 NAME: Woodbridge (Sachse) CITY: Sachse STATE: Texas ELEV: 502 LAT: 32:59:20 LONG: 96:34: 0 TEMPERATURE ( °F), RAIN (in.), WIND SPEED (mph) HEAT COOL AVG MEAN DEG DEG WIND DOM DAY TEMP HIGH TIME LOW TIME DAYS DAYS RAIN SPEED HIGH TIME DIR -------------------------------------------------------------------------------------------------------- 01 57.2 069.1 16:40 42.8 07:44 07.7 00.0 00.00 03.0 19.6 16:05 SE 02 58.5 066.3 14:47 45.5 00:00 06.4 00.0 00.00 07.0 29.9 14:57 W 03 43.5 051.1 15:53 36.6 07:38 21.5 00.0 00.00 05.9 26.4 14:00 NNW 04 42.1 053.6 14:56 30.6 04:10 22.9 00.0 00.00 01.5 16.1 14:23 NW 05 44.7 058.6 15:01 31.0 06:08 20.2 00.0 00.00 02.6 19.6 11:42 SSE 06 46.0 055.3 15:37 38.2 00:00 18.9 00.0 00.00 01.8 19.6 09:55 ENE 07 48.9 064.8 15:00 34.1 07:18 16.1 00.0 00.00 01.8 17.3 12:28 WSW 08 48.8 055.7 15:23 42.9 07:40 16.1 00.0 00.00 10.5 34.5 15:31 NW 09 48.8 061.2 16:07 37.5 07:40 16.2 00.0 00.00 05.8 24.1 16:13 NNW 10 52.3 071.9 16:01 32.6 07:57 12.6 00.0 00.00 02.4 21.9 13:15 SW 11 58.8 076.7 15:05 40.0 07:56 06.2 00.0 00.00 01.3 12.7 12:31 W 12 55.8 069.7 15:16 42.6 07:29 09.1 00.0 00.00 02.1 14.9 13:05 NE 13 53.2 066.0 15:45 41.4 05:42 11.8 00.0 00.00 04.0 18.4 09:47 ESE 14 61.0 065.3 16:46 55.3 00:01 03.9 00.0 00.00 03.4 20.7 05:02 S 15 59.4 069.6 14:55 47.0 00:00 05.5 00.0 00.00 03.1 19.6 16:56 N 16 58.7 072.6 14:46 44.5 02:58 06.2 00.0 00.00 03.5 19.6 16:06 NNW 17 52.4 070.6 14:26 39.3 07:44 12.5 00.0 00.00 01.5 14.9 14:12 SSE 18 62.0 074.8 15:49 47.9 07:36 02.9 00.0 00.00 07.1 34.5 15:15 SSW 19 68.6 080.3 14:53 61.6 05:45 00.0 03.7 00.00 06.1 27.6 01:45 SSW 20 68.3 076.3 13:16 65.1 00:00 00.0 03.4 00.00 05.3 26.4 15:48 SSW 21 64.7 070.6 13:17 55.8 00:00 00.2 00.0 00.15 01.7 17.3 21:59 NE 22 54.3 057.2 14:33 51.3 05:06 10.7 00.0 00.40 03.8 17.3 09:29 ENE 23 47.4 054.4 02:20 42.6 19:25 17.5 00.0 01.86 07.7 33.4 20:37 NNE 24 49.1 059.4 15:33 40.5 07:25 15.8 00.0 00.00 07.8 29.9 14:42 NW 25 50.1 058.4 14:50 41.8 00:00 14.9 00.0 00.00 04.2 25.3 13:44 N 26 47.3 063.3 15:38 31.1 07:34 17.6 00.0 00.00 00.6 11.5 17:29 S 27 56.1 074.1 14:48 39.5 07:37 08.9 00.0 00.00 02.8 19.6 17:24 SSW 28 60.8 072.2 16:32 53.5 05:06 04.1 00.0 00.00 04.4 23.0 07:42 SSW -------------------------------------------------------------------------------------------------------- 54.2 (54.5) 80.3 day 19 30.6 day 04 306.5 007.0 02.41 04.0 34.5 day 08 WNW Min < 86: 28 Max Rain: 1.86 ON 23-02-16 Days of Rain: 3 (> .008in) 3 (> .08in) 1 (> 0.8in)