NOAA-Style Climate Reports
Select a Year or Month report
2024: Jan Feb Mar Apr May Jun Jul Aug Sep Oct Nov Dec
2023: Jan Feb Mar Apr May Jun Jul Aug Sep Oct Nov Dec
2022: Jan Feb Mar Apr May Jun Jul Aug Sep Oct Nov Dec
2021: Jan Feb Mar Apr May Jun Jul Aug Sep Oct Nov Dec
2020: Jan Feb Mar Apr May Jun Jul Aug Sep Oct Nov Dec
2019: Jan Feb Mar Apr May Jun Jul Aug Sep Oct Nov Dec
2018: Jan Feb Mar Apr May Jun Jul Aug Sep Oct Nov Dec
2017: Jan Feb Mar Apr May Jun Jul Aug Sep Oct Nov Dec
2016: Jan Feb Mar Apr May Jun Jul Aug Sep Oct Nov Dec
2015: Jan Feb Mar Apr May Jun Jul Aug Sep Oct Nov Dec
2014: Jan Feb Mar Apr May Jun Jul Aug Sep Oct Nov Dec
2013: Jan Feb Mar Apr May Jun Jul Aug Sep Oct Nov Dec
2012: Jan Feb Mar Apr May Jun Jul Aug Sep Oct Nov Dec
2011: Jan Feb Mar Apr May Jun Jul Aug Sep Oct Nov Dec
2010: Jan Feb Mar Apr May Jun Jul Aug Sep Oct Nov Dec
2009: Jan Feb Mar Apr May Jun Jul Aug Sep Oct Nov Dec
2008: Jan Feb Mar Apr May Jun Jul Aug Sep Oct Nov Dec
2007: Jan Feb Mar Apr May Jun Jul Aug Sep Oct Nov Dec
2006: Jan Feb Mar Apr May Jun Jul Aug Sep Oct Nov Dec
2005: Jan Feb Mar Apr May Jun Jul Aug Sep Oct Nov Dec
2024: Jan Feb Mar Apr May Jun Jul Aug Sep Oct Nov Dec
2023: Jan Feb Mar Apr May Jun Jul Aug Sep Oct Nov Dec
2022: Jan Feb Mar Apr May Jun Jul Aug Sep Oct Nov Dec
2021: Jan Feb Mar Apr May Jun Jul Aug Sep Oct Nov Dec
2020: Jan Feb Mar Apr May Jun Jul Aug Sep Oct Nov Dec
2019: Jan Feb Mar Apr May Jun Jul Aug Sep Oct Nov Dec
2018: Jan Feb Mar Apr May Jun Jul Aug Sep Oct Nov Dec
2017: Jan Feb Mar Apr May Jun Jul Aug Sep Oct Nov Dec
2016: Jan Feb Mar Apr May Jun Jul Aug Sep Oct Nov Dec
2015: Jan Feb Mar Apr May Jun Jul Aug Sep Oct Nov Dec
2014: Jan Feb Mar Apr May Jun Jul Aug Sep Oct Nov Dec
2013: Jan Feb Mar Apr May Jun Jul Aug Sep Oct Nov Dec
2012: Jan Feb Mar Apr May Jun Jul Aug Sep Oct Nov Dec
2011: Jan Feb Mar Apr May Jun Jul Aug Sep Oct Nov Dec
2010: Jan Feb Mar Apr May Jun Jul Aug Sep Oct Nov Dec
2009: Jan Feb Mar Apr May Jun Jul Aug Sep Oct Nov Dec
2008: Jan Feb Mar Apr May Jun Jul Aug Sep Oct Nov Dec
2007: Jan Feb Mar Apr May Jun Jul Aug Sep Oct Nov Dec
2006: Jan Feb Mar Apr May Jun Jul Aug Sep Oct Nov Dec
2005: Jan Feb Mar Apr May Jun Jul Aug Sep Oct Nov Dec
Report for 2016 May
Daily noaa report MONTHLY CLIMATOLOGICAL SUMMARY for MAY. 2016 NAME: Woodbridge (Sachse) CITY: Sachse STATE: Texas ELEV: 502 LAT: 32:59:20 LONG: 96:34: 0 TEMPERATURE ( °F), RAIN (in.), WIND SPEED (mph) HEAT COOL AVG MEAN DEG DEG WIND DOM DAY TEMP HIGH TIME LOW TIME DAYS DAYS RAIN SPEED HIGH TIME DIR -------------------------------------------------------------------------------------------------------- 01 67.2 077.1 16:27 57.7 07:24 00.0 02.3 00.00 04.2 19.6 12:06 NNE 02 59.4 065.5 15:17 53.2 00:00 05.5 00.0 00.68 04.4 27.6 04:59 N 03 62.4 076.7 16:33 48.0 06:37 02.5 00.0 00.00 01.3 18.4 14:35 NNE 04 69.4 082.6 17:37 54.4 07:16 00.0 04.5 00.00 04.1 25.3 12:25 NW 05 70.9 083.6 16:31 54.9 07:43 00.0 05.9 00.00 01.1 13.8 17:08 NNE 06 70.9 085.9 16:38 55.5 07:12 00.0 06.0 00.00 01.1 11.5 16:53 ESE 07 72.5 085.8 16:50 58.6 06:15 00.0 07.6 00.00 02.4 20.7 16:05 S 08 69.9 073.2 16:36 66.3 05:02 00.0 04.9 00.09 04.0 24.1 16:59 SSW 09 74.8 087.4 16:39 66.4 06:55 00.0 09.8 00.23 05.3 24.1 18:12 SSW 10 80.7 093.3 14:53 72.0 21:21 00.0 15.7 00.21 06.3 39.1 20:49 SSW 11 79.4 089.6 14:38 67.3 07:34 00.0 14.5 00.00 03.5 33.4 23:44 SSW 12 74.5 084.8 16:45 68.5 05:29 00.0 09.6 00.20 02.6 34.5 00:49 NE 13 74.3 087.5 16:36 60.2 07:21 00.0 09.3 00.00 01.0 13.8 11:38 SE 14 69.7 077.2 16:39 62.1 00:00 00.0 04.7 00.00 03.4 19.6 14:24 NE 15 66.2 076.0 15:59 58.8 05:12 00.0 01.3 00.00 02.5 14.9 03:40 E 16 70.8 081.8 15:17 63.7 06:29 00.0 05.8 00.03 02.1 19.6 16:45 SSE 17 71.3 083.5 13:49 63.2 07:00 00.0 06.3 00.03 04.1 21.9 06:22 NE 18 61.1 063.9 15:24 57.7 08:27 03.8 00.0 00.04 03.0 17.3 01:44 NNE 19 62.5 070.4 16:11 58.5 09:16 02.4 00.0 00.49 01.6 19.6 13:24 E 20 70.6 083.7 17:24 60.9 07:07 00.0 05.7 00.00 01.5 13.8 12:35 ENE 21 74.9 086.5 14:43 64.1 07:03 00.0 09.9 00.00 02.1 13.8 16:45 ESE 22 77.0 086.5 17:02 68.9 07:05 00.0 12.0 00.00 02.3 13.8 19:33 ESE 23 76.2 084.4 15:03 66.0 09:18 00.0 11.2 00.91 02.6 20.7 13:27 SSE 24 78.9 087.0 17:05 73.0 07:28 00.0 14.0 00.03 02.6 19.6 13:46 S 25 80.9 086.9 16:16 76.0 06:56 00.0 16.0 00.00 04.2 21.9 11:13 SSW 26 76.9 080.6 00:37 72.5 23:38 00.0 12.0 00.06 04.0 21.9 23:44 S 27 71.0 079.3 15:35 66.9 12:42 00.0 06.1 00.50 03.5 34.5 05:27 S 28 75.4 086.3 15:54 66.5 06:52 00.0 10.5 00.00 01.4 11.5 18:10 S 29 77.0 088.3 16:30 68.5 06:48 00.0 12.0 00.23 01.9 23.0 06:32 SSE 30 76.4 088.1 17:44 67.1 05:49 00.0 11.4 00.35 01.2 31.1 04:07 S 31 74.8 089.9 13:02 67.4 23:37 00.0 09.8 02.38 02.0 20.7 17:34 SE -------------------------------------------------------------------------------------------------------- 72.2 (72.9) 93.3 day 10 48.0 day 03 014.3 238.8 06.46 02.8 39.1 day 11 SSE Max > 86: 12 Min < 86: 31 Max Rain: 2.38 ON 31-05-16 Days of Rain: 16 (> .008in) 11 (> .08in) 2 (> 0.8in)