NOAA-Style Climate Reports
Select a Year or Month report
2024: Jan Feb Mar Apr May Jun Jul Aug Sep Oct Nov Dec
2023: Jan Feb Mar Apr May Jun Jul Aug Sep Oct Nov Dec
2022: Jan Feb Mar Apr May Jun Jul Aug Sep Oct Nov Dec
2021: Jan Feb Mar Apr May Jun Jul Aug Sep Oct Nov Dec
2020: Jan Feb Mar Apr May Jun Jul Aug Sep Oct Nov Dec
2019: Jan Feb Mar Apr May Jun Jul Aug Sep Oct Nov Dec
2018: Jan Feb Mar Apr May Jun Jul Aug Sep Oct Nov Dec
2017: Jan Feb Mar Apr May Jun Jul Aug Sep Oct Nov Dec
2016: Jan Feb Mar Apr May Jun Jul Aug Sep Oct Nov Dec
2015: Jan Feb Mar Apr May Jun Jul Aug Sep Oct Nov Dec
2014: Jan Feb Mar Apr May Jun Jul Aug Sep Oct Nov Dec
2013: Jan Feb Mar Apr May Jun Jul Aug Sep Oct Nov Dec
2012: Jan Feb Mar Apr May Jun Jul Aug Sep Oct Nov Dec
2011: Jan Feb Mar Apr May Jun Jul Aug Sep Oct Nov Dec
2010: Jan Feb Mar Apr May Jun Jul Aug Sep Oct Nov Dec
2009: Jan Feb Mar Apr May Jun Jul Aug Sep Oct Nov Dec
2008: Jan Feb Mar Apr May Jun Jul Aug Sep Oct Nov Dec
2007: Jan Feb Mar Apr May Jun Jul Aug Sep Oct Nov Dec
2006: Jan Feb Mar Apr May Jun Jul Aug Sep Oct Nov Dec
2005: Jan Feb Mar Apr May Jun Jul Aug Sep Oct Nov Dec
2024: Jan Feb Mar Apr May Jun Jul Aug Sep Oct Nov Dec
2023: Jan Feb Mar Apr May Jun Jul Aug Sep Oct Nov Dec
2022: Jan Feb Mar Apr May Jun Jul Aug Sep Oct Nov Dec
2021: Jan Feb Mar Apr May Jun Jul Aug Sep Oct Nov Dec
2020: Jan Feb Mar Apr May Jun Jul Aug Sep Oct Nov Dec
2019: Jan Feb Mar Apr May Jun Jul Aug Sep Oct Nov Dec
2018: Jan Feb Mar Apr May Jun Jul Aug Sep Oct Nov Dec
2017: Jan Feb Mar Apr May Jun Jul Aug Sep Oct Nov Dec
2016: Jan Feb Mar Apr May Jun Jul Aug Sep Oct Nov Dec
2015: Jan Feb Mar Apr May Jun Jul Aug Sep Oct Nov Dec
2014: Jan Feb Mar Apr May Jun Jul Aug Sep Oct Nov Dec
2013: Jan Feb Mar Apr May Jun Jul Aug Sep Oct Nov Dec
2012: Jan Feb Mar Apr May Jun Jul Aug Sep Oct Nov Dec
2011: Jan Feb Mar Apr May Jun Jul Aug Sep Oct Nov Dec
2010: Jan Feb Mar Apr May Jun Jul Aug Sep Oct Nov Dec
2009: Jan Feb Mar Apr May Jun Jul Aug Sep Oct Nov Dec
2008: Jan Feb Mar Apr May Jun Jul Aug Sep Oct Nov Dec
2007: Jan Feb Mar Apr May Jun Jul Aug Sep Oct Nov Dec
2006: Jan Feb Mar Apr May Jun Jul Aug Sep Oct Nov Dec
2005: Jan Feb Mar Apr May Jun Jul Aug Sep Oct Nov Dec
Report for 2016 July
Daily noaa report MONTHLY CLIMATOLOGICAL SUMMARY for JUL. 2016 NAME: Woodbridge (Sachse) CITY: Sachse STATE: Texas ELEV: 502 LAT: 32:59:20 LONG: 96:34: 0 TEMPERATURE ( °F), RAIN (in.), WIND SPEED (mph) HEAT COOL AVG MEAN DEG DEG WIND DOM DAY TEMP HIGH TIME LOW TIME DAYS DAYS RAIN SPEED HIGH TIME DIR -------------------------------------------------------------------------------------------------------- 01 86.5 099.6 16:21 74.0 07:02 00.0 21.5 00.00 01.1 11.5 19:32 S 02 87.0 097.3 15:54 78.2 07:13 00.0 22.1 00.00 02.9 17.3 20:37 S 03 87.6 097.0 15:03 79.1 07:05 00.0 22.6 00.00 06.1 25.3 11:22 SSW 04 82.6 092.9 18:24 72.6 08:03 00.0 17.6 00.27 04.2 23.0 06:33 SSW 05 85.0 094.9 17:54 74.7 02:02 00.0 20.1 00.08 05.2 29.9 12:28 SSW 06 87.3 097.6 15:41 77.9 06:47 00.0 22.4 00.00 07.0 26.4 17:30 SSW 07 87.2 097.7 16:57 77.6 07:16 00.0 22.3 00.00 06.9 26.4 05:48 SSW 08 87.2 098.4 15:56 77.3 07:08 00.0 22.3 00.00 04.4 21.9 01:46 SSW 09 81.5 095.4 15:07 73.0 17:25 00.0 16.6 00.75 03.6 35.6 16:44 SSW 10 83.4 095.5 17:27 72.2 06:40 00.0 18.4 00.00 02.1 16.1 13:52 S 11 86.2 096.4 17:05 77.2 06:31 00.0 21.3 00.00 05.8 27.6 13:24 SSW 12 85.9 095.8 14:58 77.2 06:33 00.0 21.0 00.00 06.3 26.4 12:47 SSW 13 86.0 099.1 17:34 77.8 07:01 00.0 21.1 00.00 05.1 26.4 15:43 SSW 14 88.2 099.8 16:23 77.9 07:00 00.0 23.3 00.00 04.3 21.9 20:19 S 15 82.7 093.3 17:01 70.1 10:36 00.0 17.8 00.45 02.7 33.4 09:34 SSE 16 86.0 099.2 15:43 76.4 07:27 00.0 21.1 00.00 02.2 16.1 16:54 S 17 86.5 096.2 17:05 76.4 07:37 00.0 21.6 00.00 02.9 17.3 15:38 S 18 87.4 098.3 17:38 77.5 07:07 00.0 22.5 00.00 02.3 13.8 15:10 SSW 19 88.1 099.2 17:16 77.5 06:56 00.0 23.1 00.00 02.0 14.9 17:23 SSW 20 88.3 099.2 15:46 78.0 07:04 00.0 23.4 00.00 02.3 16.1 16:41 S 21 88.8 100.5 16:37 77.5 07:27 00.0 23.9 00.00 01.9 13.8 11:39 S 22 89.3 102.8 15:50 77.3 07:40 00.0 24.4 00.00 01.8 11.5 18:36 SSW 23 89.9 101.4 15:50 78.9 07:22 00.0 25.0 00.00 02.0 17.3 10:37 S 24 90.4 102.5 16:32 79.3 07:20 00.0 25.5 00.00 01.7 13.8 13:40 SSW 25 83.6 101.1 14:52 77.4 00:00 00.0 18.7 00.68 01.2 25.3 17:55 SE 26 84.6 098.0 16:23 75.7 07:23 00.0 19.7 00.00 01.1 12.7 16:53 ESE 27 84.8 098.1 14:12 78.0 07:17 00.0 19.9 00.00 01.0 14.9 15:35 SSE 28 87.6 099.3 16:37 78.5 07:18 00.0 22.6 00.00 02.0 16.1 19:15 SSW 29 85.4 098.6 16:20 75.5 07:07 00.0 20.5 00.00 02.7 14.9 17:35 SW 30 85.8 097.5 18:03 77.7 07:15 00.0 20.9 00.00 01.9 13.8 10:15 SSW 31 90.6 101.1 15:29 79.1 07:27 00.0 25.7 00.00 02.8 18.4 12:16 SSW -------------------------------------------------------------------------------------------------------- 86.5 (87.4) 102.8 day 22 70.1 day 15 000.0 668.6 02.23 03.2 35.7 day 09 SSW Max > 86: 31 Min < 86: 31 Max Rain: 0.75 ON 9-07-16 Days of Rain: 5 (> .008in) 5 (> .08in) 0 (> 0.8in)