NOAA-Style Climate Reports
Select a Year or Month report
2024: Jan Feb Mar Apr May Jun Jul Aug Sep Oct Nov Dec
2023: Jan Feb Mar Apr May Jun Jul Aug Sep Oct Nov Dec
2022: Jan Feb Mar Apr May Jun Jul Aug Sep Oct Nov Dec
2021: Jan Feb Mar Apr May Jun Jul Aug Sep Oct Nov Dec
2020: Jan Feb Mar Apr May Jun Jul Aug Sep Oct Nov Dec
2019: Jan Feb Mar Apr May Jun Jul Aug Sep Oct Nov Dec
2018: Jan Feb Mar Apr May Jun Jul Aug Sep Oct Nov Dec
2017: Jan Feb Mar Apr May Jun Jul Aug Sep Oct Nov Dec
2016: Jan Feb Mar Apr May Jun Jul Aug Sep Oct Nov Dec
2015: Jan Feb Mar Apr May Jun Jul Aug Sep Oct Nov Dec
2014: Jan Feb Mar Apr May Jun Jul Aug Sep Oct Nov Dec
2013: Jan Feb Mar Apr May Jun Jul Aug Sep Oct Nov Dec
2012: Jan Feb Mar Apr May Jun Jul Aug Sep Oct Nov Dec
2011: Jan Feb Mar Apr May Jun Jul Aug Sep Oct Nov Dec
2010: Jan Feb Mar Apr May Jun Jul Aug Sep Oct Nov Dec
2009: Jan Feb Mar Apr May Jun Jul Aug Sep Oct Nov Dec
2008: Jan Feb Mar Apr May Jun Jul Aug Sep Oct Nov Dec
2007: Jan Feb Mar Apr May Jun Jul Aug Sep Oct Nov Dec
2006: Jan Feb Mar Apr May Jun Jul Aug Sep Oct Nov Dec
2005: Jan Feb Mar Apr May Jun Jul Aug Sep Oct Nov Dec
2024: Jan Feb Mar Apr May Jun Jul Aug Sep Oct Nov Dec
2023: Jan Feb Mar Apr May Jun Jul Aug Sep Oct Nov Dec
2022: Jan Feb Mar Apr May Jun Jul Aug Sep Oct Nov Dec
2021: Jan Feb Mar Apr May Jun Jul Aug Sep Oct Nov Dec
2020: Jan Feb Mar Apr May Jun Jul Aug Sep Oct Nov Dec
2019: Jan Feb Mar Apr May Jun Jul Aug Sep Oct Nov Dec
2018: Jan Feb Mar Apr May Jun Jul Aug Sep Oct Nov Dec
2017: Jan Feb Mar Apr May Jun Jul Aug Sep Oct Nov Dec
2016: Jan Feb Mar Apr May Jun Jul Aug Sep Oct Nov Dec
2015: Jan Feb Mar Apr May Jun Jul Aug Sep Oct Nov Dec
2014: Jan Feb Mar Apr May Jun Jul Aug Sep Oct Nov Dec
2013: Jan Feb Mar Apr May Jun Jul Aug Sep Oct Nov Dec
2012: Jan Feb Mar Apr May Jun Jul Aug Sep Oct Nov Dec
2011: Jan Feb Mar Apr May Jun Jul Aug Sep Oct Nov Dec
2010: Jan Feb Mar Apr May Jun Jul Aug Sep Oct Nov Dec
2009: Jan Feb Mar Apr May Jun Jul Aug Sep Oct Nov Dec
2008: Jan Feb Mar Apr May Jun Jul Aug Sep Oct Nov Dec
2007: Jan Feb Mar Apr May Jun Jul Aug Sep Oct Nov Dec
2006: Jan Feb Mar Apr May Jun Jul Aug Sep Oct Nov Dec
2005: Jan Feb Mar Apr May Jun Jul Aug Sep Oct Nov Dec
Report for 2016 August
Daily noaa report MONTHLY CLIMATOLOGICAL SUMMARY for AUG. 2016 NAME: Woodbridge (Sachse) CITY: Sachse STATE: Texas ELEV: 502 LAT: 32:59:20 LONG: 96:34: 0 TEMPERATURE ( °F), RAIN (in.), WIND SPEED (mph) HEAT COOL AVG MEAN DEG DEG WIND DOM DAY TEMP HIGH TIME LOW TIME DAYS DAYS RAIN SPEED HIGH TIME DIR -------------------------------------------------------------------------------------------------------- 01 88.5 102.0 16:22 77.9 07:34 00.0 23.6 00.00 03.7 16.1 14:39 SSW 02 88.7 102.1 15:36 75.1 07:37 00.0 23.8 00.00 02.7 13.8 09:40 SSW 03 90.0 103.0 16:02 78.0 07:39 00.0 25.1 00.00 01.8 13.8 16:48 S 04 90.2 102.8 16:33 78.5 07:35 00.0 25.3 00.00 02.5 13.8 15:16 SSW 05 90.6 103.7 17:12 78.4 07:27 00.0 25.6 00.00 01.5 11.5 18:42 SSW 06 96.8 104.1 17:03 87.1 00:00 00.0 31.9 00.00 02.0 11.5 14:31 S 07 94.5 103.0 16:38 78.7 07:04 00.0 29.5 00.00 02.5 13.8 16:19 S 08 90.6 104.5 16:34 79.5 07:36 00.0 25.7 00.00 02.5 14.9 21:36 S 09 91.2 103.7 16:48 80.1 07:02 00.0 26.3 00.00 02.0 13.8 14:49 S 10 92.0 104.5 16:43 80.9 07:28 00.0 27.1 00.00 02.3 16.1 14:57 S 11 91.8 105.2 16:44 79.9 07:27 00.0 26.9 00.00 02.2 14.9 17:34 SSW 12 87.1 108.8 16:22 76.6 17:55 00.0 22.2 00.69 03.2 43.7 17:14 SW 13 86.1 095.2 17:50 78.9 02:51 00.0 21.2 00.00 03.8 19.6 20:26 NNE 14 81.4 089.9 18:35 73.6 07:38 00.0 16.5 00.00 02.3 14.9 18:39 NE 15 75.2 080.6 00:11 73.0 22:22 00.0 10.3 00.22 00.5 06.9 23:57 SE 16 76.1 082.3 16:00 71.9 04:39 00.0 11.2 00.02 01.4 13.8 17:37 ESE 17 77.2 080.0 17:55 74.3 07:24 00.0 12.3 00.07 02.6 14.9 19:30 SE 18 77.7 087.5 14:04 74.6 22:36 00.0 12.8 00.84 02.2 14.9 17:29 SSW 19 76.0 086.4 15:20 71.1 20:26 00.0 11.1 01.27 02.0 25.3 18:06 SW 20 75.9 082.4 17:37 71.8 09:09 00.0 11.0 01.23 02.2 20.7 08:08 W 21 79.3 090.4 17:26 71.4 07:33 00.0 14.4 00.00 01.9 17.3 09:26 ENE 22 79.0 089.5 14:50 74.5 02:30 00.0 14.1 00.04 01.4 13.8 15:48 S 23 83.6 093.5 16:52 77.1 05:05 00.0 18.6 00.00 05.0 21.9 13:54 SSW 24 83.7 094.1 13:32 74.9 07:35 00.0 18.8 00.00 03.9 18.4 16:17 SSW 25 84.2 094.7 14:47 75.1 08:00 00.0 19.3 00.00 02.0 12.7 22:39 S 26 79.9 093.2 15:28 74.2 00:00 00.0 14.9 00.00 01.8 18.4 15:58 SSE 27 81.1 091.7 17:14 72.7 07:42 00.0 16.1 00.00 01.2 12.7 12:45 SSE 28 82.4 092.1 13:52 73.3 07:43 00.0 17.5 00.00 02.5 13.8 18:18 SE 29 79.8 089.2 11:40 73.3 07:22 00.0 14.9 00.69 01.0 16.1 16:49 ESE 30 81.9 092.6 14:07 73.9 06:37 00.0 17.0 00.09 01.3 14.9 16:22 ENE 31 85.3 095.4 16:40 76.3 06:51 00.0 20.4 00.00 01.5 12.7 16:34 ENE -------------------------------------------------------------------------------------------------------- 84.5 (85.6) 108.8 day 12 71.1 day 19 000.0 605.0 05.16 02.2 43.7 day 12 S Max > 86: 27 Min < 86: 30 Max Rain: 1.27 ON 19-08-16 Days of Rain: 10 (> .008in) 7 (> .08in) 3 (> 0.8in)