NOAA-Style Climate Reports
Select a Year or Month report
2024: Jan Feb Mar Apr May Jun Jul Aug Sep Oct Nov Dec
2023: Jan Feb Mar Apr May Jun Jul Aug Sep Oct Nov Dec
2022: Jan Feb Mar Apr May Jun Jul Aug Sep Oct Nov Dec
2021: Jan Feb Mar Apr May Jun Jul Aug Sep Oct Nov Dec
2020: Jan Feb Mar Apr May Jun Jul Aug Sep Oct Nov Dec
2019: Jan Feb Mar Apr May Jun Jul Aug Sep Oct Nov Dec
2018: Jan Feb Mar Apr May Jun Jul Aug Sep Oct Nov Dec
2017: Jan Feb Mar Apr May Jun Jul Aug Sep Oct Nov Dec
2016: Jan Feb Mar Apr May Jun Jul Aug Sep Oct Nov Dec
2015: Jan Feb Mar Apr May Jun Jul Aug Sep Oct Nov Dec
2014: Jan Feb Mar Apr May Jun Jul Aug Sep Oct Nov Dec
2013: Jan Feb Mar Apr May Jun Jul Aug Sep Oct Nov Dec
2012: Jan Feb Mar Apr May Jun Jul Aug Sep Oct Nov Dec
2011: Jan Feb Mar Apr May Jun Jul Aug Sep Oct Nov Dec
2010: Jan Feb Mar Apr May Jun Jul Aug Sep Oct Nov Dec
2009: Jan Feb Mar Apr May Jun Jul Aug Sep Oct Nov Dec
2008: Jan Feb Mar Apr May Jun Jul Aug Sep Oct Nov Dec
2007: Jan Feb Mar Apr May Jun Jul Aug Sep Oct Nov Dec
2006: Jan Feb Mar Apr May Jun Jul Aug Sep Oct Nov Dec
2005: Jan Feb Mar Apr May Jun Jul Aug Sep Oct Nov Dec
2024: Jan Feb Mar Apr May Jun Jul Aug Sep Oct Nov Dec
2023: Jan Feb Mar Apr May Jun Jul Aug Sep Oct Nov Dec
2022: Jan Feb Mar Apr May Jun Jul Aug Sep Oct Nov Dec
2021: Jan Feb Mar Apr May Jun Jul Aug Sep Oct Nov Dec
2020: Jan Feb Mar Apr May Jun Jul Aug Sep Oct Nov Dec
2019: Jan Feb Mar Apr May Jun Jul Aug Sep Oct Nov Dec
2018: Jan Feb Mar Apr May Jun Jul Aug Sep Oct Nov Dec
2017: Jan Feb Mar Apr May Jun Jul Aug Sep Oct Nov Dec
2016: Jan Feb Mar Apr May Jun Jul Aug Sep Oct Nov Dec
2015: Jan Feb Mar Apr May Jun Jul Aug Sep Oct Nov Dec
2014: Jan Feb Mar Apr May Jun Jul Aug Sep Oct Nov Dec
2013: Jan Feb Mar Apr May Jun Jul Aug Sep Oct Nov Dec
2012: Jan Feb Mar Apr May Jun Jul Aug Sep Oct Nov Dec
2011: Jan Feb Mar Apr May Jun Jul Aug Sep Oct Nov Dec
2010: Jan Feb Mar Apr May Jun Jul Aug Sep Oct Nov Dec
2009: Jan Feb Mar Apr May Jun Jul Aug Sep Oct Nov Dec
2008: Jan Feb Mar Apr May Jun Jul Aug Sep Oct Nov Dec
2007: Jan Feb Mar Apr May Jun Jul Aug Sep Oct Nov Dec
2006: Jan Feb Mar Apr May Jun Jul Aug Sep Oct Nov Dec
2005: Jan Feb Mar Apr May Jun Jul Aug Sep Oct Nov Dec
Report for 2016 September
Daily noaa report MONTHLY CLIMATOLOGICAL SUMMARY for SEP. 2016 NAME: Woodbridge (Sachse) CITY: Sachse STATE: Texas ELEV: 502 LAT: 32:59:20 LONG: 96:34: 0 TEMPERATURE ( °F), RAIN (in.), WIND SPEED (mph) HEAT COOL AVG MEAN DEG DEG WIND DOM DAY TEMP HIGH TIME LOW TIME DAYS DAYS RAIN SPEED HIGH TIME DIR -------------------------------------------------------------------------------------------------------- 01 80.0 092.0 15:23 73.8 00:00 00.0 15.1 00.17 02.9 27.6 16:44 NNE 02 79.3 089.3 16:34 72.4 04:35 00.0 14.3 00.00 02.2 13.8 18:14 ENE 03 78.9 089.0 15:41 68.9 07:54 00.0 14.0 00.00 02.5 12.7 14:26 ESE 04 81.3 092.3 16:10 70.2 07:21 00.0 16.4 00.00 01.9 12.7 13:40 SSE 05 83.3 093.0 16:38 75.5 07:34 00.0 18.3 00.00 03.7 14.9 21:38 S 06 83.4 093.5 15:18 75.8 03:42 00.0 18.4 00.00 03.4 18.4 14:32 S 07 84.6 094.3 16:42 76.0 06:24 00.0 19.6 00.00 03.2 18.4 16:46 SSW 08 85.1 094.9 16:00 77.2 07:34 00.0 20.1 00.00 03.9 17.3 14:12 SSW 09 84.0 094.7 16:27 75.5 07:25 00.0 19.1 00.00 04.1 19.6 14:47 SSW 10 76.8 085.4 16:16 69.7 08:36 00.0 11.8 00.51 03.8 24.1 04:48 NNE 11 75.1 088.3 17:14 61.7 07:46 00.0 10.2 00.00 01.1 09.2 10:09 ENE 12 79.2 091.9 16:53 67.3 06:45 00.0 14.2 00.00 01.7 12.7 14:10 S 13 82.4 092.9 16:45 73.3 07:32 00.0 17.4 00.00 01.5 12.7 16:46 SE 14 82.3 094.0 15:25 75.4 22:57 00.0 17.3 00.68 01.3 18.4 19:12 ESE 15 77.7 088.9 19:00 75.9 20:00 00.0 12.8 00.00 00.1 08.1 21:19 NE 16 88.5 095.4 15:55 74.9 07:01 00.0 23.6 00.00 00.8 12.7 12:00 SSW 17 88.5 098.0 16:02 75.3 08:01 00.0 23.6 00.00 01.1 10.3 12:05 NNW 18 83.9 095.0 16:24 71.1 07:54 00.0 18.9 00.47 02.2 32.2 06:42 E 19 86.7 098.1 16:18 76.5 07:40 00.0 21.7 00.00 01.0 09.2 17:23 SSE 20 86.1 098.0 13:46 76.6 07:24 00.0 21.1 00.00 02.1 16.1 16:54 SE 21 81.8 089.2 11:59 72.2 07:37 00.0 16.9 00.00 00.7 12.7 22:06 SE 22 82.5 093.7 16:34 70.5 08:11 00.0 17.6 00.00 01.4 12.7 13:37 SSE 23 83.0 093.4 16:41 74.6 07:16 00.0 18.0 00.00 02.5 17.3 14:13 SSE 24 83.4 091.2 13:40 77.6 10:07 00.0 18.4 00.00 02.6 19.6 12:19 S 25 76.7 082.6 11:21 72.1 00:00 00.0 11.8 00.45 01.6 14.9 13:07 ESE 26 66.4 072.1 00:04 63.2 15:08 00.0 01.5 00.39 04.3 18.4 14:55 NNE 27 69.5 079.3 14:31 59.6 23:43 00.0 04.6 00.00 01.3 11.5 15:57 NNE 28 71.5 089.3 17:01 54.3 07:42 00.0 06.6 00.00 01.2 11.5 17:12 NW 29 70.2 078.7 16:05 59.3 07:42 00.0 05.3 00.00 03.6 16.1 15:38 NNE 30 73.7 081.9 16:37 56.8 07:04 00.0 08.8 00.00 00.9 10.3 14:24 NE -------------------------------------------------------------------------------------------------------- 80.2 (80.6) 98.1 day 19 54.3 day 28 000.0 457.6 02.67 02.2 32.2 day 18 SE Max > 86: 24 Min < 86: 30 Max Rain: 0.68 ON 14-09-16 Days of Rain: 6 (> .008in) 6 (> .08in) 0 (> 0.8in)