NOAA-Style Climate Reports
Select a Year or Month report
2024: Jan Feb Mar Apr May Jun Jul Aug Sep Oct Nov Dec
2023: Jan Feb Mar Apr May Jun Jul Aug Sep Oct Nov Dec
2022: Jan Feb Mar Apr May Jun Jul Aug Sep Oct Nov Dec
2021: Jan Feb Mar Apr May Jun Jul Aug Sep Oct Nov Dec
2020: Jan Feb Mar Apr May Jun Jul Aug Sep Oct Nov Dec
2019: Jan Feb Mar Apr May Jun Jul Aug Sep Oct Nov Dec
2018: Jan Feb Mar Apr May Jun Jul Aug Sep Oct Nov Dec
2017: Jan Feb Mar Apr May Jun Jul Aug Sep Oct Nov Dec
2016: Jan Feb Mar Apr May Jun Jul Aug Sep Oct Nov Dec
2015: Jan Feb Mar Apr May Jun Jul Aug Sep Oct Nov Dec
2014: Jan Feb Mar Apr May Jun Jul Aug Sep Oct Nov Dec
2013: Jan Feb Mar Apr May Jun Jul Aug Sep Oct Nov Dec
2012: Jan Feb Mar Apr May Jun Jul Aug Sep Oct Nov Dec
2011: Jan Feb Mar Apr May Jun Jul Aug Sep Oct Nov Dec
2010: Jan Feb Mar Apr May Jun Jul Aug Sep Oct Nov Dec
2009: Jan Feb Mar Apr May Jun Jul Aug Sep Oct Nov Dec
2008: Jan Feb Mar Apr May Jun Jul Aug Sep Oct Nov Dec
2007: Jan Feb Mar Apr May Jun Jul Aug Sep Oct Nov Dec
2006: Jan Feb Mar Apr May Jun Jul Aug Sep Oct Nov Dec
2005: Jan Feb Mar Apr May Jun Jul Aug Sep Oct Nov Dec
2024: Jan Feb Mar Apr May Jun Jul Aug Sep Oct Nov Dec
2023: Jan Feb Mar Apr May Jun Jul Aug Sep Oct Nov Dec
2022: Jan Feb Mar Apr May Jun Jul Aug Sep Oct Nov Dec
2021: Jan Feb Mar Apr May Jun Jul Aug Sep Oct Nov Dec
2020: Jan Feb Mar Apr May Jun Jul Aug Sep Oct Nov Dec
2019: Jan Feb Mar Apr May Jun Jul Aug Sep Oct Nov Dec
2018: Jan Feb Mar Apr May Jun Jul Aug Sep Oct Nov Dec
2017: Jan Feb Mar Apr May Jun Jul Aug Sep Oct Nov Dec
2016: Jan Feb Mar Apr May Jun Jul Aug Sep Oct Nov Dec
2015: Jan Feb Mar Apr May Jun Jul Aug Sep Oct Nov Dec
2014: Jan Feb Mar Apr May Jun Jul Aug Sep Oct Nov Dec
2013: Jan Feb Mar Apr May Jun Jul Aug Sep Oct Nov Dec
2012: Jan Feb Mar Apr May Jun Jul Aug Sep Oct Nov Dec
2011: Jan Feb Mar Apr May Jun Jul Aug Sep Oct Nov Dec
2010: Jan Feb Mar Apr May Jun Jul Aug Sep Oct Nov Dec
2009: Jan Feb Mar Apr May Jun Jul Aug Sep Oct Nov Dec
2008: Jan Feb Mar Apr May Jun Jul Aug Sep Oct Nov Dec
2007: Jan Feb Mar Apr May Jun Jul Aug Sep Oct Nov Dec
2006: Jan Feb Mar Apr May Jun Jul Aug Sep Oct Nov Dec
2005: Jan Feb Mar Apr May Jun Jul Aug Sep Oct Nov Dec
Report for 2016 October
Daily noaa report MONTHLY CLIMATOLOGICAL SUMMARY for OCT. 2016 NAME: Woodbridge (Sachse) CITY: Sachse STATE: Texas ELEV: 502 LAT: 32:59:20 LONG: 96:34: 0 TEMPERATURE ( °F), RAIN (in.), WIND SPEED (mph) HEAT COOL AVG MEAN DEG DEG WIND DOM DAY TEMP HIGH TIME LOW TIME DAYS DAYS RAIN SPEED HIGH TIME DIR -------------------------------------------------------------------------------------------------------- 01 71.6 086.0 15:39 59.7 08:11 00.0 06.6 00.00 01.0 12.7 15:00 SW 02 72.0 085.7 16:21 58.9 08:01 00.0 07.1 00.00 01.1 11.5 17:11 S 03 74.0 087.6 16:20 61.1 07:57 00.0 09.1 00.00 01.9 12.7 14:08 S 04 76.8 088.6 15:09 66.3 07:05 00.0 11.9 00.00 03.9 21.9 14:53 S 05 80.9 091.6 16:20 73.3 05:44 00.0 16.0 00.00 03.8 16.1 10:15 S 06 81.0 091.8 16:14 73.8 05:41 00.0 16.1 00.00 03.3 16.1 11:10 S 07 68.3 076.6 00:03 61.6 23:55 00.0 03.3 00.75 05.0 21.9 09:36 NNE 08 64.8 078.1 16:30 53.7 08:05 00.2 00.0 00.00 02.3 12.7 15:40 NNE 09 63.9 076.4 13:49 51.2 07:02 01.0 00.0 00.00 01.5 12.7 12:02 ENE 10 66.9 083.2 15:49 53.5 06:27 00.0 02.0 00.00 00.8 10.3 15:08 SSE 11 71.2 089.0 16:09 54.4 08:12 00.0 06.2 00.00 02.4 13.8 16:15 S 12 79.1 091.6 15:27 68.4 00:00 00.0 14.2 00.00 03.3 20.7 01:51 SSW 13 68.6 076.0 14:38 58.8 08:35 00.0 03.7 00.00 02.3 16.1 15:42 NNW 14 68.0 077.1 17:19 62.0 09:21 00.0 03.0 00.06 01.2 10.3 03:55 S 15 76.4 088.0 16:38 68.3 03:18 00.0 11.5 00.00 04.4 21.9 13:57 SSW 16 78.9 089.7 15:21 70.8 04:50 00.0 13.9 00.00 03.7 23.0 13:44 S 17 79.5 090.5 16:14 72.3 06:57 00.0 14.6 00.00 06.1 25.3 15:29 SSW 18 80.8 094.0 15:24 72.6 04:49 00.0 15.9 00.00 04.5 19.6 09:18 SSW 19 79.3 092.4 16:02 72.0 05:05 00.0 14.4 00.00 02.2 17.3 14:30 SSW 20 69.8 077.0 15:01 60.9 00:00 00.0 04.9 00.60 05.1 24.1 16:06 NNE 21 61.5 073.9 15:17 52.0 07:50 03.5 00.0 00.00 01.9 11.5 11:08 NE 22 61.7 077.9 14:53 47.1 07:58 03.2 00.0 00.00 02.0 14.9 14:24 S 23 65.9 078.2 15:34 54.1 08:04 00.0 00.9 00.00 03.2 18.4 10:55 SSW 24 72.5 085.8 14:59 65.4 07:34 00.0 07.5 00.00 01.7 14.9 12:20 SSW 25 70.2 080.5 14:39 62.5 07:02 00.0 05.3 00.01 01.7 11.5 20:43 S 26 72.7 085.9 15:30 61.7 08:07 00.0 07.7 00.00 02.9 18.4 12:20 SSW 27 74.1 088.1 16:04 62.1 08:17 00.0 09.1 00.00 00.9 11.5 15:42 S 28 75.5 086.3 15:41 60.2 08:15 00.0 10.6 00.00 01.5 16.1 13:37 SSW 29 72.4 086.8 15:22 61.3 07:58 00.0 07.5 00.00 02.5 18.4 15:00 SSW 30 73.6 089.5 15:33 62.1 06:17 00.0 08.6 00.00 01.3 13.8 12:08 SSW 31 72.6 087.1 14:49 59.8 08:27 00.0 07.6 00.00 03.2 20.7 11:56 SSW -------------------------------------------------------------------------------------------------------- 72.4 (73.4) 94.0 day 18 47.1 day 22 007.9 239.2 01.42 02.7 25.3 day 17 S Max > 86: 17 Min < 86: 31 Max Rain: 0.75 ON 7-10-16 Days of Rain: 4 (> .008in) 2 (> .08in) 0 (> 0.8in)