NOAA-Style Climate Reports
Select a Year or Month report
2024: Jan Feb Mar Apr May Jun Jul Aug Sep Oct Nov Dec
2023: Jan Feb Mar Apr May Jun Jul Aug Sep Oct Nov Dec
2022: Jan Feb Mar Apr May Jun Jul Aug Sep Oct Nov Dec
2021: Jan Feb Mar Apr May Jun Jul Aug Sep Oct Nov Dec
2020: Jan Feb Mar Apr May Jun Jul Aug Sep Oct Nov Dec
2019: Jan Feb Mar Apr May Jun Jul Aug Sep Oct Nov Dec
2018: Jan Feb Mar Apr May Jun Jul Aug Sep Oct Nov Dec
2017: Jan Feb Mar Apr May Jun Jul Aug Sep Oct Nov Dec
2016: Jan Feb Mar Apr May Jun Jul Aug Sep Oct Nov Dec
2015: Jan Feb Mar Apr May Jun Jul Aug Sep Oct Nov Dec
2014: Jan Feb Mar Apr May Jun Jul Aug Sep Oct Nov Dec
2013: Jan Feb Mar Apr May Jun Jul Aug Sep Oct Nov Dec
2012: Jan Feb Mar Apr May Jun Jul Aug Sep Oct Nov Dec
2011: Jan Feb Mar Apr May Jun Jul Aug Sep Oct Nov Dec
2010: Jan Feb Mar Apr May Jun Jul Aug Sep Oct Nov Dec
2009: Jan Feb Mar Apr May Jun Jul Aug Sep Oct Nov Dec
2008: Jan Feb Mar Apr May Jun Jul Aug Sep Oct Nov Dec
2007: Jan Feb Mar Apr May Jun Jul Aug Sep Oct Nov Dec
2006: Jan Feb Mar Apr May Jun Jul Aug Sep Oct Nov Dec
2005: Jan Feb Mar Apr May Jun Jul Aug Sep Oct Nov Dec
2024: Jan Feb Mar Apr May Jun Jul Aug Sep Oct Nov Dec
2023: Jan Feb Mar Apr May Jun Jul Aug Sep Oct Nov Dec
2022: Jan Feb Mar Apr May Jun Jul Aug Sep Oct Nov Dec
2021: Jan Feb Mar Apr May Jun Jul Aug Sep Oct Nov Dec
2020: Jan Feb Mar Apr May Jun Jul Aug Sep Oct Nov Dec
2019: Jan Feb Mar Apr May Jun Jul Aug Sep Oct Nov Dec
2018: Jan Feb Mar Apr May Jun Jul Aug Sep Oct Nov Dec
2017: Jan Feb Mar Apr May Jun Jul Aug Sep Oct Nov Dec
2016: Jan Feb Mar Apr May Jun Jul Aug Sep Oct Nov Dec
2015: Jan Feb Mar Apr May Jun Jul Aug Sep Oct Nov Dec
2014: Jan Feb Mar Apr May Jun Jul Aug Sep Oct Nov Dec
2013: Jan Feb Mar Apr May Jun Jul Aug Sep Oct Nov Dec
2012: Jan Feb Mar Apr May Jun Jul Aug Sep Oct Nov Dec
2011: Jan Feb Mar Apr May Jun Jul Aug Sep Oct Nov Dec
2010: Jan Feb Mar Apr May Jun Jul Aug Sep Oct Nov Dec
2009: Jan Feb Mar Apr May Jun Jul Aug Sep Oct Nov Dec
2008: Jan Feb Mar Apr May Jun Jul Aug Sep Oct Nov Dec
2007: Jan Feb Mar Apr May Jun Jul Aug Sep Oct Nov Dec
2006: Jan Feb Mar Apr May Jun Jul Aug Sep Oct Nov Dec
2005: Jan Feb Mar Apr May Jun Jul Aug Sep Oct Nov Dec
Report for 2016 November
Daily noaa report MONTHLY CLIMATOLOGICAL SUMMARY for NOV. 2016 NAME: Woodbridge (Sachse) CITY: Sachse STATE: Texas ELEV: 502 LAT: 32:59:20 LONG: 96:34: 0 TEMPERATURE ( °F), RAIN (in.), WIND SPEED (mph) HEAT COOL AVG MEAN DEG DEG WIND DOM DAY TEMP HIGH TIME LOW TIME DAYS DAYS RAIN SPEED HIGH TIME DIR -------------------------------------------------------------------------------------------------------- 01 75.2 086.2 15:56 67.9 04:44 00.0 10.3 00.00 04.2 20.7 20:44 S 02 76.2 083.6 14:27 70.5 08:28 00.0 11.2 00.00 02.3 17.3 02:39 SSE 03 70.3 074.1 00:02 67.8 03:50 00.0 05.4 00.33 01.5 26.4 02:33 N 04 69.6 074.5 15:56 65.2 06:45 00.0 04.7 00.00 03.2 11.5 18:54 NNE 05 64.7 068.9 00:07 59.9 21:47 00.2 00.0 00.00 01.5 13.8 05:29 ESE 06 63.0 072.3 12:34 59.3 04:59 02.0 00.0 00.15 00.7 05.8 03:42 ENE 07 64.2 067.4 11:51 60.3 01:43 00.8 00.0 01.49 03.3 18.4 19:36 SE 08 61.8 064.5 16:28 60.0 09:35 03.1 00.0 00.69 02.2 11.5 23:59 NE 09 61.9 068.8 14:00 55.1 23:18 03.0 00.0 00.01 02.5 14.9 12:14 NNE 10 59.2 071.4 14:53 48.9 07:36 05.8 00.0 00.00 00.8 11.5 13:32 ENE 11 61.8 073.7 15:20 50.0 07:37 03.1 00.0 00.01 01.1 12.7 12:57 NW 12 59.8 068.4 15:20 52.3 07:29 05.1 00.0 00.00 02.4 13.8 09:13 NE 13 60.0 070.7 14:42 51.3 07:17 04.9 00.0 00.00 01.6 11.5 15:22 S 14 64.2 078.5 15:04 53.9 06:27 00.7 00.0 00.00 03.2 16.1 13:35 WSW 15 64.4 082.9 14:30 49.5 07:48 00.5 00.0 00.00 01.2 11.5 14:47 W 16 66.7 086.1 14:57 50.4 07:45 00.0 01.8 00.00 02.1 17.3 15:04 SSW 17 68.2 079.4 14:47 57.7 06:20 00.0 03.3 00.00 04.6 29.9 11:59 SSW 18 60.7 070.7 04:36 47.4 00:00 04.3 00.0 00.04 07.2 36.8 16:03 NNW 19 46.7 057.1 14:05 37.3 00:00 18.2 00.0 00.00 06.2 17.3 14:53 NNW 20 46.5 064.5 14:11 32.0 07:40 18.5 00.0 00.00 01.9 16.1 15:54 S 21 57.9 073.1 14:19 44.1 06:23 07.1 00.0 00.00 03.6 17.3 15:34 S 22 64.5 069.0 13:49 59.6 03:57 00.4 00.0 00.19 03.9 19.6 23:40 SSW 23 56.1 064.5 15:09 47.0 23:34 08.9 00.0 00.00 04.5 19.6 00:52 NW 24 55.5 070.1 14:17 42.3 06:50 09.5 00.0 00.01 01.2 11.5 13:49 SSE 25 54.8 063.7 15:08 49.6 00:00 10.2 00.0 00.00 02.5 19.6 07:08 NNE 26 51.1 057.2 15:16 45.6 08:10 13.8 00.0 00.00 01.3 09.2 14:05 E 27 58.0 065.4 00:00 51.9 03:34 06.9 00.0 00.00 04.4 24.1 22:20 S 28 64.2 072.0 14:33 51.5 00:00 00.8 00.0 00.46 06.7 33.4 12:49 WSW 29 59.9 071.8 14:32 50.8 07:44 05.0 00.0 00.00 03.7 19.6 14:45 W 30 50.8 059.0 15:07 39.3 23:37 14.2 00.0 00.00 04.3 19.6 15:35 NNW -------------------------------------------------------------------------------------------------------- 61.3 (61.8) 86.2 day 01 32.0 day 20 147.0 036.6 03.38 03.0 36.8 day 28 W Max > 86: 2 Min < 86: 30 Max Rain: 1.49 ON 7-11-16 Days of Rain: 10 (> .008in) 6 (> .08in) 1 (> 0.8in)