NOAA-Style Climate Reports
Select a Year or Month report
2024: Jan Feb Mar Apr May Jun Jul Aug Sep Oct Nov Dec
2023: Jan Feb Mar Apr May Jun Jul Aug Sep Oct Nov Dec
2022: Jan Feb Mar Apr May Jun Jul Aug Sep Oct Nov Dec
2021: Jan Feb Mar Apr May Jun Jul Aug Sep Oct Nov Dec
2020: Jan Feb Mar Apr May Jun Jul Aug Sep Oct Nov Dec
2019: Jan Feb Mar Apr May Jun Jul Aug Sep Oct Nov Dec
2018: Jan Feb Mar Apr May Jun Jul Aug Sep Oct Nov Dec
2017: Jan Feb Mar Apr May Jun Jul Aug Sep Oct Nov Dec
2016: Jan Feb Mar Apr May Jun Jul Aug Sep Oct Nov Dec
2015: Jan Feb Mar Apr May Jun Jul Aug Sep Oct Nov Dec
2014: Jan Feb Mar Apr May Jun Jul Aug Sep Oct Nov Dec
2013: Jan Feb Mar Apr May Jun Jul Aug Sep Oct Nov Dec
2012: Jan Feb Mar Apr May Jun Jul Aug Sep Oct Nov Dec
2011: Jan Feb Mar Apr May Jun Jul Aug Sep Oct Nov Dec
2010: Jan Feb Mar Apr May Jun Jul Aug Sep Oct Nov Dec
2009: Jan Feb Mar Apr May Jun Jul Aug Sep Oct Nov Dec
2008: Jan Feb Mar Apr May Jun Jul Aug Sep Oct Nov Dec
2007: Jan Feb Mar Apr May Jun Jul Aug Sep Oct Nov Dec
2006: Jan Feb Mar Apr May Jun Jul Aug Sep Oct Nov Dec
2005: Jan Feb Mar Apr May Jun Jul Aug Sep Oct Nov Dec
2024: Jan Feb Mar Apr May Jun Jul Aug Sep Oct Nov Dec
2023: Jan Feb Mar Apr May Jun Jul Aug Sep Oct Nov Dec
2022: Jan Feb Mar Apr May Jun Jul Aug Sep Oct Nov Dec
2021: Jan Feb Mar Apr May Jun Jul Aug Sep Oct Nov Dec
2020: Jan Feb Mar Apr May Jun Jul Aug Sep Oct Nov Dec
2019: Jan Feb Mar Apr May Jun Jul Aug Sep Oct Nov Dec
2018: Jan Feb Mar Apr May Jun Jul Aug Sep Oct Nov Dec
2017: Jan Feb Mar Apr May Jun Jul Aug Sep Oct Nov Dec
2016: Jan Feb Mar Apr May Jun Jul Aug Sep Oct Nov Dec
2015: Jan Feb Mar Apr May Jun Jul Aug Sep Oct Nov Dec
2014: Jan Feb Mar Apr May Jun Jul Aug Sep Oct Nov Dec
2013: Jan Feb Mar Apr May Jun Jul Aug Sep Oct Nov Dec
2012: Jan Feb Mar Apr May Jun Jul Aug Sep Oct Nov Dec
2011: Jan Feb Mar Apr May Jun Jul Aug Sep Oct Nov Dec
2010: Jan Feb Mar Apr May Jun Jul Aug Sep Oct Nov Dec
2009: Jan Feb Mar Apr May Jun Jul Aug Sep Oct Nov Dec
2008: Jan Feb Mar Apr May Jun Jul Aug Sep Oct Nov Dec
2007: Jan Feb Mar Apr May Jun Jul Aug Sep Oct Nov Dec
2006: Jan Feb Mar Apr May Jun Jul Aug Sep Oct Nov Dec
2005: Jan Feb Mar Apr May Jun Jul Aug Sep Oct Nov Dec
Report for 2016 December
Daily noaa report MONTHLY CLIMATOLOGICAL SUMMARY for DEC. 2016 NAME: Woodbridge (Sachse) CITY: Sachse STATE: Texas ELEV: 502 LAT: 32:59:20 LONG: 96:34: 0 TEMPERATURE ( °F), RAIN (in.), WIND SPEED (mph) HEAT COOL AVG MEAN DEG DEG WIND DOM DAY TEMP HIGH TIME LOW TIME DAYS DAYS RAIN SPEED HIGH TIME DIR -------------------------------------------------------------------------------------------------------- 01 49.4 065.7 14:00 34.1 06:20 15.6 00.0 00.00 01.9 16.1 13:37 S 02 54.0 066.3 13:26 43.6 08:13 10.9 00.0 00.01 02.6 17.3 16:35 SE 03 48.9 054.2 00:17 47.3 08:41 16.0 00.0 00.33 04.4 18.4 06:02 E 04 49.1 052.2 15:43 47.2 07:28 15.8 00.0 00.05 02.1 12.7 18:29 NNE 05 49.1 053.4 13:09 46.7 04:30 15.9 00.0 00.18 01.4 14.9 09:32 ESE 06 49.3 052.8 10:39 46.3 00:00 15.7 00.0 00.01 02.8 17.3 13:22 NNE 07 46.6 051.9 13:44 40.4 00:00 18.4 00.0 00.00 02.2 19.6 23:25 NE 08 35.0 040.4 00:05 30.2 00:00 29.9 00.0 00.00 06.2 26.4 04:29 NNE 09 33.5 038.6 16:13 28.0 04:59 31.5 00.0 00.00 02.2 10.3 10:15 E 10 43.2 048.3 14:12 34.2 00:03 21.7 00.0 00.00 04.7 19.6 23:39 S 11 57.8 072.2 14:14 48.1 00:13 07.1 00.0 00.00 06.1 25.3 14:18 SSW 12 46.6 054.1 15:44 39.0 08:07 18.3 00.0 00.00 01.4 12.7 01:40 N 13 49.8 060.8 14:28 43.2 23:21 15.1 00.0 00.00 02.7 18.4 11:52 NE 14 43.5 049.4 15:02 39.7 00:00 21.4 00.0 00.00 03.3 14.9 20:42 NNE 15 40.5 045.3 00:00 34.7 07:49 24.5 00.0 00.01 03.0 16.1 22:19 E 16 52.4 063.3 22:39 45.3 00:21 12.5 00.0 00.00 07.1 25.3 21:42 S 17 53.2 075.2 13:02 23.0 00:00 11.8 00.0 00.00 08.7 36.8 16:58 NW 18 22.7 030.2 14:45 17.8 08:28 42.2 00.0 00.00 07.1 27.6 01:48 N 19 26.6 037.4 16:24 15.5 07:01 38.3 00.0 00.00 02.2 13.8 00:48 NNE 20 39.6 053.5 14:09 26.3 05:22 25.4 00.0 00.00 01.8 12.7 14:50 S 21 50.8 066.2 15:04 38.2 01:32 14.1 00.0 00.00 02.9 23.0 14:40 SSW 22 46.7 057.2 12:58 32.0 19:00 18.2 00.0 00.00 03.5 16.1 09:35 NNE 23 48.7 053.3 00:00 39.4 02:15 16.2 00.0 00.04 00.1 06.9 09:09 SE 24 61.2 068.9 16:42 53.3 01:16 03.7 00.0 00.01 00.6 13.8 22:43 SE 25 70.6 078.1 15:49 66.2 01:22 00.0 05.6 00.01 06.3 34.5 13:22 S 26 67.0 072.7 13:45 60.4 00:00 00.0 02.1 00.00 02.1 13.8 23:59 NW 27 58.8 071.9 14:50 48.8 08:30 06.2 00.0 00.00 01.1 18.4 01:15 NNE 28 66.3 081.5 14:45 55.3 00:44 00.0 01.4 00.00 04.4 28.8 11:36 WSW 29 53.5 058.9 14:33 46.5 00:00 11.5 00.0 00.00 04.7 21.9 10:03 NNE 30 47.1 058.1 12:42 34.8 08:11 17.8 00.0 00.00 03.6 24.1 19:24 SSW 31 57.3 070.7 14:08 49.1 00:02 07.6 00.0 00.00 04.1 20.7 11:48 SW -------------------------------------------------------------------------------------------------------- 49.0 (49.3) 81.5 day 28 15.5 day 19 503.4 009.1 00.00 03.5 36.8 day 25 E Max < 32: 1 Min < 86: 31 Min < 23: 3 Max Rain: 0.33 ON 3-12-17 Days of Rain: 9 (> .008in) 2 (> .08in) 0 (> 0.8in)