NOAA-Style Climate Reports
Select a Year or Month report
2024: Jan Feb Mar Apr May Jun Jul Aug Sep Oct Nov Dec
2023: Jan Feb Mar Apr May Jun Jul Aug Sep Oct Nov Dec
2022: Jan Feb Mar Apr May Jun Jul Aug Sep Oct Nov Dec
2021: Jan Feb Mar Apr May Jun Jul Aug Sep Oct Nov Dec
2020: Jan Feb Mar Apr May Jun Jul Aug Sep Oct Nov Dec
2019: Jan Feb Mar Apr May Jun Jul Aug Sep Oct Nov Dec
2018: Jan Feb Mar Apr May Jun Jul Aug Sep Oct Nov Dec
2017: Jan Feb Mar Apr May Jun Jul Aug Sep Oct Nov Dec
2016: Jan Feb Mar Apr May Jun Jul Aug Sep Oct Nov Dec
2015: Jan Feb Mar Apr May Jun Jul Aug Sep Oct Nov Dec
2014: Jan Feb Mar Apr May Jun Jul Aug Sep Oct Nov Dec
2013: Jan Feb Mar Apr May Jun Jul Aug Sep Oct Nov Dec
2012: Jan Feb Mar Apr May Jun Jul Aug Sep Oct Nov Dec
2011: Jan Feb Mar Apr May Jun Jul Aug Sep Oct Nov Dec
2010: Jan Feb Mar Apr May Jun Jul Aug Sep Oct Nov Dec
2009: Jan Feb Mar Apr May Jun Jul Aug Sep Oct Nov Dec
2008: Jan Feb Mar Apr May Jun Jul Aug Sep Oct Nov Dec
2007: Jan Feb Mar Apr May Jun Jul Aug Sep Oct Nov Dec
2006: Jan Feb Mar Apr May Jun Jul Aug Sep Oct Nov Dec
2005: Jan Feb Mar Apr May Jun Jul Aug Sep Oct Nov Dec
2024: Jan Feb Mar Apr May Jun Jul Aug Sep Oct Nov Dec
2023: Jan Feb Mar Apr May Jun Jul Aug Sep Oct Nov Dec
2022: Jan Feb Mar Apr May Jun Jul Aug Sep Oct Nov Dec
2021: Jan Feb Mar Apr May Jun Jul Aug Sep Oct Nov Dec
2020: Jan Feb Mar Apr May Jun Jul Aug Sep Oct Nov Dec
2019: Jan Feb Mar Apr May Jun Jul Aug Sep Oct Nov Dec
2018: Jan Feb Mar Apr May Jun Jul Aug Sep Oct Nov Dec
2017: Jan Feb Mar Apr May Jun Jul Aug Sep Oct Nov Dec
2016: Jan Feb Mar Apr May Jun Jul Aug Sep Oct Nov Dec
2015: Jan Feb Mar Apr May Jun Jul Aug Sep Oct Nov Dec
2014: Jan Feb Mar Apr May Jun Jul Aug Sep Oct Nov Dec
2013: Jan Feb Mar Apr May Jun Jul Aug Sep Oct Nov Dec
2012: Jan Feb Mar Apr May Jun Jul Aug Sep Oct Nov Dec
2011: Jan Feb Mar Apr May Jun Jul Aug Sep Oct Nov Dec
2010: Jan Feb Mar Apr May Jun Jul Aug Sep Oct Nov Dec
2009: Jan Feb Mar Apr May Jun Jul Aug Sep Oct Nov Dec
2008: Jan Feb Mar Apr May Jun Jul Aug Sep Oct Nov Dec
2007: Jan Feb Mar Apr May Jun Jul Aug Sep Oct Nov Dec
2006: Jan Feb Mar Apr May Jun Jul Aug Sep Oct Nov Dec
2005: Jan Feb Mar Apr May Jun Jul Aug Sep Oct Nov Dec
Report for 2017 February
Daily noaa report MONTHLY CLIMATOLOGICAL SUMMARY for FEB. 2017 NAME: Woodbridge (Sachse) CITY: Sachse STATE: Texas ELEV: 502 LAT: 32:59:20 LONG: 96:34: 0 TEMPERATURE ( °F), RAIN (in.), WIND SPEED (mph) HEAT COOL AVG MEAN DEG DEG WIND DOM DAY TEMP HIGH TIME LOW TIME DAYS DAYS RAIN SPEED HIGH TIME DIR -------------------------------------------------------------------------------------------------------- 01 64.4 078.8 15:11 54.4 08:10 00.5 00.0 00.00 02.7 19.6 10:49 SSW 02 46.9 054.8 00:01 42.7 00:00 18.0 00.0 00.00 04.8 18.4 08:57 NNE 03 45.2 053.0 15:00 40.0 07:54 19.7 00.0 00.00 03.1 14.9 14:04 NE 04 47.3 051.4 16:21 43.7 08:57 17.7 00.0 00.00 02.7 16.1 01:33 SSE 05 59.3 075.5 15:25 48.8 02:38 05.6 00.0 00.00 02.1 23.0 16:21 S 06 70.3 080.9 14:28 62.4 00:50 00.0 05.4 00.00 07.2 31.1 15:07 SSW 07 68.9 080.0 15:17 53.7 00:00 00.0 04.0 00.00 04.5 25.3 01:10 WSW 08 56.6 071.2 11:05 44.2 00:00 08.3 00.0 00.00 05.3 28.8 15:28 NNW 09 47.2 060.3 15:45 34.4 07:58 17.7 00.0 00.00 02.3 18.4 00:35 NE 10 60.1 075.5 14:41 45.1 07:39 04.8 00.0 00.00 06.2 31.1 14:15 SSW 11 74.2 087.1 14:33 63.7 01:32 00.0 09.2 00.00 06.8 26.4 11:48 SSW 12 66.8 073.8 14:16 58.1 00:00 00.0 01.9 00.00 05.5 23.0 08:48 NE 13 59.9 063.7 12:31 52.6 00:00 05.0 00.0 00.00 02.8 20.7 10:14 E 14 45.5 052.6 00:03 42.3 21:46 19.5 00.0 01.16 06.8 25.3 11:32 N 15 49.4 060.8 14:54 41.0 04:33 15.6 00.0 00.00 04.2 19.6 14:45 NNW 16 50.8 068.8 15:10 33.2 08:00 14.1 00.0 00.00 01.5 12.7 16:36 SW 17 56.8 069.4 16:17 44.7 05:32 08.2 00.0 00.00 03.7 19.6 15:39 S 18 66.4 080.0 16:35 57.5 06:53 00.0 01.4 00.00 03.3 16.1 02:33 SSE 19 67.1 075.0 16:57 59.7 06:00 00.0 02.2 00.00 03.7 18.4 18:23 SSE 20 59.8 069.4 00:10 53.2 00:00 05.1 00.0 00.53 03.2 25.3 02:07 SSW 21 61.9 076.2 15:35 50.8 03:29 03.0 00.0 00.01 02.7 23.0 14:21 NNW 22 64.5 082.8 15:13 44.3 07:35 00.5 00.0 00.00 01.9 18.4 15:38 SSW 23 74.2 088.1 13:48 54.7 07:24 00.0 09.2 00.00 05.8 32.2 15:52 SSW 24 58.5 070.0 00:05 46.7 00:00 06.5 00.0 00.00 07.1 23.0 13:31 NNW 25 45.0 055.6 14:37 34.6 07:38 19.9 00.0 00.00 02.7 20.7 02:52 NNE 26 53.3 063.5 14:09 40.3 00:02 11.6 00.0 00.00 02.9 19.6 09:51 S 27 67.7 077.9 16:19 58.1 00:11 00.0 02.7 00.03 02.4 19.6 15:19 S 28 73.4 081.1 16:05 66.1 00:37 00.0 08.5 00.00 06.3 26.4 14:09 SSW -------------------------------------------------------------------------------------------------------- 59.3 (59.8) 88.1 day 23 33.2 day 16 201.4 044.5 01.73 04.1 32.2 day 23 SSW Max > 86: 2 Min < 86: 28 Max Rain: 1.16 ON 14-02-17 Days of Rain: 4 (> .008in) 2 (> .08in) 1 (> 0.8in)