NOAA-Style Climate Reports
Select a Year or Month report
2024: Jan Feb Mar Apr May Jun Jul Aug Sep Oct Nov Dec
2023: Jan Feb Mar Apr May Jun Jul Aug Sep Oct Nov Dec
2022: Jan Feb Mar Apr May Jun Jul Aug Sep Oct Nov Dec
2021: Jan Feb Mar Apr May Jun Jul Aug Sep Oct Nov Dec
2020: Jan Feb Mar Apr May Jun Jul Aug Sep Oct Nov Dec
2019: Jan Feb Mar Apr May Jun Jul Aug Sep Oct Nov Dec
2018: Jan Feb Mar Apr May Jun Jul Aug Sep Oct Nov Dec
2017: Jan Feb Mar Apr May Jun Jul Aug Sep Oct Nov Dec
2016: Jan Feb Mar Apr May Jun Jul Aug Sep Oct Nov Dec
2015: Jan Feb Mar Apr May Jun Jul Aug Sep Oct Nov Dec
2014: Jan Feb Mar Apr May Jun Jul Aug Sep Oct Nov Dec
2013: Jan Feb Mar Apr May Jun Jul Aug Sep Oct Nov Dec
2012: Jan Feb Mar Apr May Jun Jul Aug Sep Oct Nov Dec
2011: Jan Feb Mar Apr May Jun Jul Aug Sep Oct Nov Dec
2010: Jan Feb Mar Apr May Jun Jul Aug Sep Oct Nov Dec
2009: Jan Feb Mar Apr May Jun Jul Aug Sep Oct Nov Dec
2008: Jan Feb Mar Apr May Jun Jul Aug Sep Oct Nov Dec
2007: Jan Feb Mar Apr May Jun Jul Aug Sep Oct Nov Dec
2006: Jan Feb Mar Apr May Jun Jul Aug Sep Oct Nov Dec
2005: Jan Feb Mar Apr May Jun Jul Aug Sep Oct Nov Dec
2024: Jan Feb Mar Apr May Jun Jul Aug Sep Oct Nov Dec
2023: Jan Feb Mar Apr May Jun Jul Aug Sep Oct Nov Dec
2022: Jan Feb Mar Apr May Jun Jul Aug Sep Oct Nov Dec
2021: Jan Feb Mar Apr May Jun Jul Aug Sep Oct Nov Dec
2020: Jan Feb Mar Apr May Jun Jul Aug Sep Oct Nov Dec
2019: Jan Feb Mar Apr May Jun Jul Aug Sep Oct Nov Dec
2018: Jan Feb Mar Apr May Jun Jul Aug Sep Oct Nov Dec
2017: Jan Feb Mar Apr May Jun Jul Aug Sep Oct Nov Dec
2016: Jan Feb Mar Apr May Jun Jul Aug Sep Oct Nov Dec
2015: Jan Feb Mar Apr May Jun Jul Aug Sep Oct Nov Dec
2014: Jan Feb Mar Apr May Jun Jul Aug Sep Oct Nov Dec
2013: Jan Feb Mar Apr May Jun Jul Aug Sep Oct Nov Dec
2012: Jan Feb Mar Apr May Jun Jul Aug Sep Oct Nov Dec
2011: Jan Feb Mar Apr May Jun Jul Aug Sep Oct Nov Dec
2010: Jan Feb Mar Apr May Jun Jul Aug Sep Oct Nov Dec
2009: Jan Feb Mar Apr May Jun Jul Aug Sep Oct Nov Dec
2008: Jan Feb Mar Apr May Jun Jul Aug Sep Oct Nov Dec
2007: Jan Feb Mar Apr May Jun Jul Aug Sep Oct Nov Dec
2006: Jan Feb Mar Apr May Jun Jul Aug Sep Oct Nov Dec
2005: Jan Feb Mar Apr May Jun Jul Aug Sep Oct Nov Dec
Report for 2017 May
Daily noaa report MONTHLY CLIMATOLOGICAL SUMMARY for MAY. 2017 NAME: Woodbridge (Sachse) CITY: Sachse STATE: Texas ELEV: 502 LAT: 32:59:20 LONG: 96:34: 0 TEMPERATURE ( °F), RAIN (in.), WIND SPEED (mph) HEAT COOL AVG MEAN DEG DEG WIND DOM DAY TEMP HIGH TIME LOW TIME DAYS DAYS RAIN SPEED HIGH TIME DIR -------------------------------------------------------------------------------------------------------- 01 64.4 083.4 16:32 44.8 07:27 00.5 00.0 00.00 02.3 17.3 14:32 WSW 02 73.1 085.5 15:46 61.6 07:40 00.0 08.2 00.00 03.2 18.4 13:48 S 03 69.3 078.3 11:57 58.2 00:00 00.0 04.4 00.00 06.4 32.2 16:58 NW 04 63.1 074.6 15:42 52.5 07:37 01.8 00.0 00.00 07.5 31.1 15:32 N 05 66.9 080.0 15:37 54.4 07:25 00.0 02.0 00.00 03.6 24.1 12:37 NNW 06 70.2 089.2 14:35 51.8 07:21 00.0 05.2 00.00 01.3 11.5 14:52 SE 07 72.9 089.2 14:08 56.2 07:15 00.0 08.0 00.00 02.0 14.9 18:19 SSE 08 73.8 085.9 14:49 61.4 07:12 00.0 08.8 00.00 02.8 16.1 16:28 S 09 74.5 082.6 17:35 65.5 07:25 00.0 09.6 00.00 02.0 12.7 14:26 S 10 76.3 082.9 15:48 74.1 00:00 00.0 11.4 00.00 01.8 19.6 23:37 S 11 77.2 087.1 13:01 69.8 08:30 00.0 12.2 00.00 04.8 23.0 22:48 SW 12 69.6 076.7 18:18 61.3 06:14 00.0 04.6 00.00 07.0 27.6 12:39 NNW 13 70.9 085.2 16:10 58.8 07:26 00.0 05.9 00.00 01.7 12.7 14:22 E 14 75.3 090.1 16:19 61.3 07:08 00.0 10.4 00.00 02.3 14.9 14:57 SSE 15 77.0 087.1 16:19 66.9 07:33 00.0 12.0 00.00 03.7 17.3 17:09 S 16 76.3 082.8 14:47 68.3 06:04 00.0 11.4 00.00 05.9 24.1 12:39 S 17 78.2 089.8 16:41 69.0 07:26 00.0 13.3 00.00 06.2 29.9 01:21 SSW 18 81.8 091.9 14:37 75.1 07:05 00.0 16.9 00.00 05.8 25.3 16:36 S 19 80.6 088.6 15:26 74.2 06:36 00.0 15.7 00.00 05.9 25.3 00:00 S 20 73.3 081.2 15:41 66.9 07:20 00.0 08.4 00.00 03.7 42.5 01:08 NNW 21 71.7 081.4 15:26 62.5 09:00 00.0 06.7 00.00 03.6 28.8 07:17 E 22 71.0 080.4 15:24 62.5 07:12 00.0 06.0 00.00 02.7 14.9 14:59 SE 23 65.9 077.3 14:01 60.0 00:00 00.0 00.9 00.00 04.1 26.4 17:36 NW 24 68.1 081.8 16:20 55.3 07:05 00.0 03.2 00.00 05.7 27.6 14:57 NW 25 75.7 090.8 15:46 60.6 05:05 00.0 10.7 00.00 06.1 35.6 16:06 SSW 26 82.2 092.8 15:33 73.4 03:43 00.0 17.3 00.00 07.5 25.3 10:46 SSW 27 82.8 088.1 17:58 78.1 06:37 00.0 17.8 00.00 06.0 24.1 14:05 SSW 28 74.9 081.5 00:02 70.6 07:52 00.0 10.0 00.32 02.7 20.7 01:23 ESE -------------------------------------------------------------------------------------------------------- 73.5 (74.0) 92.8 day 26 44.8 day 01 002.3 241.0 01.21 04.2 42.6 day 20 SSW Max > 86: 11 Min < 86: 28 Max Rain: 0.32 ON 28-05-17 Days of Rain: 1 (> .008in) 1 (> .08in) 0 (> 0.8in)