NOAA-Style Climate Reports
Select a Year or Month report
2024: Jan Feb Mar Apr May Jun Jul Aug Sep Oct Nov Dec
2023: Jan Feb Mar Apr May Jun Jul Aug Sep Oct Nov Dec
2022: Jan Feb Mar Apr May Jun Jul Aug Sep Oct Nov Dec
2021: Jan Feb Mar Apr May Jun Jul Aug Sep Oct Nov Dec
2020: Jan Feb Mar Apr May Jun Jul Aug Sep Oct Nov Dec
2019: Jan Feb Mar Apr May Jun Jul Aug Sep Oct Nov Dec
2018: Jan Feb Mar Apr May Jun Jul Aug Sep Oct Nov Dec
2017: Jan Feb Mar Apr May Jun Jul Aug Sep Oct Nov Dec
2016: Jan Feb Mar Apr May Jun Jul Aug Sep Oct Nov Dec
2015: Jan Feb Mar Apr May Jun Jul Aug Sep Oct Nov Dec
2014: Jan Feb Mar Apr May Jun Jul Aug Sep Oct Nov Dec
2013: Jan Feb Mar Apr May Jun Jul Aug Sep Oct Nov Dec
2012: Jan Feb Mar Apr May Jun Jul Aug Sep Oct Nov Dec
2011: Jan Feb Mar Apr May Jun Jul Aug Sep Oct Nov Dec
2010: Jan Feb Mar Apr May Jun Jul Aug Sep Oct Nov Dec
2009: Jan Feb Mar Apr May Jun Jul Aug Sep Oct Nov Dec
2008: Jan Feb Mar Apr May Jun Jul Aug Sep Oct Nov Dec
2007: Jan Feb Mar Apr May Jun Jul Aug Sep Oct Nov Dec
2006: Jan Feb Mar Apr May Jun Jul Aug Sep Oct Nov Dec
2005: Jan Feb Mar Apr May Jun Jul Aug Sep Oct Nov Dec
2024: Jan Feb Mar Apr May Jun Jul Aug Sep Oct Nov Dec
2023: Jan Feb Mar Apr May Jun Jul Aug Sep Oct Nov Dec
2022: Jan Feb Mar Apr May Jun Jul Aug Sep Oct Nov Dec
2021: Jan Feb Mar Apr May Jun Jul Aug Sep Oct Nov Dec
2020: Jan Feb Mar Apr May Jun Jul Aug Sep Oct Nov Dec
2019: Jan Feb Mar Apr May Jun Jul Aug Sep Oct Nov Dec
2018: Jan Feb Mar Apr May Jun Jul Aug Sep Oct Nov Dec
2017: Jan Feb Mar Apr May Jun Jul Aug Sep Oct Nov Dec
2016: Jan Feb Mar Apr May Jun Jul Aug Sep Oct Nov Dec
2015: Jan Feb Mar Apr May Jun Jul Aug Sep Oct Nov Dec
2014: Jan Feb Mar Apr May Jun Jul Aug Sep Oct Nov Dec
2013: Jan Feb Mar Apr May Jun Jul Aug Sep Oct Nov Dec
2012: Jan Feb Mar Apr May Jun Jul Aug Sep Oct Nov Dec
2011: Jan Feb Mar Apr May Jun Jul Aug Sep Oct Nov Dec
2010: Jan Feb Mar Apr May Jun Jul Aug Sep Oct Nov Dec
2009: Jan Feb Mar Apr May Jun Jul Aug Sep Oct Nov Dec
2008: Jan Feb Mar Apr May Jun Jul Aug Sep Oct Nov Dec
2007: Jan Feb Mar Apr May Jun Jul Aug Sep Oct Nov Dec
2006: Jan Feb Mar Apr May Jun Jul Aug Sep Oct Nov Dec
2005: Jan Feb Mar Apr May Jun Jul Aug Sep Oct Nov Dec
Report for 2017 August
Daily noaa report MONTHLY CLIMATOLOGICAL SUMMARY for AUG. 2017 NAME: CITY: STATE: ELEV: LAT: LONG: TEMPERATURE ( °F), RAIN (in.), WIND SPEED (mph) HEAT COOL AVG MEAN DEG DEG WIND DOM DAY TEMP HIGH TIME LOW TIME DAYS DAYS RAIN SPEED HIGH TIME DIR -------------------------------------------------------------------------------------------------------- 01 81.7 089.0 11:49 76.5 00:00 00.0 16.7 00.00 01.7 18.4 21:15 ENE 02 77.4 085.2 17:17 73.6 09:17 00.0 12.4 00.02 02.0 11.5 13:32 E 03 81.6 091.6 18:00 72.3 07:00 00.0 16.7 00.00 00.9 11.5 16:16 S 04 83.2 095.2 15:53 74.0 07:39 00.0 18.3 00.00 01.0 13.8 18:08 SW 05 84.5 095.2 15:03 74.7 07:30 00.0 19.5 00.00 02.6 18.4 15:11 S 06 86.5 097.1 17:13 79.1 07:26 00.0 21.6 00.04 04.3 18.4 15:17 S 07 81.0 091.8 15:42 73.5 07:43 00.0 16.1 00.08 02.8 18.4 18:10 E 08 80.9 089.1 15:56 75.3 06:02 00.0 15.9 00.00 04.1 18.4 16:27 E 09 81.5 090.6 17:23 74.6 03:35 00.0 16.5 00.00 02.4 13.8 15:52 ESE 10 86.3 100.7 14:55 75.1 07:45 00.0 21.4 00.00 01.3 11.5 17:39 S 11 88.0 101.9 15:13 78.0 07:26 00.0 23.1 00.00 03.0 16.1 16:13 NW 12 82.9 099.8 15:05 75.6 20:19 00.0 18.0 01.16 02.2 19.6 18:18 E 13 80.9 091.2 17:45 75.5 07:54 00.0 15.9 00.69 01.6 11.5 15:43 SSE 14 82.3 093.0 18:04 74.4 08:41 00.0 17.4 01.26 02.9 27.6 06:19 SSW 15 85.9 096.6 17:37 79.1 07:47 00.0 21.0 00.00 03.7 13.8 16:35 SSW 16 86.5 094.9 17:31 79.4 08:25 00.0 21.6 00.00 04.5 20.7 11:50 SSW 17 81.6 091.8 15:59 71.9 07:23 00.0 16.7 01.07 02.9 20.7 05:31 SSE 18 82.6 092.7 13:08 76.3 07:39 00.0 17.7 00.00 01.0 13.8 14:12 WSW 19 86.9 101.0 15:28 75.6 07:32 00.0 22.0 00.00 01.6 14.9 10:19 SSW 20 87.5 099.0 16:04 78.4 08:24 00.0 22.6 00.00 02.3 14.9 18:03 SSE 21 85.4 095.3 16:41 77.3 08:16 00.0 20.5 00.00 02.1 12.7 23:34 S 22 86.8 099.5 14:47 75.5 07:39 00.0 21.8 00.00 01.9 11.5 16:47 SSW 23 82.5 091.5 15:44 76.1 07:49 00.0 17.6 00.00 02.7 19.6 03:23 ENE 24 81.6 090.5 14:47 76.4 07:03 00.0 16.7 00.00 03.5 14.9 17:23 ESE 25 78.0 085.0 16:44 72.8 07:18 00.0 13.1 00.08 03.9 18.4 16:10 ESE 26 76.4 081.3 17:36 73.7 06:10 00.0 11.5 00.02 04.2 14.9 18:25 E 27 77.5 084.1 18:14 73.7 03:21 00.0 12.6 00.05 04.1 19.6 15:42 E 28 78.5 086.4 14:17 73.6 07:42 00.0 13.6 00.01 02.9 13.8 14:35 ENE 29 80.6 090.5 16:18 70.9 08:13 00.0 15.6 00.00 02.9 17.3 15:38 NE 30 78.8 087.7 17:40 68.8 08:00 00.0 13.9 00.00 04.3 19.6 17:10 NNE 31 80.6 091.5 14:55 71.6 08:09 00.0 15.7 00.00 04.0 18.4 12:32 N -------------------------------------------------------------------------------------------------------- 82.5 (83.8) 101.9 day 11 68.8 day 30 000.0 543.5 04.48 02.7 27.6 day 14 ESE Max > 86: 27 Min < 86: 31 Max Rain: 1.26 ON 14-08-17 Days of Rain: 11 (> .008in) 6 (> .08in) 3 (> 0.8in)