NOAA-Style Climate Reports
Select a Year or Month report
2024: Jan Feb Mar Apr May Jun Jul Aug Sep Oct Nov Dec
2023: Jan Feb Mar Apr May Jun Jul Aug Sep Oct Nov Dec
2022: Jan Feb Mar Apr May Jun Jul Aug Sep Oct Nov Dec
2021: Jan Feb Mar Apr May Jun Jul Aug Sep Oct Nov Dec
2020: Jan Feb Mar Apr May Jun Jul Aug Sep Oct Nov Dec
2019: Jan Feb Mar Apr May Jun Jul Aug Sep Oct Nov Dec
2018: Jan Feb Mar Apr May Jun Jul Aug Sep Oct Nov Dec
2017: Jan Feb Mar Apr May Jun Jul Aug Sep Oct Nov Dec
2016: Jan Feb Mar Apr May Jun Jul Aug Sep Oct Nov Dec
2015: Jan Feb Mar Apr May Jun Jul Aug Sep Oct Nov Dec
2014: Jan Feb Mar Apr May Jun Jul Aug Sep Oct Nov Dec
2013: Jan Feb Mar Apr May Jun Jul Aug Sep Oct Nov Dec
2012: Jan Feb Mar Apr May Jun Jul Aug Sep Oct Nov Dec
2011: Jan Feb Mar Apr May Jun Jul Aug Sep Oct Nov Dec
2010: Jan Feb Mar Apr May Jun Jul Aug Sep Oct Nov Dec
2009: Jan Feb Mar Apr May Jun Jul Aug Sep Oct Nov Dec
2008: Jan Feb Mar Apr May Jun Jul Aug Sep Oct Nov Dec
2007: Jan Feb Mar Apr May Jun Jul Aug Sep Oct Nov Dec
2006: Jan Feb Mar Apr May Jun Jul Aug Sep Oct Nov Dec
2005: Jan Feb Mar Apr May Jun Jul Aug Sep Oct Nov Dec
2024: Jan Feb Mar Apr May Jun Jul Aug Sep Oct Nov Dec
2023: Jan Feb Mar Apr May Jun Jul Aug Sep Oct Nov Dec
2022: Jan Feb Mar Apr May Jun Jul Aug Sep Oct Nov Dec
2021: Jan Feb Mar Apr May Jun Jul Aug Sep Oct Nov Dec
2020: Jan Feb Mar Apr May Jun Jul Aug Sep Oct Nov Dec
2019: Jan Feb Mar Apr May Jun Jul Aug Sep Oct Nov Dec
2018: Jan Feb Mar Apr May Jun Jul Aug Sep Oct Nov Dec
2017: Jan Feb Mar Apr May Jun Jul Aug Sep Oct Nov Dec
2016: Jan Feb Mar Apr May Jun Jul Aug Sep Oct Nov Dec
2015: Jan Feb Mar Apr May Jun Jul Aug Sep Oct Nov Dec
2014: Jan Feb Mar Apr May Jun Jul Aug Sep Oct Nov Dec
2013: Jan Feb Mar Apr May Jun Jul Aug Sep Oct Nov Dec
2012: Jan Feb Mar Apr May Jun Jul Aug Sep Oct Nov Dec
2011: Jan Feb Mar Apr May Jun Jul Aug Sep Oct Nov Dec
2010: Jan Feb Mar Apr May Jun Jul Aug Sep Oct Nov Dec
2009: Jan Feb Mar Apr May Jun Jul Aug Sep Oct Nov Dec
2008: Jan Feb Mar Apr May Jun Jul Aug Sep Oct Nov Dec
2007: Jan Feb Mar Apr May Jun Jul Aug Sep Oct Nov Dec
2006: Jan Feb Mar Apr May Jun Jul Aug Sep Oct Nov Dec
2005: Jan Feb Mar Apr May Jun Jul Aug Sep Oct Nov Dec
Report for 2017 September
Daily noaa report MONTHLY CLIMATOLOGICAL SUMMARY for SEP. 2017 NAME: CITY: STATE: ELEV: LAT: LONG: TEMPERATURE ( °F), RAIN (in.), WIND SPEED (mph) HEAT COOL AVG MEAN DEG DEG WIND DOM DAY TEMP HIGH TIME LOW TIME DAYS DAYS RAIN SPEED HIGH TIME DIR -------------------------------------------------------------------------------------------------------- 01 79.3 093.5 16:29 67.2 07:38 00.0 14.4 00.00 00.9 10.3 12:12 ENE 02 81.3 094.9 14:17 70.4 05:14 00.0 16.3 00.00 01.5 11.5 19:06 SE 03 84.1 097.7 15:08 73.5 07:49 00.0 19.1 00.00 01.7 12.7 14:03 S 04 83.3 096.7 15:24 71.2 07:53 00.0 18.3 00.00 02.1 11.5 17:22 SSW 05 80.1 095.4 14:17 70.5 07:17 00.0 15.2 00.00 03.2 18.4 19:28 NNE 06 74.3 085.9 15:54 63.4 07:51 00.0 09.3 00.00 02.8 19.6 14:45 NE 07 70.1 087.0 16:16 56.5 07:45 00.0 05.1 00.00 01.4 13.8 15:56 SE 08 71.0 086.1 15:17 58.1 07:04 00.0 06.1 00.00 01.8 16.1 15:20 SE 09 73.7 087.5 15:35 61.7 07:49 00.0 08.8 00.00 02.5 16.1 15:45 ESE 10 75.8 087.1 15:12 62.8 08:34 00.0 10.8 00.00 02.6 16.1 12:34 E 11 73.5 086.8 15:47 60.6 07:42 00.0 08.6 00.00 01.5 14.9 15:39 ENE 12 72.1 084.0 13:18 60.7 07:49 00.0 07.1 00.00 01.9 19.6 11:05 N 13 74.7 091.6 15:56 60.2 07:37 00.0 09.8 00.00 01.2 11.5 13:33 NNE 14 79.9 096.7 16:38 65.9 07:44 00.0 15.0 00.00 02.1 14.9 15:48 SSE 15 81.2 093.1 16:24 72.1 08:57 00.0 16.2 00.00 03.4 16.1 11:47 S 16 82.1 093.9 16:04 73.2 07:49 00.0 17.1 00.00 02.7 14.9 15:10 S 17 82.4 095.7 15:40 71.9 07:48 00.0 17.4 00.00 02.1 11.5 20:59 SSE 18 82.0 095.4 15:16 70.4 07:47 00.0 17.1 00.00 01.1 11.5 17:04 SSE 19 84.0 096.4 15:21 74.0 05:38 00.0 19.0 00.00 03.8 19.6 13:17 SSW 20 85.7 096.8 14:47 76.9 07:56 00.0 20.8 00.00 04.9 20.7 10:41 S 21 84.9 096.6 16:39 76.5 00:00 00.0 20.0 00.00 04.1 19.6 10:34 S 22 82.0 094.4 16:24 74.0 07:13 00.0 17.0 00.00 02.9 13.8 16:28 S 23 82.8 095.9 15:44 71.3 08:40 00.0 17.8 00.00 01.7 14.9 12:33 S 24 81.6 093.4 16:01 71.3 06:42 00.0 16.6 00.00 02.1 14.9 15:08 S 25 81.2 093.7 15:43 70.8 07:27 00.0 16.3 00.00 02.4 17.3 14:05 S 26 82.4 090.6 14:40 75.1 08:02 00.0 17.5 00.00 01.6 12.7 17:27 SSE 27 79.1 092.1 16:22 71.0 00:00 00.0 14.1 01.75 02.2 25.3 17:48 NE 28 73.4 082.0 15:17 68.5 09:24 00.0 08.4 00.24 03.6 14.9 16:31 NNE 29 68.6 070.9 18:32 66.3 08:10 00.0 03.6 00.09 01.5 11.5 01:21 NE 30 73.8 087.2 15:03 63.7 08:32 00.0 08.9 00.00 02.1 11.5 16:26 E -------------------------------------------------------------------------------------------------------- 78.7 (79.8) 97.7 day 03 56.5 day 07 000.0 411.9 02.08 02.3 25.3 day 27 SE Max > 86: 26 Min < 86: 30 Max Rain: 1.75 ON 27-09-17 Days of Rain: 3 (> .008in) 3 (> .08in) 1 (> 0.8in)