NOAA-Style Climate Reports
Select a Year or Month report
2024: Jan Feb Mar Apr May Jun Jul Aug Sep Oct Nov Dec
2023: Jan Feb Mar Apr May Jun Jul Aug Sep Oct Nov Dec
2022: Jan Feb Mar Apr May Jun Jul Aug Sep Oct Nov Dec
2021: Jan Feb Mar Apr May Jun Jul Aug Sep Oct Nov Dec
2020: Jan Feb Mar Apr May Jun Jul Aug Sep Oct Nov Dec
2019: Jan Feb Mar Apr May Jun Jul Aug Sep Oct Nov Dec
2018: Jan Feb Mar Apr May Jun Jul Aug Sep Oct Nov Dec
2017: Jan Feb Mar Apr May Jun Jul Aug Sep Oct Nov Dec
2016: Jan Feb Mar Apr May Jun Jul Aug Sep Oct Nov Dec
2015: Jan Feb Mar Apr May Jun Jul Aug Sep Oct Nov Dec
2014: Jan Feb Mar Apr May Jun Jul Aug Sep Oct Nov Dec
2013: Jan Feb Mar Apr May Jun Jul Aug Sep Oct Nov Dec
2012: Jan Feb Mar Apr May Jun Jul Aug Sep Oct Nov Dec
2011: Jan Feb Mar Apr May Jun Jul Aug Sep Oct Nov Dec
2010: Jan Feb Mar Apr May Jun Jul Aug Sep Oct Nov Dec
2009: Jan Feb Mar Apr May Jun Jul Aug Sep Oct Nov Dec
2008: Jan Feb Mar Apr May Jun Jul Aug Sep Oct Nov Dec
2007: Jan Feb Mar Apr May Jun Jul Aug Sep Oct Nov Dec
2006: Jan Feb Mar Apr May Jun Jul Aug Sep Oct Nov Dec
2005: Jan Feb Mar Apr May Jun Jul Aug Sep Oct Nov Dec
2024: Jan Feb Mar Apr May Jun Jul Aug Sep Oct Nov Dec
2023: Jan Feb Mar Apr May Jun Jul Aug Sep Oct Nov Dec
2022: Jan Feb Mar Apr May Jun Jul Aug Sep Oct Nov Dec
2021: Jan Feb Mar Apr May Jun Jul Aug Sep Oct Nov Dec
2020: Jan Feb Mar Apr May Jun Jul Aug Sep Oct Nov Dec
2019: Jan Feb Mar Apr May Jun Jul Aug Sep Oct Nov Dec
2018: Jan Feb Mar Apr May Jun Jul Aug Sep Oct Nov Dec
2017: Jan Feb Mar Apr May Jun Jul Aug Sep Oct Nov Dec
2016: Jan Feb Mar Apr May Jun Jul Aug Sep Oct Nov Dec
2015: Jan Feb Mar Apr May Jun Jul Aug Sep Oct Nov Dec
2014: Jan Feb Mar Apr May Jun Jul Aug Sep Oct Nov Dec
2013: Jan Feb Mar Apr May Jun Jul Aug Sep Oct Nov Dec
2012: Jan Feb Mar Apr May Jun Jul Aug Sep Oct Nov Dec
2011: Jan Feb Mar Apr May Jun Jul Aug Sep Oct Nov Dec
2010: Jan Feb Mar Apr May Jun Jul Aug Sep Oct Nov Dec
2009: Jan Feb Mar Apr May Jun Jul Aug Sep Oct Nov Dec
2008: Jan Feb Mar Apr May Jun Jul Aug Sep Oct Nov Dec
2007: Jan Feb Mar Apr May Jun Jul Aug Sep Oct Nov Dec
2006: Jan Feb Mar Apr May Jun Jul Aug Sep Oct Nov Dec
2005: Jan Feb Mar Apr May Jun Jul Aug Sep Oct Nov Dec
Report for 2017 December
Daily noaa report MONTHLY CLIMATOLOGICAL SUMMARY for DEC. 2017 NAME: CITY: STATE: ELEV: LAT: LONG: TEMPERATURE ( °F), RAIN (in.), WIND SPEED (mph) HEAT COOL AVG MEAN DEG DEG WIND DOM DAY TEMP HIGH TIME LOW TIME DAYS DAYS RAIN SPEED HIGH TIME DIR -------------------------------------------------------------------------------------------------------- 01 57.4 070.8 14:54 43.9 08:05 07.6 00.0 00.00 01.7 11.5 14:57 SSE 02 64.1 078.7 14:04 52.1 05:12 00.8 00.0 00.00 02.9 16.1 12:01 SSW 03 65.5 078.1 13:34 56.4 06:08 00.0 00.5 00.00 03.8 19.6 23:00 S 04 69.8 079.5 14:41 55.3 00:00 00.0 04.9 00.01 06.2 26.4 21:53 SSW 05 49.4 055.1 00:02 44.6 21:12 15.6 00.0 00.03 05.2 21.9 04:18 NNE 06 48.2 056.0 14:01 43.4 01:57 16.8 00.0 00.00 01.6 12.7 13:40 N 07 40.4 048.8 00:56 32.6 00:00 24.5 00.0 00.00 04.9 24.1 10:35 NNE 08 35.1 046.9 14:03 24.0 08:44 29.8 00.0 00.00 01.3 09.2 14:14 NW 09 43.3 060.1 13:32 28.6 05:27 21.6 00.0 00.00 03.0 23.0 13:12 NNW 10 49.7 070.3 15:15 31.0 08:28 15.3 00.0 00.00 02.0 14.9 14:48 W 11 54.7 077.5 14:42 32.9 08:33 10.3 00.0 00.00 03.5 21.9 15:27 W 12 49.7 058.1 13:33 35.9 00:00 15.3 00.0 00.00 04.2 19.6 09:40 N 13 55.3 074.6 14:57 33.6 04:09 09.6 00.0 00.00 02.6 19.6 15:01 SW 14 61.9 070.1 08:40 45.1 08:41 03.1 00.0 00.00 03.9 19.6 15:58 NNE 15 51.7 058.1 12:53 34.1 00:00 13.2 00.0 00.00 01.8 13.8 12:57 NW 16 45.4 061.9 13:32 33.9 01:53 19.5 00.0 00.47 03.2 20.7 13:10 S 17 47.5 050.7 16:49 44.0 00:36 17.4 00.0 00.00 01.5 11.5 15:18 SSW 18 50.0 053.2 00:00 47.2 07:55 14.9 00.0 00.00 00.6 08.1 12:12 SSE 19 57.0 060.7 14:54 53.2 00:18 08.0 00.0 03.57 01.0 12.7 13:17 ESE 20 54.6 058.7 16:02 49.0 06:18 10.3 00.0 00.00 01.0 11.5 00:05 SSW 21 60.3 076.8 15:14 49.6 08:57 04.6 00.0 00.00 02.9 16.1 15:49 SSW 22 45.4 062.1 01:20 36.1 22:22 19.6 00.0 00.55 06.6 25.3 21:09 NNW 23 41.7 052.8 14:57 33.7 09:13 23.2 00.0 00.00 03.6 21.9 00:03 NNW 24 40.8 045.8 14:22 33.4 23:41 24.1 00.0 00.00 04.3 25.3 12:02 NNE 25 37.6 046.5 14:59 29.3 07:09 27.4 00.0 00.00 03.6 19.6 12:53 ESE 26 39.4 042.3 03:18 37.0 11:27 25.5 00.0 00.00 03.6 16.1 21:29 ENE 27 37.5 039.9 09:20 32.8 09:23 27.5 00.0 00.00 04.9 17.3 04:00 NNE 28 38.4 041.2 15:09 35.7 00:02 26.6 00.0 00.00 02.5 10.3 19:33 E 29 43.1 047.4 14:21 38.7 09:29 21.8 00.0 00.00 03.3 17.3 16:05 S 30 41.7 045.6 00:45 33.4 00:00 23.2 00.0 00.00 03.7 20.7 14:18 NE 31 28.3 033.4 00:58 21.0 22:58 36.7 00.0 00.00 06.4 20.7 14:50 NNE -------------------------------------------------------------------------------------------------------- 48.5 (48.4) 79.5 day 04 21.0 day 31 513.7 005.4 05.42 03.3 26.5 day 22 NNE Min < 86: 31 Min < 23: 1 Max Rain: 3.57 ON 19-12-18 Days of Rain: 5 (> .008in) 3 (> .08in) 1 (> 0.8in)