NOAA-Style Climate Reports
Select a Year or Month report
2024: Jan Feb Mar Apr May Jun Jul Aug Sep Oct Nov Dec
2023: Jan Feb Mar Apr May Jun Jul Aug Sep Oct Nov Dec
2022: Jan Feb Mar Apr May Jun Jul Aug Sep Oct Nov Dec
2021: Jan Feb Mar Apr May Jun Jul Aug Sep Oct Nov Dec
2020: Jan Feb Mar Apr May Jun Jul Aug Sep Oct Nov Dec
2019: Jan Feb Mar Apr May Jun Jul Aug Sep Oct Nov Dec
2018: Jan Feb Mar Apr May Jun Jul Aug Sep Oct Nov Dec
2017: Jan Feb Mar Apr May Jun Jul Aug Sep Oct Nov Dec
2016: Jan Feb Mar Apr May Jun Jul Aug Sep Oct Nov Dec
2015: Jan Feb Mar Apr May Jun Jul Aug Sep Oct Nov Dec
2014: Jan Feb Mar Apr May Jun Jul Aug Sep Oct Nov Dec
2013: Jan Feb Mar Apr May Jun Jul Aug Sep Oct Nov Dec
2012: Jan Feb Mar Apr May Jun Jul Aug Sep Oct Nov Dec
2011: Jan Feb Mar Apr May Jun Jul Aug Sep Oct Nov Dec
2010: Jan Feb Mar Apr May Jun Jul Aug Sep Oct Nov Dec
2009: Jan Feb Mar Apr May Jun Jul Aug Sep Oct Nov Dec
2008: Jan Feb Mar Apr May Jun Jul Aug Sep Oct Nov Dec
2007: Jan Feb Mar Apr May Jun Jul Aug Sep Oct Nov Dec
2006: Jan Feb Mar Apr May Jun Jul Aug Sep Oct Nov Dec
2005: Jan Feb Mar Apr May Jun Jul Aug Sep Oct Nov Dec
2024: Jan Feb Mar Apr May Jun Jul Aug Sep Oct Nov Dec
2023: Jan Feb Mar Apr May Jun Jul Aug Sep Oct Nov Dec
2022: Jan Feb Mar Apr May Jun Jul Aug Sep Oct Nov Dec
2021: Jan Feb Mar Apr May Jun Jul Aug Sep Oct Nov Dec
2020: Jan Feb Mar Apr May Jun Jul Aug Sep Oct Nov Dec
2019: Jan Feb Mar Apr May Jun Jul Aug Sep Oct Nov Dec
2018: Jan Feb Mar Apr May Jun Jul Aug Sep Oct Nov Dec
2017: Jan Feb Mar Apr May Jun Jul Aug Sep Oct Nov Dec
2016: Jan Feb Mar Apr May Jun Jul Aug Sep Oct Nov Dec
2015: Jan Feb Mar Apr May Jun Jul Aug Sep Oct Nov Dec
2014: Jan Feb Mar Apr May Jun Jul Aug Sep Oct Nov Dec
2013: Jan Feb Mar Apr May Jun Jul Aug Sep Oct Nov Dec
2012: Jan Feb Mar Apr May Jun Jul Aug Sep Oct Nov Dec
2011: Jan Feb Mar Apr May Jun Jul Aug Sep Oct Nov Dec
2010: Jan Feb Mar Apr May Jun Jul Aug Sep Oct Nov Dec
2009: Jan Feb Mar Apr May Jun Jul Aug Sep Oct Nov Dec
2008: Jan Feb Mar Apr May Jun Jul Aug Sep Oct Nov Dec
2007: Jan Feb Mar Apr May Jun Jul Aug Sep Oct Nov Dec
2006: Jan Feb Mar Apr May Jun Jul Aug Sep Oct Nov Dec
2005: Jan Feb Mar Apr May Jun Jul Aug Sep Oct Nov Dec
Report for 2018 February
Daily noaa report MONTHLY CLIMATOLOGICAL SUMMARY for FEB. 2018 NAME: CITY: STATE: ELEV: LAT: LONG: TEMPERATURE ( °F), RAIN (in.), WIND SPEED (mph) HEAT COOL AVG MEAN DEG DEG WIND DOM DAY TEMP HIGH TIME LOW TIME DAYS DAYS RAIN SPEED HIGH TIME DIR -------------------------------------------------------------------------------------------------------- 01 54.6 065.2 14:15 43.4 00:00 10.3 00.0 00.00 06.2 23.0 16:50 NNE 02 43.0 054.4 14:51 33.4 07:47 22.0 00.0 00.00 03.6 19.6 00:49 ENE 03 47.5 054.5 13:08 40.1 07:49 17.4 00.0 00.00 04.4 20.7 14:05 S 04 50.1 064.2 14:31 34.6 00:00 14.9 00.0 00.00 04.0 26.4 18:10 NE 05 35.6 045.8 20:08 23.5 07:47 29.4 00.0 00.00 02.3 14.9 00:27 N 06 37.5 044.4 12:14 32.0 00:00 27.5 00.0 00.45 04.0 17.3 20:28 N 07 36.4 046.9 14:34 30.0 09:33 28.5 00.0 00.01 04.3 19.6 09:38 NNE 08 42.6 058.6 15:37 27.2 07:49 22.3 00.0 00.00 01.1 09.2 13:34 SE 09 55.1 063.9 15:37 44.4 00:35 09.8 00.0 00.00 04.4 18.4 12:23 S 10 41.1 059.1 06:21 29.7 00:00 23.9 00.0 00.00 05.3 24.1 11:16 NNW 11 32.3 042.2 14:19 26.2 06:32 32.6 00.0 00.00 05.9 21.9 10:00 N 12 36.3 047.0 16:20 27.4 04:51 28.7 00.0 00.00 03.7 13.8 03:31 E 13 41.1 043.7 00:00 38.7 07:22 23.9 00.0 00.00 02.4 13.8 01:59 ESE 14 54.3 068.1 16:21 43.7 00:18 10.7 00.0 00.00 04.2 24.1 23:37 S 15 70.0 077.8 15:48 63.8 00:04 00.0 05.1 00.00 08.4 29.9 13:11 SW 16 55.8 068.6 00:01 45.4 00:00 09.2 00.0 00.00 04.9 26.4 09:04 NNE 17 49.9 064.2 15:37 42.1 05:37 15.0 00.0 00.39 02.1 21.9 03:49 NNW 18 52.8 061.3 23:34 43.9 05:24 12.1 00.0 00.05 03.0 18.4 15:45 SSE 19 68.7 075.5 16:34 60.8 00:16 00.0 03.8 00.01 07.5 32.2 13:24 S 20 61.0 069.3 10:57 38.1 00:00 04.0 00.0 03.86 06.3 28.8 05:17 S 21 35.9 038.1 19:26 33.8 14:03 29.0 00.0 01.14 07.3 26.4 13:50 N 22 37.9 041.3 13:38 35.2 04:24 27.0 00.0 00.58 03.0 13.8 15:34 NNW 23 46.6 053.3 18:04 40.7 06:05 18.4 00.0 00.39 01.0 10.3 23:50 NE 24 53.7 066.4 11:11 47.4 00:00 11.2 00.0 00.58 03.4 28.8 12:23 WNW 25 52.8 067.7 16:09 40.0 07:14 12.2 00.0 00.01 01.6 13.8 12:59 SSE 26 54.2 068.4 16:09 43.1 07:01 10.8 00.0 00.00 01.9 11.5 16:37 SE 27 58.6 064.5 22:11 50.7 04:46 06.3 00.0 00.14 03.0 16.1 10:38 SSE 28 65.2 068.8 12:18 63.1 22:13 00.0 00.2 00.56 03.3 17.3 06:02 S -------------------------------------------------------------------------------------------------------- 48.9 (49.4) 77.8 day 15 23.5 day 05 456.9 009.0 08.37 04.0 32.2 day 19 E Min < 86: 28 Max Rain: 3.86 ON 20-02-18 Days of Rain: 13 (> .008in) 9 (> .08in) 2 (> 0.8in)