NOAA-Style Climate Reports
Select a Year or Month report
2024: Jan Feb Mar Apr May Jun Jul Aug Sep Oct Nov Dec
2023: Jan Feb Mar Apr May Jun Jul Aug Sep Oct Nov Dec
2022: Jan Feb Mar Apr May Jun Jul Aug Sep Oct Nov Dec
2021: Jan Feb Mar Apr May Jun Jul Aug Sep Oct Nov Dec
2020: Jan Feb Mar Apr May Jun Jul Aug Sep Oct Nov Dec
2019: Jan Feb Mar Apr May Jun Jul Aug Sep Oct Nov Dec
2018: Jan Feb Mar Apr May Jun Jul Aug Sep Oct Nov Dec
2017: Jan Feb Mar Apr May Jun Jul Aug Sep Oct Nov Dec
2016: Jan Feb Mar Apr May Jun Jul Aug Sep Oct Nov Dec
2015: Jan Feb Mar Apr May Jun Jul Aug Sep Oct Nov Dec
2014: Jan Feb Mar Apr May Jun Jul Aug Sep Oct Nov Dec
2013: Jan Feb Mar Apr May Jun Jul Aug Sep Oct Nov Dec
2012: Jan Feb Mar Apr May Jun Jul Aug Sep Oct Nov Dec
2011: Jan Feb Mar Apr May Jun Jul Aug Sep Oct Nov Dec
2010: Jan Feb Mar Apr May Jun Jul Aug Sep Oct Nov Dec
2009: Jan Feb Mar Apr May Jun Jul Aug Sep Oct Nov Dec
2008: Jan Feb Mar Apr May Jun Jul Aug Sep Oct Nov Dec
2007: Jan Feb Mar Apr May Jun Jul Aug Sep Oct Nov Dec
2006: Jan Feb Mar Apr May Jun Jul Aug Sep Oct Nov Dec
2005: Jan Feb Mar Apr May Jun Jul Aug Sep Oct Nov Dec
2024: Jan Feb Mar Apr May Jun Jul Aug Sep Oct Nov Dec
2023: Jan Feb Mar Apr May Jun Jul Aug Sep Oct Nov Dec
2022: Jan Feb Mar Apr May Jun Jul Aug Sep Oct Nov Dec
2021: Jan Feb Mar Apr May Jun Jul Aug Sep Oct Nov Dec
2020: Jan Feb Mar Apr May Jun Jul Aug Sep Oct Nov Dec
2019: Jan Feb Mar Apr May Jun Jul Aug Sep Oct Nov Dec
2018: Jan Feb Mar Apr May Jun Jul Aug Sep Oct Nov Dec
2017: Jan Feb Mar Apr May Jun Jul Aug Sep Oct Nov Dec
2016: Jan Feb Mar Apr May Jun Jul Aug Sep Oct Nov Dec
2015: Jan Feb Mar Apr May Jun Jul Aug Sep Oct Nov Dec
2014: Jan Feb Mar Apr May Jun Jul Aug Sep Oct Nov Dec
2013: Jan Feb Mar Apr May Jun Jul Aug Sep Oct Nov Dec
2012: Jan Feb Mar Apr May Jun Jul Aug Sep Oct Nov Dec
2011: Jan Feb Mar Apr May Jun Jul Aug Sep Oct Nov Dec
2010: Jan Feb Mar Apr May Jun Jul Aug Sep Oct Nov Dec
2009: Jan Feb Mar Apr May Jun Jul Aug Sep Oct Nov Dec
2008: Jan Feb Mar Apr May Jun Jul Aug Sep Oct Nov Dec
2007: Jan Feb Mar Apr May Jun Jul Aug Sep Oct Nov Dec
2006: Jan Feb Mar Apr May Jun Jul Aug Sep Oct Nov Dec
2005: Jan Feb Mar Apr May Jun Jul Aug Sep Oct Nov Dec
Report for 2018 March
Daily noaa report MONTHLY CLIMATOLOGICAL SUMMARY for MAR. 2018 NAME: CITY: STATE: ELEV: LAT: LONG: TEMPERATURE ( °F), RAIN (in.), WIND SPEED (mph) HEAT COOL AVG MEAN DEG DEG WIND DOM DAY TEMP HIGH TIME LOW TIME DAYS DAYS RAIN SPEED HIGH TIME DIR -------------------------------------------------------------------------------------------------------- 01 56.9 064.0 00:01 49.9 00:00 08.1 00.0 00.19 03.4 27.6 00:03 NNE 02 56.5 071.3 14:53 42.1 05:20 08.5 00.0 00.00 02.7 14.9 09:33 ESE 03 62.1 074.7 15:14 50.4 07:28 02.8 00.0 00.00 04.2 16.1 14:08 SE 04 65.1 069.5 20:15 60.9 08:25 00.0 00.2 00.00 04.8 20.7 19:32 SSE 05 66.4 073.3 14:41 49.9 00:00 00.0 01.5 00.00 06.0 32.2 11:09 NW 06 54.7 069.6 14:07 38.1 07:19 10.3 00.0 00.00 04.9 29.9 16:42 NNW 07 49.7 062.7 15:21 38.5 07:03 15.2 00.0 00.00 03.6 18.4 13:13 N 08 53.3 068.9 16:08 38.7 06:20 11.7 00.0 00.00 02.9 14.9 23:14 S 09 63.4 076.4 14:32 51.0 06:40 01.5 00.0 00.00 08.3 32.2 12:52 SSW 10 71.1 084.8 15:51 62.2 06:21 00.0 06.2 00.00 03.3 17.3 00:20 SSW 11 62.4 068.7 00:04 50.8 00:00 02.5 00.0 00.00 06.9 31.1 07:38 NNE 12 51.6 067.0 15:48 39.5 08:12 13.4 00.0 00.00 03.4 19.6 01:48 NNE 13 52.6 066.1 14:32 41.5 08:30 12.4 00.0 00.00 02.6 18.4 12:05 NNE 14 54.2 071.5 15:54 36.9 08:05 10.8 00.0 00.00 01.7 11.5 17:12 SSE 15 60.7 077.4 15:34 46.0 07:59 04.2 00.0 00.00 06.3 26.4 16:09 SSW 16 72.1 087.0 14:48 60.1 23:52 00.0 07.1 00.00 06.8 29.9 01:56 SW 17 63.5 080.2 16:22 51.1 07:37 01.5 00.0 00.30 01.4 11.5 14:23 ESE 18 66.6 079.1 16:47 58.3 05:52 00.0 01.7 00.08 01.8 18.4 18:27 SE 19 64.2 076.5 14:32 51.8 00:00 00.7 00.0 00.00 09.0 32.2 15:58 WNW 20 54.6 068.0 16:30 44.1 08:17 10.3 00.0 00.00 06.9 25.3 01:29 NNW 21 58.9 076.0 16:26 42.9 07:59 06.1 00.0 00.00 02.0 12.7 16:48 SE 22 66.2 079.8 16:12 52.3 08:05 00.0 01.3 00.00 06.1 26.4 15:57 S 23 66.8 075.3 18:42 60.4 04:56 00.0 01.8 00.00 08.1 31.1 23:13 SSW 24 75.8 091.1 15:07 66.1 03:44 00.0 10.8 00.00 05.4 33.4 00:11 WSW 25 68.7 076.6 15:27 61.0 06:05 00.0 03.7 00.00 03.5 19.6 15:58 SSE 26 74.5 086.5 16:00 66.5 07:50 00.0 09.6 00.00 07.2 27.6 15:36 S 27 66.0 072.2 00:02 58.3 00:00 00.0 01.0 00.93 03.8 20.7 00:32 SE 28 61.1 065.7 17:23 57.8 01:23 03.8 00.0 00.75 02.1 21.9 00:48 E 29 63.0 074.7 14:50 56.8 08:41 01.9 00.0 00.00 03.4 18.4 15:27 N 30 59.8 073.3 16:35 48.1 07:39 05.1 00.0 00.00 02.4 13.8 15:10 ENE 31 65.6 077.7 15:37 54.2 07:34 00.0 00.7 00.00 05.9 29.9 14:46 SSW -------------------------------------------------------------------------------------------------------- 62.2 (62.8) 91.1 day 24 36.9 day 14 130.6 045.5 02.27 04.5 33.4 day 19 SSW Max > 86: 3 Min < 86: 31 Max Rain: 0.93 ON 27-03-18 Days of Rain: 5 (> .008in) 5 (> .08in) 1 (> 0.8in)