NOAA-Style Climate Reports
Select a Year or Month report
2024: Jan Feb Mar Apr May Jun Jul Aug Sep Oct Nov Dec
2023: Jan Feb Mar Apr May Jun Jul Aug Sep Oct Nov Dec
2022: Jan Feb Mar Apr May Jun Jul Aug Sep Oct Nov Dec
2021: Jan Feb Mar Apr May Jun Jul Aug Sep Oct Nov Dec
2020: Jan Feb Mar Apr May Jun Jul Aug Sep Oct Nov Dec
2019: Jan Feb Mar Apr May Jun Jul Aug Sep Oct Nov Dec
2018: Jan Feb Mar Apr May Jun Jul Aug Sep Oct Nov Dec
2017: Jan Feb Mar Apr May Jun Jul Aug Sep Oct Nov Dec
2016: Jan Feb Mar Apr May Jun Jul Aug Sep Oct Nov Dec
2015: Jan Feb Mar Apr May Jun Jul Aug Sep Oct Nov Dec
2014: Jan Feb Mar Apr May Jun Jul Aug Sep Oct Nov Dec
2013: Jan Feb Mar Apr May Jun Jul Aug Sep Oct Nov Dec
2012: Jan Feb Mar Apr May Jun Jul Aug Sep Oct Nov Dec
2011: Jan Feb Mar Apr May Jun Jul Aug Sep Oct Nov Dec
2010: Jan Feb Mar Apr May Jun Jul Aug Sep Oct Nov Dec
2009: Jan Feb Mar Apr May Jun Jul Aug Sep Oct Nov Dec
2008: Jan Feb Mar Apr May Jun Jul Aug Sep Oct Nov Dec
2007: Jan Feb Mar Apr May Jun Jul Aug Sep Oct Nov Dec
2006: Jan Feb Mar Apr May Jun Jul Aug Sep Oct Nov Dec
2005: Jan Feb Mar Apr May Jun Jul Aug Sep Oct Nov Dec
2024: Jan Feb Mar Apr May Jun Jul Aug Sep Oct Nov Dec
2023: Jan Feb Mar Apr May Jun Jul Aug Sep Oct Nov Dec
2022: Jan Feb Mar Apr May Jun Jul Aug Sep Oct Nov Dec
2021: Jan Feb Mar Apr May Jun Jul Aug Sep Oct Nov Dec
2020: Jan Feb Mar Apr May Jun Jul Aug Sep Oct Nov Dec
2019: Jan Feb Mar Apr May Jun Jul Aug Sep Oct Nov Dec
2018: Jan Feb Mar Apr May Jun Jul Aug Sep Oct Nov Dec
2017: Jan Feb Mar Apr May Jun Jul Aug Sep Oct Nov Dec
2016: Jan Feb Mar Apr May Jun Jul Aug Sep Oct Nov Dec
2015: Jan Feb Mar Apr May Jun Jul Aug Sep Oct Nov Dec
2014: Jan Feb Mar Apr May Jun Jul Aug Sep Oct Nov Dec
2013: Jan Feb Mar Apr May Jun Jul Aug Sep Oct Nov Dec
2012: Jan Feb Mar Apr May Jun Jul Aug Sep Oct Nov Dec
2011: Jan Feb Mar Apr May Jun Jul Aug Sep Oct Nov Dec
2010: Jan Feb Mar Apr May Jun Jul Aug Sep Oct Nov Dec
2009: Jan Feb Mar Apr May Jun Jul Aug Sep Oct Nov Dec
2008: Jan Feb Mar Apr May Jun Jul Aug Sep Oct Nov Dec
2007: Jan Feb Mar Apr May Jun Jul Aug Sep Oct Nov Dec
2006: Jan Feb Mar Apr May Jun Jul Aug Sep Oct Nov Dec
2005: Jan Feb Mar Apr May Jun Jul Aug Sep Oct Nov Dec
Report for 2018 May
Daily noaa report MONTHLY CLIMATOLOGICAL SUMMARY for MAY. 2018 NAME: CITY: STATE: ELEV: LAT: LONG: TEMPERATURE ( °F), RAIN (in.), WIND SPEED (mph) HEAT COOL AVG MEAN DEG DEG WIND DOM DAY TEMP HIGH TIME LOW TIME DAYS DAYS RAIN SPEED HIGH TIME DIR -------------------------------------------------------------------------------------------------------- 01 73.2 081.3 14:43 67.7 05:32 00.0 08.3 00.00 05.1 21.9 20:49 S 02 76.6 085.0 17:03 71.6 07:00 00.0 11.6 00.00 05.2 26.4 15:13 S 03 72.7 077.8 00:01 66.8 13:52 00.0 07.7 00.59 04.1 34.5 11:12 S 04 68.2 072.2 01:53 63.3 00:00 00.0 03.3 00.81 02.3 24.1 08:55 W 05 71.0 085.0 16:47 59.8 07:20 00.0 06.0 00.00 02.7 18.4 13:49 N 06 72.6 090.7 15:35 55.9 07:22 00.0 07.6 00.00 01.2 11.5 16:38 SSW 07 76.6 094.6 14:40 59.9 07:23 00.0 11.6 00.00 02.0 12.7 14:59 SSW 08 77.1 089.8 13:31 65.4 07:15 00.0 12.1 00.00 04.0 21.9 16:52 SSW 09 77.4 088.9 17:08 66.1 07:42 00.0 12.5 00.00 05.1 23.0 17:58 SSW 10 76.1 087.7 16:17 66.1 07:13 00.0 11.2 00.00 04.9 20.7 13:16 SSW 11 77.8 088.7 16:32 69.4 07:24 00.0 12.9 00.00 06.8 26.4 12:59 SSW 12 80.1 089.6 16:07 72.9 07:38 00.0 15.1 00.00 05.0 26.4 02:22 S 13 80.5 090.4 16:18 71.6 07:04 00.0 15.5 00.00 03.5 18.4 15:03 S 14 80.3 090.5 15:57 72.4 06:27 00.0 15.3 00.00 03.7 19.6 11:43 SSW 15 77.9 090.4 16:52 71.0 00:00 00.0 12.9 00.18 02.8 16.1 19:12 SSE 16 78.8 093.6 17:03 67.2 05:44 00.0 13.8 00.00 01.8 12.7 19:01 NE 17 80.1 095.1 16:40 66.7 06:43 00.0 15.1 00.00 01.7 11.5 16:08 ESE 18 82.2 096.3 15:28 69.9 07:27 00.0 17.3 00.06 03.0 27.6 02:12 SSE 19 81.6 092.1 15:37 72.1 07:36 00.0 16.6 00.00 04.4 24.1 14:09 S 20 75.0 082.1 18:25 69.2 12:30 00.0 10.1 00.19 02.4 19.6 08:49 SSW 21 74.8 089.4 15:23 65.2 07:22 00.0 09.8 00.00 00.6 08.1 17:47 S 22 85.6 092.5 16:12 75.7 00:00 00.0 20.7 00.00 02.3 13.8 18:50 S 23 81.5 094.5 16:39 70.1 07:16 00.0 16.5 00.00 01.7 11.5 17:26 S 24 81.7 094.2 16:13 70.6 07:09 00.0 16.7 00.00 01.5 11.5 15:05 S 25 79.4 092.2 12:53 70.3 14:48 00.0 14.4 00.10 02.5 24.1 13:28 S 26 82.8 097.5 15:57 70.5 07:03 00.0 17.9 00.01 01.5 13.8 02:30 SSE 27 85.1 099.5 15:49 74.8 07:20 00.0 20.2 00.00 02.3 13.8 18:30 ESE 28 83.8 095.6 16:48 73.3 06:37 00.0 18.9 00.00 01.7 13.8 15:47 ESE 29 86.3 098.2 14:41 74.8 07:37 00.0 21.4 00.00 01.5 11.5 19:13 SSE 30 86.8 097.5 16:14 76.6 07:10 00.0 21.9 00.00 04.4 24.1 16:19 S 31 85.8 096.7 16:28 76.3 06:36 00.0 20.8 00.00 06.6 25.3 16:41 SSW -------------------------------------------------------------------------------------------------------- 79.0 (79.9) 99.5 day 27 55.9 day 06 000.0 436.2 00.00 03.2 34.5 day 03 S Max > 86: 25 Min < 86: 31 Max Rain: 0.81 ON 4-05-21 Days of Rain: 7 (> .008in) 5 (> .08in) 1 (> 0.8in)