NOAA-Style Climate Reports
Select a Year or Month report
2024: Jan Feb Mar Apr May Jun Jul Aug Sep Oct Nov Dec
2023: Jan Feb Mar Apr May Jun Jul Aug Sep Oct Nov Dec
2022: Jan Feb Mar Apr May Jun Jul Aug Sep Oct Nov Dec
2021: Jan Feb Mar Apr May Jun Jul Aug Sep Oct Nov Dec
2020: Jan Feb Mar Apr May Jun Jul Aug Sep Oct Nov Dec
2019: Jan Feb Mar Apr May Jun Jul Aug Sep Oct Nov Dec
2018: Jan Feb Mar Apr May Jun Jul Aug Sep Oct Nov Dec
2017: Jan Feb Mar Apr May Jun Jul Aug Sep Oct Nov Dec
2016: Jan Feb Mar Apr May Jun Jul Aug Sep Oct Nov Dec
2015: Jan Feb Mar Apr May Jun Jul Aug Sep Oct Nov Dec
2014: Jan Feb Mar Apr May Jun Jul Aug Sep Oct Nov Dec
2013: Jan Feb Mar Apr May Jun Jul Aug Sep Oct Nov Dec
2012: Jan Feb Mar Apr May Jun Jul Aug Sep Oct Nov Dec
2011: Jan Feb Mar Apr May Jun Jul Aug Sep Oct Nov Dec
2010: Jan Feb Mar Apr May Jun Jul Aug Sep Oct Nov Dec
2009: Jan Feb Mar Apr May Jun Jul Aug Sep Oct Nov Dec
2008: Jan Feb Mar Apr May Jun Jul Aug Sep Oct Nov Dec
2007: Jan Feb Mar Apr May Jun Jul Aug Sep Oct Nov Dec
2006: Jan Feb Mar Apr May Jun Jul Aug Sep Oct Nov Dec
2005: Jan Feb Mar Apr May Jun Jul Aug Sep Oct Nov Dec
2024: Jan Feb Mar Apr May Jun Jul Aug Sep Oct Nov Dec
2023: Jan Feb Mar Apr May Jun Jul Aug Sep Oct Nov Dec
2022: Jan Feb Mar Apr May Jun Jul Aug Sep Oct Nov Dec
2021: Jan Feb Mar Apr May Jun Jul Aug Sep Oct Nov Dec
2020: Jan Feb Mar Apr May Jun Jul Aug Sep Oct Nov Dec
2019: Jan Feb Mar Apr May Jun Jul Aug Sep Oct Nov Dec
2018: Jan Feb Mar Apr May Jun Jul Aug Sep Oct Nov Dec
2017: Jan Feb Mar Apr May Jun Jul Aug Sep Oct Nov Dec
2016: Jan Feb Mar Apr May Jun Jul Aug Sep Oct Nov Dec
2015: Jan Feb Mar Apr May Jun Jul Aug Sep Oct Nov Dec
2014: Jan Feb Mar Apr May Jun Jul Aug Sep Oct Nov Dec
2013: Jan Feb Mar Apr May Jun Jul Aug Sep Oct Nov Dec
2012: Jan Feb Mar Apr May Jun Jul Aug Sep Oct Nov Dec
2011: Jan Feb Mar Apr May Jun Jul Aug Sep Oct Nov Dec
2010: Jan Feb Mar Apr May Jun Jul Aug Sep Oct Nov Dec
2009: Jan Feb Mar Apr May Jun Jul Aug Sep Oct Nov Dec
2008: Jan Feb Mar Apr May Jun Jul Aug Sep Oct Nov Dec
2007: Jan Feb Mar Apr May Jun Jul Aug Sep Oct Nov Dec
2006: Jan Feb Mar Apr May Jun Jul Aug Sep Oct Nov Dec
2005: Jan Feb Mar Apr May Jun Jul Aug Sep Oct Nov Dec
Report for 2018 June
Daily noaa report MONTHLY CLIMATOLOGICAL SUMMARY for JUN. 2018 NAME: Woodbridge CITY: Sachse STATE: Texas ELEV: 502 LAT: 032:60:00 LONG: 0096:57:00 TEMPERATURE ( °F), RAIN (in.), WIND SPEED (mph) HEAT COOL AVG MEAN DEG DEG WIND DOM DAY TEMP HIGH TIME LOW TIME DAYS DAYS RAIN SPEED HIGH TIME DIR -------------------------------------------------------------------------------------------------------- 01 86.3 098.2 16:39 76.7 07:26 00.0 21.4 00.00 04.7 19.6 08:35 S 02 88.4 101.0 16:35 78.0 07:30 00.0 23.5 00.00 04.5 19.6 01:53 SSW 03 84.0 094.4 16:15 71.0 23:38 00.0 19.1 00.00 04.3 18.4 03:49 NE 04 75.9 084.0 19:08 69.3 10:07 00.0 10.9 01.64 02.2 17.3 08:44 ESE 05 80.8 094.0 17:04 70.4 09:25 00.0 15.8 00.96 03.6 31.1 08:44 ESE 06 85.7 096.9 15:31 76.6 07:03 00.0 20.7 00.01 02.8 18.4 15:48 SSE 07 81.8 093.2 14:46 73.5 20:14 00.0 16.8 00.02 03.9 31.1 20:26 SSE 08 83.0 095.5 16:11 73.3 05:38 00.0 18.1 00.00 02.6 17.3 11:47 S 09 84.6 095.8 16:20 74.5 07:06 00.0 19.7 00.00 02.8 16.1 13:39 S 10 84.6 097.2 16:34 74.2 06:38 00.0 19.7 00.00 04.1 18.4 04:17 SSW 11 85.2 095.2 16:38 77.9 08:17 00.0 20.3 00.00 05.8 26.4 16:11 S 12 86.7 096.4 16:21 77.7 06:31 00.0 21.8 00.00 03.2 19.6 13:22 SSW 13 87.6 098.9 16:30 77.8 07:31 00.0 22.6 00.00 03.7 18.4 10:23 SSW 14 86.2 097.8 16:11 75.9 07:11 00.0 21.3 00.00 02.8 14.9 16:30 S 15 85.5 095.7 17:20 75.2 07:08 00.0 20.6 00.00 03.8 19.6 12:21 S 16 86.6 096.9 16:33 77.1 07:11 00.0 21.7 00.00 04.6 18.4 23:28 S 17 85.5 096.5 17:10 76.5 06:27 00.0 20.5 00.00 03.8 19.6 18:09 SSE 18 82.7 092.6 15:21 76.9 07:10 00.0 17.8 00.01 03.5 21.9 19:00 SE 19 80.6 087.1 14:43 74.2 07:12 00.0 15.7 00.01 03.4 21.9 11:44 SE 20 82.7 089.7 15:53 76.3 06:00 00.0 17.8 00.15 02.1 17.3 17:07 S 21 86.1 099.3 14:18 74.9 07:13 00.0 21.2 00.00 01.8 12.7 09:22 SSW 22 88.1 102.2 16:14 78.2 07:09 00.0 23.2 00.00 04.6 19.6 14:23 SW 23 85.3 095.2 16:24 76.1 08:43 00.0 20.4 00.00 04.4 19.6 16:48 SE 24 87.2 096.9 17:35 80.2 06:24 00.0 22.3 00.00 06.7 28.8 03:13 S 25 85.2 093.6 16:09 75.1 08:46 00.0 20.3 00.00 08.3 26.4 02:45 S 26 87.3 097.1 17:27 78.2 06:15 00.0 22.4 00.00 05.5 20.7 13:11 SSW 27 88.4 099.4 16:44 78.3 07:23 00.0 23.5 00.00 04.6 19.6 09:11 SSW 28 87.7 099.3 17:20 77.1 07:21 00.0 22.8 00.00 04.3 17.3 14:27 SSW 29 87.9 098.0 16:31 78.3 07:36 00.0 23.0 00.00 05.8 25.3 09:48 SSW 30 87.7 097.9 16:03 78.1 06:46 00.0 22.8 00.00 06.2 25.3 12:22 SSW -------------------------------------------------------------------------------------------------------- 85.2 (85.9) 102.2 day 22 69.3 day 04 000.0 607.4 00.00 04.1 31.1 day 07 S Max > 86: 29 Min < 86: 30 Max Rain: 1.64 ON 4-06-21 Days of Rain: 7 (> .008in) 3 (> .08in) 2 (> 0.8in)