NOAA-Style Climate Reports
Select a Year or Month report
2024: Jan Feb Mar Apr May Jun Jul Aug Sep Oct Nov Dec
2023: Jan Feb Mar Apr May Jun Jul Aug Sep Oct Nov Dec
2022: Jan Feb Mar Apr May Jun Jul Aug Sep Oct Nov Dec
2021: Jan Feb Mar Apr May Jun Jul Aug Sep Oct Nov Dec
2020: Jan Feb Mar Apr May Jun Jul Aug Sep Oct Nov Dec
2019: Jan Feb Mar Apr May Jun Jul Aug Sep Oct Nov Dec
2018: Jan Feb Mar Apr May Jun Jul Aug Sep Oct Nov Dec
2017: Jan Feb Mar Apr May Jun Jul Aug Sep Oct Nov Dec
2016: Jan Feb Mar Apr May Jun Jul Aug Sep Oct Nov Dec
2015: Jan Feb Mar Apr May Jun Jul Aug Sep Oct Nov Dec
2014: Jan Feb Mar Apr May Jun Jul Aug Sep Oct Nov Dec
2013: Jan Feb Mar Apr May Jun Jul Aug Sep Oct Nov Dec
2012: Jan Feb Mar Apr May Jun Jul Aug Sep Oct Nov Dec
2011: Jan Feb Mar Apr May Jun Jul Aug Sep Oct Nov Dec
2010: Jan Feb Mar Apr May Jun Jul Aug Sep Oct Nov Dec
2009: Jan Feb Mar Apr May Jun Jul Aug Sep Oct Nov Dec
2008: Jan Feb Mar Apr May Jun Jul Aug Sep Oct Nov Dec
2007: Jan Feb Mar Apr May Jun Jul Aug Sep Oct Nov Dec
2006: Jan Feb Mar Apr May Jun Jul Aug Sep Oct Nov Dec
2005: Jan Feb Mar Apr May Jun Jul Aug Sep Oct Nov Dec
2024: Jan Feb Mar Apr May Jun Jul Aug Sep Oct Nov Dec
2023: Jan Feb Mar Apr May Jun Jul Aug Sep Oct Nov Dec
2022: Jan Feb Mar Apr May Jun Jul Aug Sep Oct Nov Dec
2021: Jan Feb Mar Apr May Jun Jul Aug Sep Oct Nov Dec
2020: Jan Feb Mar Apr May Jun Jul Aug Sep Oct Nov Dec
2019: Jan Feb Mar Apr May Jun Jul Aug Sep Oct Nov Dec
2018: Jan Feb Mar Apr May Jun Jul Aug Sep Oct Nov Dec
2017: Jan Feb Mar Apr May Jun Jul Aug Sep Oct Nov Dec
2016: Jan Feb Mar Apr May Jun Jul Aug Sep Oct Nov Dec
2015: Jan Feb Mar Apr May Jun Jul Aug Sep Oct Nov Dec
2014: Jan Feb Mar Apr May Jun Jul Aug Sep Oct Nov Dec
2013: Jan Feb Mar Apr May Jun Jul Aug Sep Oct Nov Dec
2012: Jan Feb Mar Apr May Jun Jul Aug Sep Oct Nov Dec
2011: Jan Feb Mar Apr May Jun Jul Aug Sep Oct Nov Dec
2010: Jan Feb Mar Apr May Jun Jul Aug Sep Oct Nov Dec
2009: Jan Feb Mar Apr May Jun Jul Aug Sep Oct Nov Dec
2008: Jan Feb Mar Apr May Jun Jul Aug Sep Oct Nov Dec
2007: Jan Feb Mar Apr May Jun Jul Aug Sep Oct Nov Dec
2006: Jan Feb Mar Apr May Jun Jul Aug Sep Oct Nov Dec
2005: Jan Feb Mar Apr May Jun Jul Aug Sep Oct Nov Dec
Report for 2018 August
Daily noaa report MONTHLY CLIMATOLOGICAL SUMMARY for AUG. 2018 NAME: CITY: STATE: ELEV: LAT: LONG: TEMPERATURE ( °F), RAIN (in.), WIND SPEED (mph) HEAT COOL AVG MEAN DEG DEG WIND DOM DAY TEMP HIGH TIME LOW TIME DAYS DAYS RAIN SPEED HIGH TIME DIR -------------------------------------------------------------------------------------------------------- 01 81.6 094.1 16:19 68.6 07:11 00.0 16.7 00.00 02.0 16.1 19:07 ENE 02 83.2 096.6 16:22 70.1 07:17 00.0 18.2 00.00 01.9 12.7 23:27 SE 03 83.6 097.1 16:27 70.1 07:26 00.0 18.6 00.00 02.1 14.9 17:28 SE 04 86.2 097.8 15:28 72.8 07:37 00.0 21.2 00.00 02.7 16.1 13:20 S 05 86.6 098.1 16:41 75.6 07:24 00.0 21.7 00.00 04.0 19.6 10:13 SSW 06 87.3 098.1 16:48 76.9 07:34 00.0 22.3 00.00 03.1 16.1 23:02 SSW 07 88.2 099.8 16:57 77.4 07:19 00.0 23.3 00.00 03.6 17.3 15:55 SSW 08 84.5 090.4 11:44 78.7 07:18 00.0 19.6 00.00 04.2 18.4 22:46 S 09 81.8 096.4 16:14 73.7 23:47 00.0 16.9 00.18 02.5 21.9 22:14 SSE 10 77.5 086.5 17:17 73.7 00:22 00.0 12.6 00.14 02.4 21.9 10:46 SSW 11 75.7 081.7 17:52 71.6 10:42 00.0 10.8 00.64 01.5 14.9 05:24 SSE 12 76.8 086.3 18:12 72.4 01:03 00.0 11.9 00.26 01.8 17.3 18:23 S 13 78.1 087.5 13:03 73.8 05:42 00.0 13.1 00.10 02.5 21.9 17:33 SSW 14 80.8 089.8 16:04 73.3 06:39 00.0 15.9 00.19 02.7 18.4 08:58 SSW 15 85.9 095.9 15:18 78.3 07:52 00.0 20.9 00.00 04.5 19.6 11:22 SSW 16 86.3 097.0 15:36 77.3 07:32 00.0 21.4 00.00 03.0 16.1 14:32 SSW 17 87.7 098.7 16:04 79.1 07:54 00.0 22.7 00.00 03.2 16.1 10:28 SSW 18 86.4 101.4 15:31 75.1 23:32 00.0 21.5 00.13 04.1 31.1 20:05 WSW 19 83.8 096.8 14:27 75.3 00:02 00.0 18.9 00.00 02.5 19.6 16:30 SW 20 83.6 093.8 16:45 76.2 02:25 00.0 18.7 00.00 03.9 21.9 09:32 NW 21 81.8 093.4 16:14 70.8 07:34 00.0 16.8 00.00 01.7 13.8 17:01 NNE 22 83.2 095.2 16:02 71.4 07:21 00.0 18.3 00.00 02.1 11.5 19:18 E 23 85.9 098.2 16:34 73.9 07:35 00.0 20.9 00.00 02.1 12.7 17:22 SSE 24 87.6 098.5 15:28 78.0 07:37 00.0 22.6 00.00 04.0 19.6 14:25 SSW 25 87.0 097.7 15:42 77.6 07:42 00.0 22.0 00.00 03.4 18.4 11:37 SSW 26 86.5 096.1 15:50 77.3 07:32 00.0 21.6 00.00 03.1 17.3 15:30 S 27 86.6 096.2 16:35 77.9 07:45 00.0 21.6 00.00 04.4 18.4 16:39 S 28 86.6 098.2 16:10 78.3 07:25 00.0 21.7 00.00 05.0 25.3 23:05 SSW 29 86.5 098.0 16:11 77.6 07:29 00.0 21.6 00.00 03.2 18.4 05:39 SSW 30 86.8 096.1 16:10 74.9 07:27 00.0 21.8 00.00 02.5 14.9 02:21 S 31 86.8 097.8 15:57 75.3 07:47 00.0 21.8 00.00 02.4 14.9 14:37 S -------------------------------------------------------------------------------------------------------- 84.2 (85.0) 101.4 day 18 68.6 day 01 000.0 597.6 00.00 03.0 31.1 day 18 SSW Max > 86: 30 Min < 86: 31 Max Rain: 0.64 ON 11-08-21 Days of Rain: 7 (> .008in) 7 (> .08in) 0 (> 0.8in)